{"id":1583,"date":"2023-04-25T16:43:52","date_gmt":"2023-04-25T14:43:52","guid":{"rendered":"https:\/\/agora.xtec.cat\/cfa-elstarongers\/?page_id=1583"},"modified":"2023-04-25T16:43:53","modified_gmt":"2023-04-25T14:43:53","slug":"llengua-catalana","status":"publish","type":"page","link":"https:\/\/agora.xtec.cat\/cfa-elstarongers\/ensenyaments\/llengua-catalana\/","title":{"rendered":"Llengua Catalana"},"content":{"rendered":"\n<p><span style=\"font-weight: 400;\">Els cursos de catal\u00e0 s\u2019adrecen a persones que no coneixen la llengua catalana, o que l\u2019entenen per\u00f2 no la parlen.<\/span><\/p>\n<p><span style=\"font-weight: 400;\">L\u2019objectiu d\u2019aquests cursos \u00e9s l\u2019adquisici\u00f3 de les compet\u00e8ncies comunicatives b\u00e0siques per desenvolupar-se en la nostra societat.<\/span><\/p>\n<p><span style=\"font-weight: 400;\">Els cursos de catal\u00e0 s\u2019organitzen actualment en tres nivells: <\/span><b>Catal\u00e0 1<\/b><span style=\"font-weight: 400;\">, <\/span><b>Catal\u00e0 2<\/b><span style=\"font-weight: 400;\"> i <\/span><b>Catal\u00e0 3<\/b><span style=\"font-weight: 400;\">, i s\u2019ofereixen en horaris de mat\u00ed, tarda o vespre.<\/span><\/p>\n<p><span style=\"font-weight: 400;\">El nivell de Catal\u00e0 1 es correspon amb el nivell A1, del MECR-Marc Europeu Com\u00fa de Refer\u00e8ncia per a les Lleng\u00fces.<\/span><\/p>\n<p><span style=\"font-weight: 400;\">El nivell de Catal\u00e0 2 es correspon amb el nivell A2, del MECR-Marc Europeu Com\u00fa de Refer\u00e8ncia per a les Lleng\u00fces.<\/span><\/p>\n<p><span style=\"font-weight: 400;\">El nivell de Catal\u00e0 3 es correspon amb el nivell B1, del MECR-Marc Europeu Com\u00fa de Refer\u00e8ncia per a les Lleng\u00fces.<\/span><\/p>\n","protected":false},"excerpt":{"rendered":"<p>Els cursos de catal\u00e0 s\u2019adrecen a persones que no coneixen la llengua catalana, o que l\u2019entenen per\u00f2 no la parlen.<br \/>\nL\u2019objectiu d\u2019aquests cursos \u00e9s l\u2019adquisici\u00f3 de les compet\u00e8ncies comunicatives b\u00e0siques per desenvolupar-se en la nostra societat.<br \/>\nEls cursos de catal\u00e0 s\u2019organitzen actualment en tres nivells: Catal\u00e0 1,&hellip;  <a href=\"https:\/\/agora.xtec.cat\/cfa-elstarongers\/ensenyaments\/llengua-catalana\/\" title=\"Read Llengua Catalana\">Llegeix m\u00e9s\u00bb<\/a><\/p>\n","protected":false},"author":1,"featured_media":0,"parent":274,"menu_order":10,"comment_status":"closed","ping_status":"close","template":"page-templates\/side-menu.php","meta":{"_bbp_topic_count":0,"_bbp_reply_count":0,"_bbp_total_topic_count":0,"_bbp_total_reply_count":0,"_bbp_voice_count":0,"_bbp_anonymous_reply_count":0,"_bbp_topic_count_hidden":0,"_bbp_reply_count_hidden":0,"_bbp_forum_subforum_count":0,"footnotes":""},"class_list":["post-1583","page","type-page","status-publish","hentry"],"post_mailing_queue_ids":[],"_links":{"self":[{"href":"https:\/\/agora.xtec.cat\/cfa-elstarongers\/wp-json\/wp\/v2\/pages\/1583","targetHints":{"allow":["GET"]}}],"collection":[{"href":"https:\/\/agora.xtec.cat\/cfa-elstarongers\/wp-json\/wp\/v2\/pages"}],"about":[{"href":"https:\/\/agora.xtec.cat\/cfa-elstarongers\/wp-json\/wp\/v2\/types\/page"}],"author":[{"embeddable":true,"href":"https:\/\/agora.xtec.cat\/cfa-elstarongers\/wp-json\/wp\/v2\/users\/1"}],"replies":[{"embeddable":true,"href":"https:\/\/agora.xtec.cat\/cfa-elstarongers\/wp-json\/wp\/v2\/comments?post=1583"}],"version-history":[{"count":1,"href":"https:\/\/agora.xtec.cat\/cfa-elstarongers\/wp-json\/wp\/v2\/pages\/1583\/revisions"}],"predecessor-version":[{"id":1585,"href":"https:\/\/agora.xtec.cat\/cfa-elstarongers\/wp-json\/wp\/v2\/pages\/1583\/revisions\/1585"}],"up":[{"embeddable":true,"href":"https:\/\/agora.xtec.cat\/cfa-elstarongers\/wp-json\/wp\/v2\/pages\/274"}],"wp:attachment":[{"href":"https:\/\/agora.xtec.cat\/cfa-elstarongers\/wp-json\/wp\/v2\/media?parent=1583"}],"curies":[{"name":"wp","href":"https:\/\/api.w.org\/{rel}","templated":true}]}}