{"id":1282,"date":"2023-04-18T18:06:17","date_gmt":"2023-04-18T16:06:17","guid":{"rendered":"https:\/\/agora.xtec.cat\/cfa-elstarongers\/?page_id=1282"},"modified":"2026-05-06T18:27:19","modified_gmt":"2026-05-06T16:27:19","slug":"activitats-clic-i-jclic","status":"publish","type":"page","link":"https:\/\/agora.xtec.cat\/cfa-elstarongers\/eines-i-recursos\/activitats-clic-i-jclic\/","title":{"rendered":"Activitats Clic i JClic"},"content":{"rendered":"\n\n\n<figure class=\"wp-block-image size-large is-resized\"><a href=\"https:\/\/agora.xtec.cat\/cfa-elstarongers\/wp-content\/uploads\/usu2184\/2023\/02\/JclicClic.jpg\"><img loading=\"lazy\" decoding=\"async\" width=\"317\" height=\"379\" src=\"https:\/\/agora.xtec.cat\/cfa-elstarongers\/wp-content\/uploads\/usu2184\/2023\/02\/JclicClic.jpg\" alt=\"\" class=\"wp-image-1283\" style=\"width:129px;height:154px\" srcset=\"https:\/\/agora.xtec.cat\/cfa-elstarongers\/wp-content\/uploads\/usu2184\/2023\/02\/JclicClic.jpg 317w, https:\/\/agora.xtec.cat\/cfa-elstarongers\/wp-content\/uploads\/usu2184\/2023\/02\/JclicClic-251x300.jpg 251w\" sizes=\"auto, (max-width: 317px) 100vw, 317px\" \/><\/a><\/figure>\n\n\n\n<p>Totes aquestes&nbsp;<strong>aplicacions del Clic o del JClic<\/strong>&nbsp;les utilitzem -o hem utilitzat- a les nostres classes, i han estat dissenyades i preparades per alguns\/nes mestres de l&#8217;escola.<\/p>\n\n\n\n<p>Els paquets d&#8217;activitats&nbsp;<a href=\"http:\/\/clic.xtec.cat\/ca\/jclic\/howto.htm\" target=\"_blank\" rel=\"noreferrer noopener\"><strong>JClic&nbsp;<\/strong><\/a>poden ser consultats i treballats en l\u00ednia.<br>Per a poder utilitzar els paquets&nbsp;<a href=\"http:\/\/clic.xtec.cat\/ca\/clic3\/index.htm\" target=\"_blank\" rel=\"noreferrer noopener\"><strong>Clic<\/strong><\/a>, cal que tingueu instal\u00b7lat el programa&nbsp;<em>Clic 3.0<\/em>&nbsp;de Francesc Busquets. Si no el teniu podeu accedir a descarregar-vos-el des d&#8217;aquest&nbsp;<a href=\"http:\/\/clic.xtec.cat\/ca\/clic3\/download.htm\" target=\"_blank\" rel=\"noreferrer noopener\">enlla\u00e7<\/a>,&nbsp;i funciona en l&#8217;entorn Windows 3.1, 95, 98, Me, 2000 i XP.&nbsp;<em>Clic 3.0<\/em>&nbsp;no funciona ni amb Windows Vista ni amb Windows 7<\/p>\n\n\n\n<p>Per a m\u00e9s informaci\u00f3 podeu accedir a la&nbsp;<a rel=\"noreferrer noopener\" href=\"http:\/\/clic.xtec.cat\/ca\/index.htm\" target=\"_blank\"><strong>zonaClic<\/strong><\/a>, un servei del Departament d&#8217;Educaci\u00f3 de la Generalitat de Catalunya creat amb l&#8217;objectiu de donar difusi\u00f3 i suport a l&#8217;\u00fas d&#8217;aquests recursos.&nbsp;<\/p>\n\n\n\n<p><strong>ACTIVITATS JCLIC<\/strong><\/p>\n\n\n\n<ul class=\"wp-block-list\">\n<li><a href=\"http:\/\/clic.xtec.net\/db\/act_ca.jsp?id=3123\" target=\"_blank\" rel=\"noreferrer noopener\"><strong>OBSERVA<\/strong><\/a><\/li>\n<\/ul>\n\n\n\n<p><em>Paquet d&#8217;activitats d&#8217;observaci\u00f3, l\u00f2gica i raonament: associacions, puzles, aparellar, buscar difer\u00e8ncies, relacionar,&#8230;<\/em><\/p>\n\n\n\n<p><em><strong>Nivell<\/strong>: Etapa Instrumental &#8211; 1r. i 2n. nivell |&nbsp;<strong>Idioma<\/strong>: catal\u00e0 (contingut textual m\u00ednim)<br><strong>Autoria<\/strong>: Francesc Iglesias&nbsp;<\/em><\/p>\n\n\n\n<ul class=\"wp-block-list\">\n<li><a href=\"https:\/\/clic.xtec.cat\/repo\/index.html?lang=ca\"><strong>26 COSES DE LA CLASSE<\/strong><\/a><\/li>\n<\/ul>\n\n\n\n<p><em>Paquet d&#8217;activitats per a treballar el l\u00e8xic de 26 paraules d&#8217;\u00fas habitual a la classe.<\/em><\/p>\n\n\n\n<p><em><strong>Nivell<\/strong>: catal\u00e0 i ensenyaments inicials |&nbsp;<strong>Idioma<\/strong>: catal\u00e0<br><strong>Autoria<\/strong>: Immaculada Vilatersana |&nbsp;<strong>Configuraci\u00f3<\/strong>: necessita so<\/em><\/p>\n\n\n\n<ul>\n<li><strong><a href=\"https:\/\/clic.xtec.cat\/repo\/index.html?lang=ca\">LA PALABRA<\/a><\/strong><\/li>\n<\/ul>\n<p><em style=\"font-size: inherit;\">S\u00f3n propostes de treball basades en els llibres La Palabra (1, 2) editats per El Roure (Barcelona).<\/em><\/p>\n<p><em>S&#8217;utilitza la lletra mecanoscrita, en maj\u00fascula i en min\u00fascula.<\/em><\/p>\n<p><em><strong>Nivell<\/strong>: Etapa Instrumental &#8211; 1r nivell |\u00a0<strong>Idioma<\/strong>: castell\u00e0<br \/><strong>Autoria<\/strong>: Immaculada Vilatersana<\/em><\/p>\n<ul>\n<li><strong><a href=\"https:\/\/clic.xtec.cat\/repo\/index.html?lang=ca\">HABILIDADES DE LECTURA Y ESCRITURA<\/a><\/strong><\/li>\n<\/ul>\n<p><em>\u00a0 \u00a0 \u00a0Aquesta proposta integra 3 aplicacions:<\/em><\/p>\n<ul>\n<li><strong>HABLE<\/strong><\/li>\n<\/ul>\n<p><em style=\"font-size: inherit;\">Est\u00e0 constituit per a 3 paquets que de forma progressiva introdueixen els diferents grups sil\u00b7l\u00e0bics: CV, CVC i CCV.<\/em><\/p>\n<p><em>S&#8217;utilitza la lletra mecanoscrita, tant maj\u00fascules com min\u00fascules.\u00a0<\/em><\/p>\n<ul>\n<li><strong>FRASES<\/strong><\/li>\n<\/ul>\n<p><em style=\"font-size: inherit;\">Totes les activitats de l&#8217;aplicaci\u00f3 es fonamenten en la lectura i memoritzaci\u00f3 d\u2019una frase de 2, 3, 4, 5 o 6 paraules \u2013 segons dificultat i progressi\u00f3 de les activitats- i la seva posterior escriptura.<\/em><\/p>\n<ul>\n<li><strong>MISCEL\u00c1NEA<\/strong><\/li>\n<\/ul>\n<p><em>Aplicaci\u00f3 que cont\u00e9 diverses activitats com: endevinalles, ordenacions, classificacions, relacions&#8230;<\/em><\/p>\n<p><em><strong>Nivell<\/strong>: Etapa Instrumental &#8211; 1r. i 2n. nivell |\u00a0<strong>Idioma<\/strong>: castell\u00e0<br \/><strong>Autoria<\/strong>: Immaculada Vilatersana<\/em><\/p>\n<ul>\n<li><a href=\"http:\/\/clic.xtec.cat\/db\/act_ca.jsp?id=1020\"><strong>OBSERVACI\u00d3N, L\u00d3GICA Y RAZONAMIENTO<\/strong><\/a><\/li>\n<\/ul>\n<p><em>\u00a0 \u00a0Paquet d&#8217;activitats on s&#8217;exercita l&#8217;observaci\u00f3, la l\u00f2gica i el raonament amb exercicis de comparaci\u00f3, deducci\u00f3, associaci\u00f3,\u00a0 \u00a0trencaclosques, seq\u00fc\u00e8ncies l\u00f2giques, etc.<\/em><\/p>\n<p><em><strong>Nivell<\/strong>: Etapa Instrumental &#8211; 2n i 3r nivell |\u00a0<strong>Idioma<\/strong>: castell\u00e0<br \/><strong>Autoria<\/strong>: Immaculada Vilatersana<\/em><\/p>\n<h3>ACTIVITATS CLIC (per descarregar)<\/h3>\n<ul>\n<li><a href=\"http:\/\/www.xtec.es\/cfa-elstarongers\/fitxers\/lector1.exe\"><strong>LEO1<\/strong><\/a><\/li>\n<\/ul>\n<p><em>Aquest paquet aplega diverses activitats de lectura i l\u00e8xic (relacions, classificacions, endevinalles, activitats de text, trencaclosques,&#8230;).<br \/>S\u00f3n adaptacions dels vuit primers quaderns Lector, de l&#8217;editorial Nadal.<\/em><\/p>\n<p><em><strong>Nivell<\/strong>: Etapa Instrumental &#8211; 1r. i 2n. nivell |\u00a0<strong>Idioma<\/strong>: castell\u00e0<br \/><strong>Autoria<\/strong>: Immaculada Vilatersana\u00a0<\/em><\/p>\n<ul>\n<li><a href=\"http:\/\/www.xtec.es\/cfa-elstarongers\/fitxers\/relats1.exe\"><strong>RELATOS (1)<\/strong><\/a><\/li>\n<\/ul>\n<p><em>El paquet presenta tres f\u00e1bules de Le\u00f3n Tolstoi i es proposen activitats de comprensi\u00f3 lectora i l\u00e8xic fonamentalment. Cada lectura acaba amb un trencaclosques.<\/em><\/p>\n<ul>\n<li><a href=\"http:\/\/www.xtec.es\/cfa-elstarongers\/fitxers\/relats2.exe\"><strong>RELATOS (2)<\/strong><\/a><\/li>\n<\/ul>\n<p><em>El paquet presenta tres hist\u00f2ries curtes de Ursula W\u00f6lfel. Les activitats que es proposen s\u00f3n de comprensi\u00f3 lectora, l\u00e8xic, ortografia, de coneixement cultural,&#8230; i d&#8217;expressi\u00f3 escrita.<\/em><\/p>\n<ul>\n<li><a href=\"http:\/\/www.xtec.es\/cfa-elstarongers\/fitxers\/relats3.exe\"><strong>RELATOS (3)<\/strong><\/a><\/li>\n<\/ul>\n<p><em>El paquet presenta tres relats curts de J\u00falio Cortazar, del llibre de &#8216;Historias de cronopios y de famas&#8217;. Les activitats que es proposen s\u00f3n de comprensi\u00f3 lectora, l\u00e8xic, ortografia, &#8230; i expressi\u00f3 escrita.<\/em><\/p>\n<p><em><strong>Nivell<\/strong>: Etapa Instrumental &#8211; 2n nivell |\u00a0<strong>Idioma<\/strong>: castell\u00e0<br \/><strong>Autoria<\/strong>: Immaculada Vilatersana<\/em><\/p>\n<ul>\n<li><a href=\"http:\/\/www.xtec.es\/cfa-elstarongers\/fitxers\/esopo1.exe\"><strong>F\u00c1BULAS DE ESOPO<\/strong><\/a><\/li>\n<\/ul>\n<p><em>A partir de la lectura de diferents f\u00e1bules d&#8217;Esopo es proposen exercicis de comprensi\u00f3 lectora, d&#8217;ortografia, de l\u00e8xic, &#8230; i d&#8217;expressi\u00f3 escrita. Tamb\u00e9 hi ha trencaclosques i endevinalles.<\/em><\/p>\n<p><em><strong>Nivell<\/strong>: Etapa Instrumental &#8211; 2n nivell |\u00a0<strong>Idioma<\/strong>: castell\u00e0<br \/><strong>Autoria<\/strong>: Immaculada Vilatersana<\/em><\/p>\n<ul>\n<li><a href=\"http:\/\/www.xtec.es\/cfa-elstarongers\/fitxers\/calcul1.exe\"><strong>C\u00c1LCULO (1)<\/strong><\/a><\/li>\n<\/ul>\n<p><em>Consta d&#8217;un paquet d&#8217;activitats amb problemes i operacions num\u00e8riques (+, -) per resoldre mentalment. Tamb\u00e9 inclou uns encreuats num\u00e8rics i conceptes com: el doble, la meitad, el triple&#8230;<\/em><\/p>\n<p><em><strong>Nivell<\/strong>: Etapa Instrumental &#8211; 2n nivell |\u00a0<strong>Idioma<\/strong>: castell\u00e0<br \/><strong>Autoria<\/strong>: Immaculada Vilatersana<\/em><\/p>\n<ul>\n<li><a href=\"http:\/\/www.xtec.es\/cfa-elstarongers\/fitxers\/lectcalc.exe\"><strong>LECTURA, RAZONAMIENTO Y C\u00c1LCULO<\/strong><\/a><\/li>\n<\/ul>\n<p><em style=\"font-size: inherit;\">Aquest paquet cont\u00e9 dos grups d&#8217;activitats amb problemes de l\u00f2gica i de raonament on \u00e9s fonamental la lectura atenta i comprensiva dels enunciats. Tamb\u00e9 hi ha algunes s\u00e8ries l\u00f2giques, en les que cal identificar l&#8217;element que falta.<\/em><\/p>\n<p><em><strong>Nivell<\/strong>: Etapa Instrumental &#8211; 2n. i 3r. nivell |\u00a0<strong>Idioma<\/strong>: castell\u00e0<br \/><strong>Autoria<\/strong>: Immaculada Vilatersana<\/em><\/p>\n<ul>\n<li><a href=\"http:\/\/www.xtec.es\/cfa-elstarongers\/fitxers\/puzle1.exe\"><strong>PUZZLE (1)<\/strong><\/a><\/li>\n<\/ul>\n<p><em>Consta d&#8217;una s\u00e8rie de trencaclosques &#8211; de 4 x 3 peces- de fotografies o dibuixos, del tipus d&#8217;intercanvi o de mem\u00f2ria.<\/em><\/p>\n<ul>\n<li><a href=\"http:\/\/www.xtec.es\/cfa-elstarongers\/fitxers\/puzle2.exe\"><strong>PUZZLE (2)<\/strong><\/a><\/li>\n<\/ul>\n<p><em>Aquesta aplicaci\u00f3 cont\u00e9 un conjunt de trencaclosques, del tipus d&#8217;intercanvi o de mem\u00f2ria, de quadres de pintors de finals del s.XIX i inicis del XX: Picasso, Cezanne, Gauguin, Matisse, Renoir,&#8230;<\/em><\/p>\n<ul>\n<li><a href=\"http:\/\/www.xtec.es\/cfa-elstarongers\/fitxers\/puzle3.exe\"><strong>PUZZLE (3)<\/strong><\/a><\/li>\n<\/ul>\n<p><em>Les activitats del paquet PUZLE3 s\u00f3n fotografies que, per la seva composici\u00f3, configuren trencaclosques for\u00e7a m\u00e9s complexos que els anteriors.<\/em><\/p>\n<p><em><strong>Nivell<\/strong>: Etapa Instrumental |\u00a0<strong>Idioma<\/strong>: castell\u00e0<br \/><strong>Autoria<\/strong>:<\/em> Immaculada<em> Vilatersana<\/em><\/p>\n<ul>\n<li><strong>EL EURO<\/strong><\/li>\n<\/ul>\n<p><em>Paquet d&#8217;activitats on es treballen els conceptes clau de l&#8217;adhesi\u00f3 a la moneda \u00fanica, conversions, compres, c\u00e0lculs,&#8230; i passatemps.<br \/>Per instal.lar el paquet necessiteu baixar-vos els dos disquets:\u00a0<a href=\"http:\/\/www.xtec.es\/centres\/a8042858\/fitxers\/euro1.exe\">disk1<\/a>\u00a0\u00a0&#8211; \u00a0<a href=\"http:\/\/www.xtec.es\/centres\/a8042858\/fitxers\/euro1.w02\">disk 2<\/a>\u00a0<\/em><\/p>\n<p><em><strong>Nivell<\/strong>: Etapa Instrumental &#8211; 2n i 3r nivell ::\u00a0<strong>Idioma<\/strong>: castell\u00e0<br \/><strong>Autoria<\/strong>: Immaculada Vilatersana<\/em><\/p>\n<ul>\n<li><a href=\"http:\/\/www.xtec.es\/cfa-elstarongers\/fitxers\/euro2.exe\"><strong>EUROS&#8230;<\/strong><\/a><\/li>\n<\/ul>\n<p>\u00a0<\/p>\n<p>\u00a0<\/p>\n","protected":false},"excerpt":{"rendered":"<p><a href=\"https:\/\/agora.xtec.cat\/cfa-elstarongers\/wp-content\/uploads\/usu2184\/2023\/02\/JclicClic.jpg\"><\/a><\/p>\n<p>Totes aquestes&nbsp;aplicacions del Clic o del JClic&nbsp;les utilitzem -o hem utilitzat- a les nostres classes, i han estat dissenyades i preparades per alguns\/nes mestres de l&#8217;escola.<\/p>\n<p>Els paquets d&#8217;activitats&nbsp;<a href=\"http:\/\/clic.xtec.cat\/ca\/jclic\/howto.htm\" target=\"_blank\" rel=\"noreferrer noopener\">JClic&nbsp;<\/a>poden ser consultats i treballats en l\u00ednia.Per a poder utilitzar els paquets&nbsp;<a href=\"http:\/\/clic.xtec.cat\/ca\/clic3\/index.htm\"&hellip;  <a href=\"https:\/\/agora.xtec.cat\/cfa-elstarongers\/eines-i-recursos\/activitats-clic-i-jclic\/\" title=\"Read Activitats Clic i JClic\">Llegeix m\u00e9s\u00bb<\/a><\/p>\n","protected":false},"author":1,"featured_media":0,"parent":1257,"menu_order":3,"comment_status":"closed","ping_status":"closed","template":"page-templates\/side-menu.php","meta":{"_bbp_topic_count":0,"_bbp_reply_count":0,"_bbp_total_topic_count":0,"_bbp_total_reply_count":0,"_bbp_voice_count":0,"_bbp_anonymous_reply_count":0,"_bbp_topic_count_hidden":0,"_bbp_reply_count_hidden":0,"_bbp_forum_subforum_count":0,"footnotes":""},"class_list":["post-1282","page","type-page","status-publish","hentry"],"post_mailing_queue_ids":[],"_links":{"self":[{"href":"https:\/\/agora.xtec.cat\/cfa-elstarongers\/wp-json\/wp\/v2\/pages\/1282","targetHints":{"allow":["GET"]}}],"collection":[{"href":"https:\/\/agora.xtec.cat\/cfa-elstarongers\/wp-json\/wp\/v2\/pages"}],"about":[{"href":"https:\/\/agora.xtec.cat\/cfa-elstarongers\/wp-json\/wp\/v2\/types\/page"}],"author":[{"embeddable":true,"href":"https:\/\/agora.xtec.cat\/cfa-elstarongers\/wp-json\/wp\/v2\/users\/1"}],"replies":[{"embeddable":true,"href":"https:\/\/agora.xtec.cat\/cfa-elstarongers\/wp-json\/wp\/v2\/comments?post=1282"}],"version-history":[{"count":3,"href":"https:\/\/agora.xtec.cat\/cfa-elstarongers\/wp-json\/wp\/v2\/pages\/1282\/revisions"}],"predecessor-version":[{"id":2370,"href":"https:\/\/agora.xtec.cat\/cfa-elstarongers\/wp-json\/wp\/v2\/pages\/1282\/revisions\/2370"}],"up":[{"embeddable":true,"href":"https:\/\/agora.xtec.cat\/cfa-elstarongers\/wp-json\/wp\/v2\/pages\/1257"}],"wp:attachment":[{"href":"https:\/\/agora.xtec.cat\/cfa-elstarongers\/wp-json\/wp\/v2\/media?parent=1282"}],"curies":[{"name":"wp","href":"https:\/\/api.w.org\/{rel}","templated":true}]}}