{"id":1262,"date":"2023-02-14T17:27:05","date_gmt":"2023-02-14T16:27:05","guid":{"rendered":"https:\/\/agora.xtec.cat\/cfa-elstarongers\/?page_id=1262"},"modified":"2023-04-12T19:24:57","modified_gmt":"2023-04-12T17:24:57","slug":"webs","status":"publish","type":"page","link":"https:\/\/agora.xtec.cat\/cfa-elstarongers\/webs\/","title":{"rendered":"Webs"},"content":{"rendered":"\n<figure class=\"wp-block-image size-large is-resized\"><a href=\"https:\/\/agora.xtec.cat\/cfa-elstarongers\/wp-content\/uploads\/usu2184\/2023\/02\/contacts_s.jpg\"><img loading=\"lazy\" decoding=\"async\" src=\"https:\/\/agora.xtec.cat\/cfa-elstarongers\/wp-content\/uploads\/usu2184\/2023\/02\/contacts_s.jpg\" alt=\"\" class=\"wp-image-1263\" width=\"238\" height=\"180\" srcset=\"https:\/\/agora.xtec.cat\/cfa-elstarongers\/wp-content\/uploads\/usu2184\/2023\/02\/contacts_s.jpg 330w, https:\/\/agora.xtec.cat\/cfa-elstarongers\/wp-content\/uploads\/usu2184\/2023\/02\/contacts_s-300x227.jpg 300w, https:\/\/agora.xtec.cat\/cfa-elstarongers\/wp-content\/uploads\/usu2184\/2023\/02\/contacts_s-200x150.jpg 200w\" sizes=\"auto, (max-width: 238px) 100vw, 238px\" \/><\/a><\/figure>\n\n\n\n<p>Des d&#8217;aquesta p\u00e0gina podeu accedir a llocs web amb recursos per a diferents ensenyaments i grups de l&#8217;escola.<\/p>\n\n\n\n<p><strong>Guia per als Cercles de Conversa<\/strong><\/p>\n\n\n\n<p><a href=\"http:\/\/www.xtec.cat\/~figlesi2\/fotos\/mataro\/cercles.htm\">http:\/\/www.xtec.cat\/~figlesi2\/fotos\/mataro\/cercles.htm<\/a><\/p>\n\n\n\n<p><em>Lloc web on es poden consultar i descarregar els codis del material per al coneixement de la llengua catalana&nbsp;<strong>Cercles de Conversa,&nbsp;<\/strong>editat pel Pl\u00e0 Local de Formaci\u00e7\u00f3 d&#8217;Adults de Salt.<\/em><\/p>\n\n\n\n<p><strong>Fotos de Matar\u00f3<\/strong><\/p>\n\n\n\n<p><a rel=\"noreferrer noopener\" href=\"http:\/\/www.xtec.cat\/~figlesi2\/mataro.htm\" target=\"_blank\">http:\/\/www.xtec.cat\/~figlesi2\/mataro.htm<\/a><\/p>\n\n\n\n<p><em>Material gr\u00e0fic complementari adre\u00e7at als alumnes que s&#8217;inicien en el coneixement de la LLENGUA CATALANA per mitj\u00e0 de la&nbsp;<a rel=\"noreferrer noopener\" href=\"http:\/\/www.xtec.cat\/~figlesi2\/fotos\/mataro\/cercles.htm\" target=\"_blank\">GUIA PER ALS CERCLES DE CONVERSA<\/a>&nbsp;editada pel Pla Local de Formaci\u00f3 d&#8217;Adults de Salt.<br>Aquests materials han estat ad@ptats per l&#8217;Escola d&#8217;Adults de Can Marf\u00e0 i l&#8217;Escola d&#8217;Adults Els Tarongers de Matar\u00f3 per ser utilitzats pels alumnes dels cursos de Catal\u00e0 Inicial.<\/em><\/p>\n\n\n\n<p><strong>Tarongers TIC<\/strong><\/p>\n\n\n\n<p><a href=\"https:\/\/sites.google.com\/site\/tarongerstic\/home\">https:\/\/sites.google.com\/site\/tarongerstic\/home<\/a><\/p>\n\n\n\n<p><em>Si sou estudiants d&#8217;inform\u00e0tica a nivell d&#8217;usuari, en aquesta web hi trobareu recursos i aplicacions que us poden ajudar i guiar en el vostre proc\u00e9s d&#8217;aprenentatge. Des d&#8217;aquesta web podeu descarregar-vos l<a rel=\"noreferrer noopener\" href=\"https:\/\/sites.google.com\/site\/tarongerstic\/estoigdigital\" target=\"_blank\"><strong>&#8216;Estoig Digital<\/strong><\/a>, una recopilaci\u00f3 d&#8217;<a rel=\"noreferrer noopener\" href=\"http:\/\/ca.wikipedia.org\/wiki\/Aplicaci%C3%B3_port%C3%A0til\" target=\"_blank\"><strong>aplicacions portables<\/strong><\/a>.<\/em><\/p>\n\n\n\n<p><strong>InstrumenTIC<\/strong><\/p>\n\n\n\n<p><a href=\"https:\/\/sites.google.com\/site\/3instrumentic\/\">https:\/\/sites.google.com\/site\/3instrumentic\/<\/a><\/p>\n\n\n\n<p><em>Espai web del grup Instrumental 3, que recull recursos en l\u00ednia: p\u00e0gines web, exercicis i activitats que es treballen des de l&#8217;aula d&#8217;inform\u00e0tica.\u00a0<\/em><em>Permet seguir treballant i practicant de forma aut\u00f2noma des de casa, la biblioteca&#8230;<\/em><\/p>\n<p><strong>La Teranyina<\/strong><\/p>\n<p><a href=\"http:\/\/teranyina.weebly.com\/\">http:\/\/teranyina.weebly.com\/<\/a><\/p>\n<p><em>Selecci\u00f3 d&#8217;enlla\u00e7os a p\u00e0gines web, on podreu trobar activitats en l\u00ednia, adients pels diferents nivells de l&#8217;Etapa Instrumental de les Escoles d&#8217;Adults.\u00a0La Teranyina us ajudar\u00e0 a bellugar-vos per la xarxa i localitzar\u00a0exercicis o jocs per a l&#8217;ordinador pensats per millorar el vostre nivell de matem\u00e0tiques, catal\u00e0, inform\u00e0tica&#8230;<\/em><\/p>\n<p><strong>Chuletras<\/strong><\/p>\n<p><span style=\"background-color: #ffffff;\"><a style=\"background-color: #ffffff;\" href=\"http:\/\/isalde77.blogspot.com.es\/\">http:\/\/isalde77.blogspot.com.es\/<\/a><\/span><\/p>\n<p><em>&#8220;Xuletes&#8221; de catal\u00e0, castell\u00e0 i angl\u00e8s per als alumnes de GES i Angl\u00e8s.<\/em><\/p>\n<p><strong>P\u00e0gines personals<\/strong><\/p>\n<p><em>Llocs web gestionats per mestres de l&#8217;escola amb recursos seleccionats o d&#8217;elaboraci\u00f3 pr\u00f2pia<\/em><\/p>\n<p><a href=\"http:\/\/isalde.weebly.com\/\" target=\"_blank\" rel=\"noopener\">Isa&#8217;s site<\/a>\u00a0&#8211;\u00a0<em>Espai mantingut per Isabel \u00c1lvarez<\/em><br \/><a href=\"http:\/\/francesctarongers.wordpress.com\/\" target=\"_blank\" rel=\"noopener\">Recursos en l\u00ednia per a la formaci\u00f3 d&#8217;adults<\/a>\u00a0&#8211;\u00a0<em>Espai mantingut per Francesc Iglesias<\/em><strong><em>.<\/em><\/strong><br \/><a href=\"http:\/\/xtec.cat\/~ivilater\/\" target=\"_blank\" rel=\"noopener\">Recursos per a l&#8217;educaci\u00f3 b\u00e0sica de persones adultes<\/a>\u00a0&#8211;\u00a0<em>Espai mantingut per Immaculada Vilatersana<\/em><br \/><a href=\"http:\/\/lasenalla.net\/materials.html\" target=\"_blank\" rel=\"noopener\">Materials de classe<\/a>\u00a0&#8211;<em>\u00a0Espai mantingut per Immaculada Vilatersana<\/em><\/p>\n<p>\u00a0<\/p>\n<p>\u00a0<\/p>\n","protected":false},"excerpt":{"rendered":"<p><a href=\"https:\/\/agora.xtec.cat\/cfa-elstarongers\/wp-content\/uploads\/usu2184\/2023\/02\/contacts_s.jpg\"><\/a><\/p>\n<p>Des d&#8217;aquesta p\u00e0gina podeu accedir a llocs web amb recursos per a diferents ensenyaments i grups de l&#8217;escola.<\/p>\n<p>Guia per als Cercles de Conversa<\/p>\n<p><a href=\"http:\/\/www.xtec.cat\/~figlesi2\/fotos\/mataro\/cercles.htm\">http:\/\/www.xtec.cat\/~figlesi2\/fotos\/mataro\/cercles.htm<\/a><\/p>\n<p>Lloc web on es poden consultar i descarregar els codis del material per al coneixement de la llengua catalana&nbsp;Cercles de Conversa,&nbsp;editat&hellip;  <a href=\"https:\/\/agora.xtec.cat\/cfa-elstarongers\/webs\/\" title=\"Read Webs\">Llegeix m\u00e9s\u00bb<\/a><\/p>\n","protected":false},"author":1,"featured_media":0,"parent":0,"menu_order":0,"comment_status":"closed","ping_status":"close","template":"","meta":{"_bbp_topic_count":0,"_bbp_reply_count":0,"_bbp_total_topic_count":0,"_bbp_total_reply_count":0,"_bbp_voice_count":0,"_bbp_anonymous_reply_count":0,"_bbp_topic_count_hidden":0,"_bbp_reply_count_hidden":0,"_bbp_forum_subforum_count":0,"footnotes":""},"class_list":["post-1262","page","type-page","status-publish","hentry"],"post_mailing_queue_ids":[],"_links":{"self":[{"href":"https:\/\/agora.xtec.cat\/cfa-elstarongers\/wp-json\/wp\/v2\/pages\/1262","targetHints":{"allow":["GET"]}}],"collection":[{"href":"https:\/\/agora.xtec.cat\/cfa-elstarongers\/wp-json\/wp\/v2\/pages"}],"about":[{"href":"https:\/\/agora.xtec.cat\/cfa-elstarongers\/wp-json\/wp\/v2\/types\/page"}],"author":[{"embeddable":true,"href":"https:\/\/agora.xtec.cat\/cfa-elstarongers\/wp-json\/wp\/v2\/users\/1"}],"replies":[{"embeddable":true,"href":"https:\/\/agora.xtec.cat\/cfa-elstarongers\/wp-json\/wp\/v2\/comments?post=1262"}],"version-history":[{"count":2,"href":"https:\/\/agora.xtec.cat\/cfa-elstarongers\/wp-json\/wp\/v2\/pages\/1262\/revisions"}],"predecessor-version":[{"id":1503,"href":"https:\/\/agora.xtec.cat\/cfa-elstarongers\/wp-json\/wp\/v2\/pages\/1262\/revisions\/1503"}],"wp:attachment":[{"href":"https:\/\/agora.xtec.cat\/cfa-elstarongers\/wp-json\/wp\/v2\/media?parent=1262"}],"curies":[{"name":"wp","href":"https:\/\/api.w.org\/{rel}","templated":true}]}}