{"id":587,"date":"2020-01-31T11:56:52","date_gmt":"2020-01-31T10:56:52","guid":{"rendered":"https:\/\/agora.xtec.cat\/cfa-cardedeu\/?page_id=587"},"modified":"2025-03-28T12:23:47","modified_gmt":"2025-03-28T11:23:47","slug":"avaluacio","status":"publish","type":"page","link":"https:\/\/agora.xtec.cat\/cfa-cardedeu\/documents-centre\/projecte-educatiu-de-centre-pec\/avaluacio\/","title":{"rendered":"Avaluaci\u00f3"},"content":{"rendered":"<p>La qualitat en educaci\u00f3 s\u2019orienta cap a la satisfacci\u00f3 de les necessitats i les expectatives dels estudiants, considerades tant a nivell individual com col\u00b7lectiu, en relaci\u00f3 als processos i resultats de l\u2019aprenentatge. En concret:<\/p>\n<ol>\n<li>Ha de pretendre la satisfacci\u00f3 de necessitats i expectatives. Per tant, ha de poder donar resposta en el nivell t\u00e8cnic a all\u00f2 que \u00e9s prec\u00eds amb la m\u00e0xima objectivaci\u00f3 possible (necessitats), d\u2019acord a les circumst\u00e0ncies que concorren en cada<\/li>\n<li>Els subjectes sobre els que ha de recaure la qualitat s\u00f3n els estudiants, ja que aquests s\u00f3n realment els titulars del dret a l\u2019educaci\u00f3. Les fam\u00edlies nom\u00e9s en fan el seu exercici, els poders p\u00fablics l\u2019administren, els professionals de l\u2019educaci\u00f3 la gestionen, i el p\u00fablic en general hi t\u00e9 un inter\u00e8s d\u2019acord als seus beneficis<\/li>\n<li>Es refereix tant als estudiants a nivell individual com col\u00b7lectivament, aix\u00f2 implica el valor afegit comptabilitzat com a benefici propi indivisible en totes les dimensions inclosa la social; aix\u00ed com, l\u2019atenci\u00f3 a l\u2019equitat per a la progressi\u00f3 relativa de tots els individus, per tant la compensaci\u00f3 de les desigualtats i la no discriminaci\u00f3.<\/li>\n<li>Es refereix expl\u00edcitament tant a processos com a resultats de l\u2019aprenentatge.<\/li>\n<\/ol>\n<p>D\u2019altra banda, la clau de la qualitat segons l\u2019OCDE (Organitzaci\u00f3 per a la Cooperaci\u00f3 i Desenvolupament Econ\u00f2mics) es centre en cinc \u00e0rees:<\/p>\n<ol>\n<li>El curr\u00edculum: planificaci\u00f3, aplicaci\u00f3 i avaluaci\u00f3<\/li>\n<li>El paper del professorat<\/li>\n<li>L\u2019organitzaci\u00f3 de l\u2019escola<\/li>\n<li>La mesura dels resultats<\/li>\n<li>Els recursos<\/li>\n<\/ol>\n<p>En base tot aix\u00f2, i amb l\u2019objectiu de poder oferir un ensenyament de qualitat, la nostra avaluaci\u00f3 es fixar\u00e0 en aquestes cinc \u00e0rees en qu\u00e8 es proposen diferents objectius a assolir, establirem diferents indicadors i finalment es determinaran els resultats obtinguts.<\/p>\n<p>Val a dir que en el camp educatiu l\u2019avaluaci\u00f3 ha de ser un proc\u00e9s continuo que faciliti la revisi\u00f3, reconsideraci\u00f3, valoraci\u00f3 i extracci\u00f3 de conclusions que permetin anar adequant la tasca educativa al medi social sempre canviant on es desenvolupa. \u00c9s a dir, amb l\u2019avaluaci\u00f3 s\u2019han de poder extreure aquells punts febles i forts que permetin millorar i ajustar-se als objectius que es plantegen.<\/p>\n<p>L\u2019activitat educativa ha de donar resposta a les exig\u00e8ncies i expectatives del seu alumnat i aquestes no sempre seran les mateixes i aniran evolucionant en funci\u00f3 de tots els canvis socials que es van produint constantment en una societat altament investigadora, cient\u00edfica i de progr\u00e9s. Si no exist\u00eds l\u2019avaluaci\u00f3 probablement el sistema educatiu, amb una maquin\u00e0ria altament sofisticada, no s\u2019adaptaria a les noves exig\u00e8ncies.<\/p>\n<p>El CFA \u00e9s una escola reconeguda per la Generalitat de Catalunya que t\u00e9 una llarga traject\u00f2ria dins de l\u2019oferta educativa de Cardedeu. Perqu\u00e8 sigui reconeguda com una instituci\u00f3 fonamental en la xarxa educativa local i de la comarca, \u00e9s absolutament necessari que els professionals que hi treballem oferim una escola de la millor qualitat. Aix\u00f2 nom\u00e9s \u00e9s possible si el propi centre fa una avaluaci\u00f3 formativa, integral i constant de s\u00ed mateixa i aporta millores al funcionament del centre dia a dia.<\/p>\n","protected":false},"excerpt":{"rendered":"<p>La qualitat en educaci\u00f3 s\u2019orienta cap a la satisfacci\u00f3 de les necessitats i les expectatives dels estudiants, considerades tant a [&hellip;]<\/p>\n","protected":false},"author":1,"featured_media":0,"parent":1020,"menu_order":11,"comment_status":"closed","ping_status":"closed","template":"","meta":{"_bbp_topic_count":0,"_bbp_reply_count":0,"_bbp_total_topic_count":0,"_bbp_total_reply_count":0,"_bbp_voice_count":0,"_bbp_anonymous_reply_count":0,"_bbp_topic_count_hidden":0,"_bbp_reply_count_hidden":0,"_bbp_forum_subforum_count":0,"site-sidebar-layout":"default","site-content-layout":"","ast-site-content-layout":"default","site-content-style":"default","site-sidebar-style":"default","ast-global-header-display":"","ast-banner-title-visibility":"","ast-main-header-display":"","ast-hfb-above-header-display":"","ast-hfb-below-header-display":"","ast-hfb-mobile-header-display":"","site-post-title":"","ast-breadcrumbs-content":"","ast-featured-img":"","footer-sml-layout":"","theme-transparent-header-meta":"default","adv-header-id-meta":"","stick-header-meta":"","header-above-stick-meta":"","header-main-stick-meta":"","header-below-stick-meta":"","astra-migrate-meta-layouts":"set","ast-page-background-enabled":"default","ast-page-background-meta":{"desktop":{"background-color":"var(--ast-global-color-4)","background-image":"","background-repeat":"repeat","background-position":"center center","background-size":"auto","background-attachment":"scroll","background-type":"","background-media":"","overlay-type":"","overlay-color":"","overlay-opacity":"","overlay-gradient":""},"tablet":{"background-color":"","background-image":"","background-repeat":"repeat","background-position":"center center","background-size":"auto","background-attachment":"scroll","background-type":"","background-media":"","overlay-type":"","overlay-color":"","overlay-opacity":"","overlay-gradient":""},"mobile":{"background-color":"","background-image":"","background-repeat":"repeat","background-position":"center center","background-size":"auto","background-attachment":"scroll","background-type":"","background-media":"","overlay-type":"","overlay-color":"","overlay-opacity":"","overlay-gradient":""}},"ast-content-background-meta":{"desktop":{"background-color":"var(--ast-global-color-5)","background-image":"","background-repeat":"repeat","background-position":"center center","background-size":"auto","background-attachment":"scroll","background-type":"","background-media":"","overlay-type":"","overlay-color":"","overlay-opacity":"","overlay-gradient":""},"tablet":{"background-color":"var(--ast-global-color-5)","background-image":"","background-repeat":"repeat","background-position":"center center","background-size":"auto","background-attachment":"scroll","background-type":"","background-media":"","overlay-type":"","overlay-color":"","overlay-opacity":"","overlay-gradient":""},"mobile":{"background-color":"var(--ast-global-color-5)","background-image":"","background-repeat":"repeat","background-position":"center center","background-size":"auto","background-attachment":"scroll","background-type":"","background-media":"","overlay-type":"","overlay-color":"","overlay-opacity":"","overlay-gradient":""}},"footnotes":""},"class_list":["post-587","page","type-page","status-publish","hentry"],"post_mailing_queue_ids":[],"_links":{"self":[{"href":"https:\/\/agora.xtec.cat\/cfa-cardedeu\/wp-json\/wp\/v2\/pages\/587","targetHints":{"allow":["GET"]}}],"collection":[{"href":"https:\/\/agora.xtec.cat\/cfa-cardedeu\/wp-json\/wp\/v2\/pages"}],"about":[{"href":"https:\/\/agora.xtec.cat\/cfa-cardedeu\/wp-json\/wp\/v2\/types\/page"}],"author":[{"embeddable":true,"href":"https:\/\/agora.xtec.cat\/cfa-cardedeu\/wp-json\/wp\/v2\/users\/1"}],"replies":[{"embeddable":true,"href":"https:\/\/agora.xtec.cat\/cfa-cardedeu\/wp-json\/wp\/v2\/comments?post=587"}],"version-history":[{"count":1,"href":"https:\/\/agora.xtec.cat\/cfa-cardedeu\/wp-json\/wp\/v2\/pages\/587\/revisions"}],"predecessor-version":[{"id":588,"href":"https:\/\/agora.xtec.cat\/cfa-cardedeu\/wp-json\/wp\/v2\/pages\/587\/revisions\/588"}],"up":[{"embeddable":true,"href":"https:\/\/agora.xtec.cat\/cfa-cardedeu\/wp-json\/wp\/v2\/pages\/1020"}],"wp:attachment":[{"href":"https:\/\/agora.xtec.cat\/cfa-cardedeu\/wp-json\/wp\/v2\/media?parent=587"}],"curies":[{"name":"wp","href":"https:\/\/api.w.org\/{rel}","templated":true}]}}