{"id":467,"date":"2019-11-21T11:12:38","date_gmt":"2019-11-21T10:12:38","guid":{"rendered":"https:\/\/agora.xtec.cat\/cfa-cardedeu\/?page_id=467"},"modified":"2025-04-02T17:17:10","modified_gmt":"2025-04-02T15:17:10","slug":"llengua-castellana","status":"publish","type":"page","link":"https:\/\/agora.xtec.cat\/cfa-cardedeu\/ensenyaments\/llengua-castellana\/","title":{"rendered":"Llengua Castellana"},"content":{"rendered":"<p>L\u2019objectiu d\u2019aquests ensenyaments \u00e9s que les persones adultes assoleixin un grau de compet\u00e8ncia m\u00ednima en llengua castellana. Al nostre centre s\u2019imparteixen tres nivells:<\/p>\n<ul>\n<li><strong>Alfabetitzaci\u00f3<\/strong> per a persones no alfabetitzades en el seu pa\u00eds d\u2019origen<\/li>\n<li><strong>Neoloectors<\/strong> per a persones aut\u00f2ctones amb poc o cap nivell formatiu. (Impartit per voluntariat)<\/li>\n<li><strong>Llengua Castellana<\/strong> per a persones estrangeres ja alfabetitzades en el seu pa\u00eds d&#8217;origen.<\/li>\n<\/ul>\n<h3><strong>Alfabetitzaci\u00f3<\/strong><\/h3>\n<p>L\u2019objectiu d\u2019aquest ensenyament \u00e9s aconseguir un desenvolupament oral en llengua castellana que faciliti les tasques quotidianes i iniciar-se en la llengua escrita. Va adre\u00e7at b\u00e0sicament a aquelles persones que no parlen ni entenen l\u2019idioma i no han estat escolaritzats en el seu pa\u00eds d&#8217;origen.<\/p>\n<h3><\/h3>\n<h3><strong>Neolectors<\/strong><\/h3>\n<p>L&#8217;objectiu \u00e9s aconseguir el desenvolupament a nivell escrit i de lectura mentre es fa estudi de la gram\u00e0tica del castell\u00e0. Aquest nivell va adre\u00e7at a aquelles persones adultes aut\u00f2ctones que coneixen perfectament la Llengua Castellana, per\u00f2 no van ser escolaritzades o disposen de molt poca formaci\u00f3.<\/p>\n<p>&nbsp;<\/p>\n<h3><strong>Castell\u00e0 A1.1<\/strong><\/h3>\n<p>L\u2019objectiu d\u2019aquest ensenyament \u00e9s aconseguir un desenvolupament oral i escrit en llengua castellana que faciliti les tasques quotidianes. Va adre\u00e7at b\u00e0sicament a aquelles persones que han estat escolaritzades en el seu pa\u00eds d&#8217;origen per\u00f2 que no parlen ni entenen l\u2019idioma o disposen de coneixements molt b\u00e0sics.<\/p>\n<p>&nbsp;<\/p>\n<p>&nbsp;<\/p>\n","protected":false},"excerpt":{"rendered":"<p>L\u2019objectiu d\u2019aquests ensenyaments \u00e9s que les persones adultes assoleixin un grau de compet\u00e8ncia m\u00ednima en llengua castellana. Al nostre centre [&hellip;]<\/p>\n","protected":false},"author":1,"featured_media":0,"parent":274,"menu_order":2,"comment_status":"closed","ping_status":"closed","template":"","meta":{"_bbp_topic_count":0,"_bbp_reply_count":0,"_bbp_total_topic_count":0,"_bbp_total_reply_count":0,"_bbp_voice_count":0,"_bbp_anonymous_reply_count":0,"_bbp_topic_count_hidden":0,"_bbp_reply_count_hidden":0,"_bbp_forum_subforum_count":0,"site-sidebar-layout":"default","site-content-layout":"","ast-site-content-layout":"default","site-content-style":"default","site-sidebar-style":"default","ast-global-header-display":"","ast-banner-title-visibility":"","ast-main-header-display":"","ast-hfb-above-header-display":"","ast-hfb-below-header-display":"","ast-hfb-mobile-header-display":"","site-post-title":"","ast-breadcrumbs-content":"","ast-featured-img":"","footer-sml-layout":"","theme-transparent-header-meta":"default","adv-header-id-meta":"","stick-header-meta":"","header-above-stick-meta":"","header-main-stick-meta":"","header-below-stick-meta":"","astra-migrate-meta-layouts":"set","ast-page-background-enabled":"default","ast-page-background-meta":{"desktop":{"background-color":"var(--ast-global-color-4)","background-image":"","background-repeat":"repeat","background-position":"center center","background-size":"auto","background-attachment":"scroll","background-type":"","background-media":"","overlay-type":"","overlay-color":"","overlay-opacity":"","overlay-gradient":""},"tablet":{"background-color":"","background-image":"","background-repeat":"repeat","background-position":"center center","background-size":"auto","background-attachment":"scroll","background-type":"","background-media":"","overlay-type":"","overlay-color":"","overlay-opacity":"","overlay-gradient":""},"mobile":{"background-color":"","background-image":"","background-repeat":"repeat","background-position":"center center","background-size":"auto","background-attachment":"scroll","background-type":"","background-media":"","overlay-type":"","overlay-color":"","overlay-opacity":"","overlay-gradient":""}},"ast-content-background-meta":{"desktop":{"background-color":"var(--ast-global-color-5)","background-image":"","background-repeat":"repeat","background-position":"center center","background-size":"auto","background-attachment":"scroll","background-type":"","background-media":"","overlay-type":"","overlay-color":"","overlay-opacity":"","overlay-gradient":""},"tablet":{"background-color":"var(--ast-global-color-5)","background-image":"","background-repeat":"repeat","background-position":"center center","background-size":"auto","background-attachment":"scroll","background-type":"","background-media":"","overlay-type":"","overlay-color":"","overlay-opacity":"","overlay-gradient":""},"mobile":{"background-color":"var(--ast-global-color-5)","background-image":"","background-repeat":"repeat","background-position":"center center","background-size":"auto","background-attachment":"scroll","background-type":"","background-media":"","overlay-type":"","overlay-color":"","overlay-opacity":"","overlay-gradient":""}},"footnotes":""},"class_list":["post-467","page","type-page","status-publish","hentry"],"post_mailing_queue_ids":[],"_links":{"self":[{"href":"https:\/\/agora.xtec.cat\/cfa-cardedeu\/wp-json\/wp\/v2\/pages\/467","targetHints":{"allow":["GET"]}}],"collection":[{"href":"https:\/\/agora.xtec.cat\/cfa-cardedeu\/wp-json\/wp\/v2\/pages"}],"about":[{"href":"https:\/\/agora.xtec.cat\/cfa-cardedeu\/wp-json\/wp\/v2\/types\/page"}],"author":[{"embeddable":true,"href":"https:\/\/agora.xtec.cat\/cfa-cardedeu\/wp-json\/wp\/v2\/users\/1"}],"replies":[{"embeddable":true,"href":"https:\/\/agora.xtec.cat\/cfa-cardedeu\/wp-json\/wp\/v2\/comments?post=467"}],"version-history":[{"count":7,"href":"https:\/\/agora.xtec.cat\/cfa-cardedeu\/wp-json\/wp\/v2\/pages\/467\/revisions"}],"predecessor-version":[{"id":1049,"href":"https:\/\/agora.xtec.cat\/cfa-cardedeu\/wp-json\/wp\/v2\/pages\/467\/revisions\/1049"}],"up":[{"embeddable":true,"href":"https:\/\/agora.xtec.cat\/cfa-cardedeu\/wp-json\/wp\/v2\/pages\/274"}],"wp:attachment":[{"href":"https:\/\/agora.xtec.cat\/cfa-cardedeu\/wp-json\/wp\/v2\/media?parent=467"}],"curies":[{"name":"wp","href":"https:\/\/api.w.org\/{rel}","templated":true}]}}