{"id":989,"date":"2021-03-08T23:26:51","date_gmt":"2021-03-08T22:26:51","guid":{"rendered":"https:\/\/agora.xtec.cat\/cfa-can-rull-sabadell\/?page_id=989"},"modified":"2025-06-26T18:04:05","modified_gmt":"2025-06-26T16:04:05","slug":"associacio-cultural-vidalba","status":"publish","type":"page","link":"https:\/\/agora.xtec.cat\/cfa-can-rull-sabadell\/serveis\/associacio-cultural-vidalba\/","title":{"rendered":"Associaci\u00f3 Cultural Vidalba"},"content":{"rendered":"<p>L\u2019<span style=\"color: #0000ff;\">Associaci\u00f3 Cultural Vidalba<\/span> va n\u00e9ixer amb la intenci\u00f3 de donar sortida a les persones que tenien ganes de continuar vinculades al centre un cop acabaven la seva formaci\u00f3 lectiva. En realitat, per\u00f2, s\u2019ha convertit en una associaci\u00f3 que aplega socis i s\u00f2cies de l\u2019escola i de tot el barri de Can Rull amb ganes de fer activitats culturals i de lleure, i \u00a0ha dinamitzat al llarg dels anys la vida social i recreativa de la zona de Can Rull i els Merinals a trav\u00e9s del Centre d\u2019Adults de Can Rull.<\/p>\n<p style=\"text-align: center;\">A continuaci\u00f3 podeu veure la proposta d\u2019activitats que hi ha prevista per a aquest <span style=\"font-size: 20px;\"><strong>curs 2025-26<\/strong><\/span>\u00a0i que us podeu inscriure a partir<\/p>\n<p style=\"text-align: center;\"><span style=\"font-size: 20px;\"> del <strong>2\u00a0de setembre<\/strong> de <span style=\"color: #ff0000;\"><strong>dilluns a dijous de 10h a 12h i de 16:00 a 18:00<\/strong><\/span><\/span><\/p>\n<p style=\"text-align: center;\"><span style=\"font-size: 20px;\">esperem que us agradin i les pugueu gaudir.<\/span><\/p>\n<p><img loading=\"lazy\" decoding=\"async\" class=\"aligncenter size-large wp-image-3345\" src=\"https:\/\/agora.xtec.cat\/cfa-can-rull-sabadell\/wp-content\/uploads\/usu2059\/2025\/06\/Previsio-dactivitats-2025-2026_page-0001-831x1024.jpg\" alt=\"\" width=\"831\" height=\"1024\" srcset=\"https:\/\/agora.xtec.cat\/cfa-can-rull-sabadell\/wp-content\/uploads\/usu2059\/2025\/06\/Previsio-dactivitats-2025-2026_page-0001-831x1024.jpg 831w, https:\/\/agora.xtec.cat\/cfa-can-rull-sabadell\/wp-content\/uploads\/usu2059\/2025\/06\/Previsio-dactivitats-2025-2026_page-0001-243x300.jpg 243w, https:\/\/agora.xtec.cat\/cfa-can-rull-sabadell\/wp-content\/uploads\/usu2059\/2025\/06\/Previsio-dactivitats-2025-2026_page-0001-768x946.jpg 768w, https:\/\/agora.xtec.cat\/cfa-can-rull-sabadell\/wp-content\/uploads\/usu2059\/2025\/06\/Previsio-dactivitats-2025-2026_page-0001.jpg 1241w\" sizes=\"auto, (max-width: 831px) 100vw, 831px\" \/><\/p>\n<p><span style=\"font-size: 20px;\">Pots consultar l&#8217;horari d&#8217;atenci\u00f3 de l&#8217;associaci\u00f3 fent clic <a href=\"https:\/\/agora.xtec.cat\/cfa-can-rull-sabadell\/serveis\/associacio-cultural-vidalba\/horari-associacio-cfa-can-rull\/\">aqu\u00ed<\/a>.<\/span><\/p>\n","protected":false},"excerpt":{"rendered":"<p>L\u2019Associaci\u00f3 Cultural Vidalba va n\u00e9ixer amb la intenci\u00f3 de donar sortida a les persones que tenien ganes de continuar vinculades al centre un cop acabaven la seva formaci\u00f3 lectiva. En realitat, per\u00f2, s\u2019ha convertit en una associaci\u00f3 que aplega socis i s\u00f2cies de l\u2019escola i&hellip;  <a href=\"https:\/\/agora.xtec.cat\/cfa-can-rull-sabadell\/serveis\/associacio-cultural-vidalba\/\" title=\"Read Associaci\u00f3 Cultural Vidalba\">Llegeix m\u00e9s\u00bb<\/a><\/p>\n","protected":false},"author":1,"featured_media":0,"parent":63,"menu_order":0,"comment_status":"closed","ping_status":"closed","template":"page-templates\/side-menu.php","meta":{"_bbp_topic_count":0,"_bbp_reply_count":0,"_bbp_total_topic_count":0,"_bbp_total_reply_count":0,"_bbp_voice_count":0,"_bbp_anonymous_reply_count":0,"_bbp_topic_count_hidden":0,"_bbp_reply_count_hidden":0,"_bbp_forum_subforum_count":0,"footnotes":""},"class_list":["post-989","page","type-page","status-publish","hentry"],"post_mailing_queue_ids":[],"_links":{"self":[{"href":"https:\/\/agora.xtec.cat\/cfa-can-rull-sabadell\/wp-json\/wp\/v2\/pages\/989","targetHints":{"allow":["GET"]}}],"collection":[{"href":"https:\/\/agora.xtec.cat\/cfa-can-rull-sabadell\/wp-json\/wp\/v2\/pages"}],"about":[{"href":"https:\/\/agora.xtec.cat\/cfa-can-rull-sabadell\/wp-json\/wp\/v2\/types\/page"}],"author":[{"embeddable":true,"href":"https:\/\/agora.xtec.cat\/cfa-can-rull-sabadell\/wp-json\/wp\/v2\/users\/1"}],"replies":[{"embeddable":true,"href":"https:\/\/agora.xtec.cat\/cfa-can-rull-sabadell\/wp-json\/wp\/v2\/comments?post=989"}],"version-history":[{"count":6,"href":"https:\/\/agora.xtec.cat\/cfa-can-rull-sabadell\/wp-json\/wp\/v2\/pages\/989\/revisions"}],"predecessor-version":[{"id":3346,"href":"https:\/\/agora.xtec.cat\/cfa-can-rull-sabadell\/wp-json\/wp\/v2\/pages\/989\/revisions\/3346"}],"up":[{"embeddable":true,"href":"https:\/\/agora.xtec.cat\/cfa-can-rull-sabadell\/wp-json\/wp\/v2\/pages\/63"}],"wp:attachment":[{"href":"https:\/\/agora.xtec.cat\/cfa-can-rull-sabadell\/wp-json\/wp\/v2\/media?parent=989"}],"curies":[{"name":"wp","href":"https:\/\/api.w.org\/{rel}","templated":true}]}}