{"id":1305,"date":"2021-04-25T00:31:22","date_gmt":"2021-04-24T22:31:22","guid":{"rendered":"https:\/\/agora.xtec.cat\/cfa-can-rull-sabadell\/?page_id=1305"},"modified":"2025-06-27T10:43:52","modified_gmt":"2025-06-27T08:43:52","slug":"llengues","status":"publish","type":"page","link":"https:\/\/agora.xtec.cat\/cfa-can-rull-sabadell\/ensenyaments\/ensenyaments-inicials-i-formacio-basica\/llengues\/","title":{"rendered":"Llengua catalana i castellana"},"content":{"rendered":"<p style=\"text-align: justify;\"><span style=\"color: #000000; font-family: helvetica, arial, sans-serif;\">Aquests estudis tenen com a objectiu que les persones adultes assoleixin un grau de compet\u00e8ncia b\u00e0sica per a comunicar-se en llengua catalana o castellana.<\/span><\/p>\n<p style=\"text-align: justify;\"><span style=\"color: #000000; font-family: helvetica, arial, sans-serif;\">Oferim classes de llengua de diversos nivells.<\/span><\/p>\n<ul>\n<li style=\"list-style-type: none;\">\n<ul>\n<li style=\"list-style-type: none;\">\n<ul style=\"text-align: justify; list-style-type: disc;\">\n<li><span style=\"font-family: helvetica, arial, sans-serif; color: #000000;\"><strong><span style=\"font-size: 20px;\">Lleng\u00fces nivell 1<\/span><\/strong><\/span><\/li>\n<\/ul>\n<\/li>\n<\/ul>\n<\/li>\n<\/ul>\n<p style=\"text-align: justify; padding-left: 80px;\"><span style=\"color: #000000;\"><span style=\"font-family: helvetica, arial, sans-serif;\">Adre\u00e7at a persones que fa poc temps que han arribat al nostre pa\u00eds i\/o tenen poques compet\u00e8ncies en llengua catalana o castellana. T\u00e9 una durada de 105 hores i finalitzat el curs, en el cas d\u2019haver superat el nivell, es rebr\u00e0 el certificat A1 corresponent al Marc Europeu de les Lleng\u00fces. <\/span>Els cursos s\u00f3n quadrimestrals (de setembre a febrer i de febrer a juny) a ra\u00f3 de 6 hores setmanals.<\/span><\/p>\n<ul>\n<li style=\"list-style-type: none;\">\n<ul>\n<li style=\"list-style-type: none;\">\n<ul style=\"text-align: justify; list-style-type: disc;\">\n<li><span style=\"font-family: helvetica, arial, sans-serif; color: #000000;\"><strong><span style=\"font-size: 20px;\">Lleng\u00fces nivell 2<\/span><\/strong><\/span><\/li>\n<\/ul>\n<\/li>\n<\/ul>\n<\/li>\n<\/ul>\n<p style=\"padding-left: 80px;\"><span style=\"color: #000000;\">Els alumnes que superin el Nivell 1 poden accedir a aquest nivell on es continua donant molta import\u00e0ncia a la part oral de la llengua i s\u2019introdueix la part escrita. T\u00e9 una durada de 140 hores i finalitzat el curs, en el cas d\u2019haver superat el nivell, es rebr\u00e0 el certificat A2 corresponent al Marc Europeu de les Lleng\u00fces. Els cursos s\u00f3n anuals a ra\u00f3 de 4 hores setmanals.<\/span><\/p>\n<ul>\n<li style=\"list-style-type: none;\">\n<ul>\n<li style=\"list-style-type: none;\">\n<ul style=\"text-align: justify; list-style-type: disc;\">\n<li><span style=\"font-size: 20px; color: #000000;\"><strong>Lleng\u00fces nivell 3 (nom\u00e9s llengua castellana)<\/strong><\/span><\/li>\n<\/ul>\n<\/li>\n<\/ul>\n<\/li>\n<\/ul>\n<p style=\"text-align: justify; padding-left: 80px;\"><span style=\"color: #000000; font-family: helvetica, arial, sans-serif;\">La finalitat \u00e9s que l\u2019estudiant sigui capa\u00e7 d\u2019expressar-se amb suficient flu\u00efdesa per comunicar-se i mantenir la interacci\u00f3 en contextos coneguts i sobre tem\u00e0tiques generals o d\u2019inter\u00e8s personal, i fer front de manera flexible a situacions habituals, en la varietat est\u00e0ndard de l\u2019entorn d\u2019aprenentatge. T\u00e9 una durada de 140 hores i finalitzat el curs, en el cas d\u2019haver superat el nivell, es rebr\u00e0 el certificat B1 corresponent al Marc Europeu de les Lleng\u00fces. Els cursos s\u00f3n anuals a ra\u00f3 de 4 hores setmanals.<\/span><\/p>\n<p data-pm-slice=\"1 1 []\"><span style=\"color: #000000;\"><strong>Horaris en torns de mat\u00ed, tarda i vespre, per a m\u00e9s informaci\u00f3 pots trucar al centre.<\/strong><\/span><\/p>\n<p style=\"text-align: justify;\"><span style=\"color: #000000; font-family: helvetica, arial, sans-serif;\">Poden accedir a aquests estudis totes les persones que tenen m\u00e9s de 18 anys o b\u00e9 els compleixen durant l&#8217;any natural en qu\u00e8 inicien la formaci\u00f3.<\/span><\/p>\n<p style=\"text-align: justify;\"><span style=\"color: #000000; font-family: helvetica, arial, sans-serif;\">Quan hi ha un motiu justificat, tamb\u00e9 hi poden accedir les persones m\u00e9s grans de 16 anys o que els compleixen durant l&#8217;any natural en qu\u00e8 inicien la formaci\u00f3.<\/span><\/p>\n<p>&nbsp;<\/p>\n","protected":false},"excerpt":{"rendered":"<p>Aquests estudis tenen com a objectiu que les persones adultes assoleixin un grau de compet\u00e8ncia b\u00e0sica per a comunicar-se en llengua catalana o castellana.<br \/>\nOferim classes de llengua de diversos nivells.<\/p>\n<ul>\n<li style=\"list-style-type: none;\">\n<ul>\n<li style=\"list-style-type: none;\">\n<ul style=\"text-align: justify; list-style-type: disc;\">\n<li>Lleng\u00fces nivell 1<\/li>\n<\/ul>\n<\/li>\n<\/ul>\n<\/li>\n<\/ul>\n<p>Adre\u00e7at a persones que fa poc&hellip;  <a href=\"https:\/\/agora.xtec.cat\/cfa-can-rull-sabadell\/ensenyaments\/ensenyaments-inicials-i-formacio-basica\/llengues\/\" title=\"Read Llengua catalana i castellana\">Llegeix m\u00e9s\u00bb<\/a><\/p>\n","protected":false},"author":1,"featured_media":0,"parent":283,"menu_order":0,"comment_status":"closed","ping_status":"closed","template":"page-templates\/side-menu.php","meta":{"_bbp_topic_count":0,"_bbp_reply_count":0,"_bbp_total_topic_count":0,"_bbp_total_reply_count":0,"_bbp_voice_count":0,"_bbp_anonymous_reply_count":0,"_bbp_topic_count_hidden":0,"_bbp_reply_count_hidden":0,"_bbp_forum_subforum_count":0,"footnotes":""},"class_list":["post-1305","page","type-page","status-publish","hentry"],"post_mailing_queue_ids":[],"_links":{"self":[{"href":"https:\/\/agora.xtec.cat\/cfa-can-rull-sabadell\/wp-json\/wp\/v2\/pages\/1305","targetHints":{"allow":["GET"]}}],"collection":[{"href":"https:\/\/agora.xtec.cat\/cfa-can-rull-sabadell\/wp-json\/wp\/v2\/pages"}],"about":[{"href":"https:\/\/agora.xtec.cat\/cfa-can-rull-sabadell\/wp-json\/wp\/v2\/types\/page"}],"author":[{"embeddable":true,"href":"https:\/\/agora.xtec.cat\/cfa-can-rull-sabadell\/wp-json\/wp\/v2\/users\/1"}],"replies":[{"embeddable":true,"href":"https:\/\/agora.xtec.cat\/cfa-can-rull-sabadell\/wp-json\/wp\/v2\/comments?post=1305"}],"version-history":[{"count":6,"href":"https:\/\/agora.xtec.cat\/cfa-can-rull-sabadell\/wp-json\/wp\/v2\/pages\/1305\/revisions"}],"predecessor-version":[{"id":3350,"href":"https:\/\/agora.xtec.cat\/cfa-can-rull-sabadell\/wp-json\/wp\/v2\/pages\/1305\/revisions\/3350"}],"up":[{"embeddable":true,"href":"https:\/\/agora.xtec.cat\/cfa-can-rull-sabadell\/wp-json\/wp\/v2\/pages\/283"}],"wp:attachment":[{"href":"https:\/\/agora.xtec.cat\/cfa-can-rull-sabadell\/wp-json\/wp\/v2\/media?parent=1305"}],"curies":[{"name":"wp","href":"https:\/\/api.w.org\/{rel}","templated":true}]}}