{"id":492,"date":"2016-10-28T04:27:18","date_gmt":"2016-10-28T02:27:18","guid":{"rendered":"http:\/\/agora.xtec.cat\/cfa-barbera\/?page_id=492"},"modified":"2022-04-29T09:55:23","modified_gmt":"2022-04-29T07:55:23","slug":"informatica","status":"publish","type":"page","link":"https:\/\/agora.xtec.cat\/cfa-barbera\/oferta-formativa\/idiomes\/informatica\/","title":{"rendered":"Inform\u00e0tica"},"content":{"rendered":"<p>Els ensenyaments d\u2019inform\u00e0tica tenen com objectiu facilitar l\u2019adquisici\u00f3 de la compet\u00e8ncia digital, entesa com la combinaci\u00f3 de coneixements, habilitats i actituds en l\u2019\u00e0mbit de les tecnologies de la informaci\u00f3 i la comunicaci\u00f3 (TIC) per desenvolupar-se en la societat actual. Aquest estudis s\u00f3n\u00a0\u00a0<strong>gratu\u00eft<\/strong>\u00a0en els centres dependents del Departament d\u2019Ensenyament<\/p>\n<p>S\u2019imparteixen en\u00a0<b>quatre nivells<\/b>:<\/p>\n<ul>\n<li><strong>COMPETIC Inicial<\/strong>, tres hores setmanals en horari mat\u00ed o de tarda.<\/li>\n<\/ul>\n<p>Els diferents nivells usuari d\u2019inform\u00e0tica (COMPETIC 1, 2 i 3) van adre\u00e7ats a persones que tenen uns coneixements b\u00e0sics del funcionament de l\u2019ordinador, del tractament de textos, de l\u2019\u00fas del correu electr\u00f2nic i de la cerca d\u2019informaci\u00f3 per Internet, el civisme digital, full de c\u00e0lcul i tractament de la imatge i el so.<\/p>\n<table style=\"width: 1034px; height: 134px;\">\n<tbody>\n<tr style=\"height: 31px;\">\n<td style=\"width: 149px; height: 31px; text-align: right;\">Es treballa<\/td>\n<td style=\"width: 880px; height: 31px;\"><\/td>\n<\/tr>\n<tr style=\"height: 31px;\">\n<td style=\"width: 149px; height: 31px;\"><\/td>\n<td style=\"width: 880px; height: 31px;\">Tecnologia digital, \u00fas de l&#8217;ordinador i del sistema operatiu.<\/td>\n<\/tr>\n<tr style=\"height: 31px;\">\n<td style=\"width: 149px; height: 31px;\"><\/td>\n<td style=\"width: 880px; height: 31px;\">Tractament de la informaci\u00f3 escrita<\/td>\n<\/tr>\n<tr style=\"height: 31px;\">\n<td style=\"width: 149px; height: 31px;\"><\/td>\n<td style=\"width: 880px; height: 31px;\">Navegaci\u00f3, cerca i comunicaci\u00f3 en el m\u00f3n digital.<\/td>\n<\/tr>\n<\/tbody>\n<\/table>\n<ul>\n<li><strong>COMPETIC 1<\/strong>, tres hores setmanals <strong>.<\/strong> Podran cursar-lo les persones que hagin superat el curs Competic Inicial o que acreditin els coneixements b\u00e0sics del nivell inicial.<br \/>\n<table style=\"width: 1034px; height: 124px;\">\n<tbody>\n<tr style=\"height: 31px;\">\n<td style=\"width: 127.778px; height: 31px; text-align: right;\">Es treballa<\/td>\n<td style=\"width: 902.222px; height: 31px;\"><\/td>\n<\/tr>\n<tr style=\"height: 31px;\">\n<td style=\"width: 127.778px; height: 31px;\"><\/td>\n<td style=\"width: 902.222px; height: 31px;\">Tractament de la informaci\u00f3 num\u00e8rica<\/td>\n<\/tr>\n<tr style=\"height: 31px;\">\n<td style=\"width: 127.778px; height: 31px;\"><\/td>\n<td style=\"width: 902.222px; height: 31px;\">Tractament de la informaci\u00f3 gr\u00e0fica, sonora i de la imatge en moviment.<\/td>\n<\/tr>\n<tr style=\"height: 31px;\">\n<td style=\"width: 127.778px; height: 31px;\"><\/td>\n<td style=\"width: 902.222px; height: 31px;\">Cultura, participaci\u00f3 i civisme digital.<\/td>\n<\/tr>\n<\/tbody>\n<\/table>\n<\/li>\n<\/ul>\n<ul>\n<li><strong>COMPETIC 2<\/strong>, quatre hores setmanals .Podran cursar-lo les persones que hagin superat o acreditin els coneixements del curs Competic I.<\/li>\n<\/ul>\n<table style=\"width: 1045px; height: 297px;\">\n<tbody>\n<tr style=\"height: 33px;\">\n<td style=\"width: 142.222px; text-align: right; height: 33px;\">Es treballa<\/td>\n<td style=\"width: 898.889px; height: 33px;\"><\/td>\n<\/tr>\n<tr style=\"height: 33px;\">\n<td style=\"width: 142.222px; height: 33px;\"><\/td>\n<td style=\"width: 898.889px; height: 33px;\">Cultura, participaci\u00f3 i civisme digital.<\/td>\n<\/tr>\n<tr style=\"height: 33px;\">\n<td style=\"width: 142.222px; height: 33px;\"><\/td>\n<td style=\"width: 898.889px; height: 33px;\">Tecnologia digital, \u00fas de l\u2019ordinador i del sistema operatiu.<\/td>\n<\/tr>\n<tr style=\"height: 33px;\">\n<td style=\"width: 142.222px; height: 33px;\"><\/td>\n<td style=\"width: 898.889px; height: 33px;\">Navegaci\u00f3 i comunicaci\u00f3 en el m\u00f3n digital.<\/td>\n<\/tr>\n<tr style=\"height: 33px;\">\n<td style=\"width: 142.222px; height: 33px;\"><\/td>\n<td style=\"width: 898.889px; height: 33px;\">Tractament de la informaci\u00f3 escrita.<\/td>\n<\/tr>\n<tr style=\"height: 33px;\">\n<td style=\"width: 142.222px; height: 33px;\"><\/td>\n<td style=\"width: 898.889px; height: 33px;\">Tractament de la informaci\u00f3 gr\u00e0fica, sonora i de la imatge en moviment.<\/td>\n<\/tr>\n<tr style=\"height: 33px;\">\n<td style=\"width: 142.222px; height: 33px;\"><\/td>\n<td style=\"width: 898.889px; height: 33px;\">Tractament de la informaci\u00f3 num\u00e8rica.<\/td>\n<\/tr>\n<tr style=\"height: 33px;\">\n<td style=\"width: 142.222px; height: 33px;\"><\/td>\n<td style=\"width: 898.889px; height: 33px;\">Tractament de les dades.<\/td>\n<\/tr>\n<tr style=\"height: 33px;\">\n<td style=\"width: 142.222px; height: 33px;\"><\/td>\n<td style=\"width: 898.889px; height: 33px;\">Presentaci\u00f3 de continguts<\/td>\n<\/tr>\n<\/tbody>\n<\/table>\n<ul>\n<li><strong>COMPETIC 3<\/strong>, tres hores setmanals\u00a0 &#8211;<br \/>\nPer\u00a0 a matricular-se a <strong>\u00a0COMPETIC 3, <\/strong>i independentment del seu nivell de compet\u00e8ncia digital, l\u2019alumne haur\u00e0 de disposar <strong>del certificat ACTIC Mitj\u00e0 o b\u00e9 del certificat de superaci\u00f3 del curs de COMPETIC 2 en un centre d\u2019adults depenent del Departament d\u2019Ensenyament o b\u00e9 que estigui autoritzat a impartir aquest ensenyament.<\/strong><\/li>\n<\/ul>\n<table>\n<tbody>\n<tr>\n<td>Compet\u00e8ncies<\/td>\n<td>C4 Tractament de la informaci\u00f3 escrita.<\/td>\n<\/tr>\n<tr>\n<td><\/td>\n<td>C5 Tractament de la informaci\u00f3 gr\u00e0fica, sonora i de la imatge en moviment.<\/td>\n<\/tr>\n<tr>\n<td><\/td>\n<td>C6 Tractament de la informaci\u00f3 num\u00e8rica.<\/td>\n<\/tr>\n<tr>\n<td><\/td>\n<td>C7 Tractament de les dades<\/td>\n<\/tr>\n<tr>\n<td><\/td>\n<td>C8 Presentaci\u00f3 de continguts.<\/td>\n<\/tr>\n<\/tbody>\n<\/table>\n<h4 class=\"titol\"><strong>CURSOS ACTIC I COMPETIC<\/strong><\/h4>\n<p class=\"titol\"><a href=\"http:\/\/agora.xtec.cat\/cfa-barbera\/wp-content\/uploads\/usu1348\/2016\/10\/equivalencies-competic.jpg\"><img loading=\"lazy\" decoding=\"async\" class=\"aligncenter size-full wp-image-1416\" src=\"http:\/\/agora.xtec.cat\/cfa-barbera\/wp-content\/uploads\/usu1348\/2016\/10\/equivalencies-competic.jpg\" alt=\"\" width=\"598\" height=\"626\" srcset=\"https:\/\/agora.xtec.cat\/cfa-barbera\/wp-content\/uploads\/usu1348\/2016\/10\/equivalencies-competic.jpg 598w, https:\/\/agora.xtec.cat\/cfa-barbera\/wp-content\/uploads\/usu1348\/2016\/10\/equivalencies-competic-287x300.jpg 287w\" sizes=\"auto, (max-width: 598px) 100vw, 598px\" \/><\/a><\/p>\n<p class=\"titol\">Per a m\u00e9s informaci\u00f3 podeu consultar en <a href=\"https:\/\/projectes.xtec.cat\/xarxadults\/ensenyaments\/nivells\/\" target=\"_blank\" rel=\"noopener\">aquesta P\u00c0GINA<\/a><\/p>\n","protected":false},"excerpt":{"rendered":"<p>Els ensenyaments d\u2019inform\u00e0tica tenen com objectiu facilitar l\u2019adquisici\u00f3 de la compet\u00e8ncia digital, entesa com la combinaci\u00f3 de coneixements, habilitats i actituds en l\u2019\u00e0mbit de les tecnologies de la informaci\u00f3 i la comunicaci\u00f3 (TIC) per desenvolupar-se en la societat actual. Aquest estudis s\u00f3n\u00a0\u00a0gratu\u00eft\u00a0en els centres dependents&hellip;  <a href=\"https:\/\/agora.xtec.cat\/cfa-barbera\/oferta-formativa\/idiomes\/informatica\/\" title=\"Read Inform\u00e0tica\">Llegeix m\u00e9s\u00bb<\/a><\/p>\n","protected":false},"author":1,"featured_media":0,"parent":586,"menu_order":30,"comment_status":"closed","ping_status":"closed","template":"page-templates\/side-menu.php","meta":{"_bbp_topic_count":0,"_bbp_reply_count":0,"_bbp_total_topic_count":0,"_bbp_total_reply_count":0,"_bbp_voice_count":0,"_bbp_anonymous_reply_count":0,"_bbp_topic_count_hidden":0,"_bbp_reply_count_hidden":0,"_bbp_forum_subforum_count":0,"footnotes":""},"class_list":["post-492","page","type-page","status-publish","hentry"],"post_mailing_queue_ids":[],"_links":{"self":[{"href":"https:\/\/agora.xtec.cat\/cfa-barbera\/wp-json\/wp\/v2\/pages\/492","targetHints":{"allow":["GET"]}}],"collection":[{"href":"https:\/\/agora.xtec.cat\/cfa-barbera\/wp-json\/wp\/v2\/pages"}],"about":[{"href":"https:\/\/agora.xtec.cat\/cfa-barbera\/wp-json\/wp\/v2\/types\/page"}],"author":[{"embeddable":true,"href":"https:\/\/agora.xtec.cat\/cfa-barbera\/wp-json\/wp\/v2\/users\/1"}],"replies":[{"embeddable":true,"href":"https:\/\/agora.xtec.cat\/cfa-barbera\/wp-json\/wp\/v2\/comments?post=492"}],"version-history":[{"count":3,"href":"https:\/\/agora.xtec.cat\/cfa-barbera\/wp-json\/wp\/v2\/pages\/492\/revisions"}],"predecessor-version":[{"id":1800,"href":"https:\/\/agora.xtec.cat\/cfa-barbera\/wp-json\/wp\/v2\/pages\/492\/revisions\/1800"}],"up":[{"embeddable":true,"href":"https:\/\/agora.xtec.cat\/cfa-barbera\/wp-json\/wp\/v2\/pages\/586"}],"wp:attachment":[{"href":"https:\/\/agora.xtec.cat\/cfa-barbera\/wp-json\/wp\/v2\/media?parent=492"}],"curies":[{"name":"wp","href":"https:\/\/api.w.org\/{rel}","templated":true}]}}