{"id":475,"date":"2016-10-26T12:11:17","date_gmt":"2016-10-26T10:11:17","guid":{"rendered":"http:\/\/agora.xtec.cat\/cfa-barbera\/?page_id=475"},"modified":"2024-02-16T12:24:27","modified_gmt":"2024-02-16T11:24:27","slug":"on-som-2","status":"publish","type":"page","link":"https:\/\/agora.xtec.cat\/cfa-barbera\/el-centre\/on-som-2\/","title":{"rendered":"On som  ?"},"content":{"rendered":"<p>Carrer Nemesi Valls 35 2n pis<br \/>\n08210 Barber\u00e0 del Vall\u00e8s<br \/>\ntelf. 93 718 58 18<\/p>\n<h6><strong>Com arribar-hi:<br \/>\n<\/strong><\/h6>\n<ul>\n<li>En tren: Estaci\u00f3 Barber\u00e0 del Vall\u00e8s L\u00ednia R4<\/li>\n<li>En bus: L\u00ednies A1 des de Barcelona i B1 \/ B2 des de Sabadell<\/li>\n<\/ul>\n<p><iframe loading=\"lazy\" style=\"border: 0;\" src=\"https:\/\/www.google.com\/maps\/embed?pb=!1m18!1m12!1m3!1d2987.4206243979843!2d2.1267548153346425!3d41.51682859592368!2m3!1f0!2f0!3f0!3m2!1i1024!2i768!4f13.1!3m3!1m2!1s0x12a495ebdefe58c7%3A0x6db240ec4889f1f8!2sCarrer+de+N%C3%A8mesi+Valls%2C+35%2C+08210+Barber%C3%A0+del+Vall%C3%A8s%2C+Barcelona!5e0!3m2!1ses!2ses!4v1477624976170\" width=\"800\" height=\"650\" frameborder=\"0\" allowfullscreen=\"allowfullscreen\"><\/iframe><\/p>\n","protected":false},"excerpt":{"rendered":"<p>Carrer Nemesi Valls 35 2n pis<br \/>\n08210 Barber\u00e0 del Vall\u00e8s<br \/>\ntelf. 93 718 58 18<br \/>\nCom arribar-hi:<\/p>\n<ul>\n<li>En tren: Estaci\u00f3 Barber\u00e0 del Vall\u00e8s L\u00ednia R4<\/li>\n<li>En bus: L\u00ednies A1 des de Barcelona i B1 \/ B2 des de Sabadell<\/li>\n<\/ul>\n","protected":false},"author":1,"featured_media":0,"parent":261,"menu_order":0,"comment_status":"closed","ping_status":"closed","template":"page-templates\/side-menu.php","meta":{"_bbp_topic_count":0,"_bbp_reply_count":0,"_bbp_total_topic_count":0,"_bbp_total_reply_count":0,"_bbp_voice_count":0,"_bbp_anonymous_reply_count":0,"_bbp_topic_count_hidden":0,"_bbp_reply_count_hidden":0,"_bbp_forum_subforum_count":0,"footnotes":""},"class_list":["post-475","page","type-page","status-publish","hentry"],"post_mailing_queue_ids":[],"_links":{"self":[{"href":"https:\/\/agora.xtec.cat\/cfa-barbera\/wp-json\/wp\/v2\/pages\/475","targetHints":{"allow":["GET"]}}],"collection":[{"href":"https:\/\/agora.xtec.cat\/cfa-barbera\/wp-json\/wp\/v2\/pages"}],"about":[{"href":"https:\/\/agora.xtec.cat\/cfa-barbera\/wp-json\/wp\/v2\/types\/page"}],"author":[{"embeddable":true,"href":"https:\/\/agora.xtec.cat\/cfa-barbera\/wp-json\/wp\/v2\/users\/1"}],"replies":[{"embeddable":true,"href":"https:\/\/agora.xtec.cat\/cfa-barbera\/wp-json\/wp\/v2\/comments?post=475"}],"version-history":[{"count":3,"href":"https:\/\/agora.xtec.cat\/cfa-barbera\/wp-json\/wp\/v2\/pages\/475\/revisions"}],"predecessor-version":[{"id":1908,"href":"https:\/\/agora.xtec.cat\/cfa-barbera\/wp-json\/wp\/v2\/pages\/475\/revisions\/1908"}],"up":[{"embeddable":true,"href":"https:\/\/agora.xtec.cat\/cfa-barbera\/wp-json\/wp\/v2\/pages\/261"}],"wp:attachment":[{"href":"https:\/\/agora.xtec.cat\/cfa-barbera\/wp-json\/wp\/v2\/media?parent=475"}],"curies":[{"name":"wp","href":"https:\/\/api.w.org\/{rel}","templated":true}]}}