{"id":468,"date":"2016-10-26T11:59:56","date_gmt":"2016-10-26T09:59:56","guid":{"rendered":"http:\/\/agora.xtec.cat\/cfa-barbera\/?page_id=468"},"modified":"2025-07-04T11:09:37","modified_gmt":"2025-07-04T09:09:37","slug":"oferta-formativa","status":"publish","type":"page","link":"https:\/\/agora.xtec.cat\/cfa-barbera\/oferta-formativa\/","title":{"rendered":"ENSENYAMENTS"},"content":{"rendered":"<div class=\"section\">\n<p class=\"page_item page-item-283 title\" data-section-title=\"\"><span style=\"color: #333333;\"><a style=\"color: #333333;\" title=\"Ensenyaments inicials i formaci\u00f3 b\u00e0sica\" href=\"http:\/\/agora.xtec.cat\/cfa-barbera\/oferta-formativa\/ensenyaments-inicials-i-formacio-basica\/\">Ensenyaments inicials i formaci\u00f3 b\u00e1sica<\/a><\/span><\/p>\n<p class=\"page_item page-item-283 title\" style=\"padding-left: 40px;\" data-section-title=\"\"><span style=\"color: #333333;\"><a style=\"color: #333333;\" tabindex=\"-1\" href=\"http:\/\/agora.xtec.cat\/cfa-barbera\/oferta-formativa\/ensenyaments-inicials-i-formacio-basica\/llengua-castellana-per-a-nouvinguts\/\">&#8211; Llengua castellana per a nouvinguts<\/a><\/span><\/p>\n<p class=\"page_item page-item-283 title\" style=\"padding-left: 40px;\" data-section-title=\"\"><span style=\"color: #333333;\"><a style=\"color: #333333;\" tabindex=\"-1\" href=\"http:\/\/agora.xtec.cat\/cfa-barbera\/oferta-formativa\/ensenyaments-inicials-i-formacio-basica\/etapa-instrumental\/\">&#8211; Etapa Instrumental<\/a><\/span><\/p>\n<p class=\"page_item page-item-283 title\" style=\"padding-left: 40px;\" data-section-title=\"\"><span style=\"color: #333333;\"><a style=\"color: #333333;\" tabindex=\"-1\" href=\"http:\/\/agora.xtec.cat\/cfa-barbera\/oferta-formativa\/ensenyaments-inicials-i-formacio-basica\/etapa-basica-ges-graduat-en-educacio-secundaria\/\">&#8211; Etapa B\u00e0sica. GES (Graduat en Educaci\u00f3 Secund\u00e0ria)<\/a><\/span><\/p>\n<p><span style=\"color: #333333;\"><a style=\"color: #333333;\" title=\"Idiomes\" href=\"http:\/\/agora.xtec.cat\/cfa-barbera\/oferta-formativa\/idiomes\/\">Idiomes<\/a><\/span><\/p>\n<\/div>\n<div class=\"section\">\n<p class=\"page_item page-item-586 title\" style=\"padding-left: 40px;\" data-section-title=\"\"><span style=\"color: #333333;\"><a style=\"color: #333333;\" tabindex=\"-1\" href=\"http:\/\/agora.xtec.cat\/cfa-barbera\/oferta-formativa\/idiomes\/llengua-estrangera-angles\/\">&#8211; Llengua estrangera: angl\u00e8s<\/a><\/span><\/p>\n<p class=\"page_item page-item-586 title\" style=\"padding-left: 40px;\" data-section-title=\"\"><span style=\"color: #333333;\"><a style=\"color: #333333;\" tabindex=\"-1\" href=\"http:\/\/agora.xtec.cat\/cfa-barbera\/oferta-formativa\/idiomes\/novetat-2016-llengua-estrangera-frances\/\">&#8211; Llengua estrangera: franc\u00e8s<\/a><\/span><\/p>\n<p><span style=\"color: #333333;\"><a style=\"color: #333333;\" title=\"Inform\u00e0tica\" href=\"http:\/\/agora.xtec.cat\/cfa-barbera\/oferta-formativa\/informatica\/\">Inform\u00e0tica<\/a><\/span><\/p>\n<\/div>\n<div class=\"section\">\n<p class=\"page_item page-item-492 title\" data-section-title=\"\"><span style=\"color: #333333;\"><a style=\"color: #333333;\" title=\"Proves d'acc\u00e9s\" href=\"http:\/\/agora.xtec.cat\/cfa-barbera\/oferta-formativa\/proves-dacces\/\">Proves d&#8217;acc\u00e9s<\/a><\/span><\/p>\n<div style=\"line-height: 107%; font-size: 15px; font-family: 'Calibri',sans-serif; margin: 0cm 0cm 8.0pt 0cm;\" align=\"center\"><\/div>\n<\/div>\n","protected":false},"excerpt":{"rendered":"<p><a style=\"color: #333333;\" title=\"Ensenyaments inicials i formaci\u00f3 b\u00e0sica\" href=\"http:\/\/agora.xtec.cat\/cfa-barbera\/oferta-formativa\/ensenyaments-inicials-i-formacio-basica\/\">Ensenyaments inicials i formaci\u00f3 b\u00e1sica<\/a><br \/>\n<a style=\"color: #333333;\" tabindex=\"-1\" href=\"http:\/\/agora.xtec.cat\/cfa-barbera\/oferta-formativa\/ensenyaments-inicials-i-formacio-basica\/llengua-castellana-per-a-nouvinguts\/\">&#8211; Llengua castellana per a nouvinguts<\/a><br \/>\n<a style=\"color: #333333;\" tabindex=\"-1\" href=\"http:\/\/agora.xtec.cat\/cfa-barbera\/oferta-formativa\/ensenyaments-inicials-i-formacio-basica\/etapa-instrumental\/\">&#8211; Etapa Instrumental<\/a><br \/>\n<a style=\"color: #333333;\" tabindex=\"-1\" href=\"http:\/\/agora.xtec.cat\/cfa-barbera\/oferta-formativa\/ensenyaments-inicials-i-formacio-basica\/etapa-basica-ges-graduat-en-educacio-secundaria\/\">&#8211; Etapa B\u00e0sica. GES (Graduat en Educaci\u00f3 Secund\u00e0ria)<\/a><br \/>\n<a style=\"color: #333333;\" title=\"Idiomes\" href=\"http:\/\/agora.xtec.cat\/cfa-barbera\/oferta-formativa\/idiomes\/\">Idiomes<\/a><\/p>\n<p><a style=\"color: #333333;\"&hellip;  <a href=\"https:\/\/agora.xtec.cat\/cfa-barbera\/oferta-formativa\/\" title=\"Read ENSENYAMENTS\">Llegeix m\u00e9s\u00bb<\/a><\/p>\n","protected":false},"author":1,"featured_media":0,"parent":0,"menu_order":70,"comment_status":"closed","ping_status":"closed","template":"page-templates\/side-menu.php","meta":{"_bbp_topic_count":0,"_bbp_reply_count":0,"_bbp_total_topic_count":0,"_bbp_total_reply_count":0,"_bbp_voice_count":0,"_bbp_anonymous_reply_count":0,"_bbp_topic_count_hidden":0,"_bbp_reply_count_hidden":0,"_bbp_forum_subforum_count":0,"footnotes":""},"class_list":["post-468","page","type-page","status-publish","hentry"],"post_mailing_queue_ids":[],"_links":{"self":[{"href":"https:\/\/agora.xtec.cat\/cfa-barbera\/wp-json\/wp\/v2\/pages\/468","targetHints":{"allow":["GET"]}}],"collection":[{"href":"https:\/\/agora.xtec.cat\/cfa-barbera\/wp-json\/wp\/v2\/pages"}],"about":[{"href":"https:\/\/agora.xtec.cat\/cfa-barbera\/wp-json\/wp\/v2\/types\/page"}],"author":[{"embeddable":true,"href":"https:\/\/agora.xtec.cat\/cfa-barbera\/wp-json\/wp\/v2\/users\/1"}],"replies":[{"embeddable":true,"href":"https:\/\/agora.xtec.cat\/cfa-barbera\/wp-json\/wp\/v2\/comments?post=468"}],"version-history":[{"count":7,"href":"https:\/\/agora.xtec.cat\/cfa-barbera\/wp-json\/wp\/v2\/pages\/468\/revisions"}],"predecessor-version":[{"id":4122,"href":"https:\/\/agora.xtec.cat\/cfa-barbera\/wp-json\/wp\/v2\/pages\/468\/revisions\/4122"}],"wp:attachment":[{"href":"https:\/\/agora.xtec.cat\/cfa-barbera\/wp-json\/wp\/v2\/media?parent=468"}],"curies":[{"name":"wp","href":"https:\/\/api.w.org\/{rel}","templated":true}]}}