{"id":261,"date":"2015-01-27T17:25:01","date_gmt":"2015-01-27T16:25:01","guid":{"rendered":"http:\/\/agora.xtec.cat\/cfa-barbera\/?page_id=261"},"modified":"2022-07-16T11:08:28","modified_gmt":"2022-07-16T09:08:28","slug":"el-centre","status":"publish","type":"page","link":"https:\/\/agora.xtec.cat\/cfa-barbera\/el-centre\/","title":{"rendered":"EL CENTRE"},"content":{"rendered":"<p style=\"text-align: justify;\"><span style=\"font-weight: 400;\"><img loading=\"lazy\" decoding=\"async\" class=\"wp-image-1905 alignleft\" src=\"https:\/\/agora.xtec.cat\/cfa-barbera\/wp-content\/uploads\/usu1348\/2022\/07\/casal_de_cultura.jpg\" alt=\"\" width=\"264\" height=\"198\" srcset=\"https:\/\/agora.xtec.cat\/cfa-barbera\/wp-content\/uploads\/usu1348\/2022\/07\/casal_de_cultura.jpg 953w, https:\/\/agora.xtec.cat\/cfa-barbera\/wp-content\/uploads\/usu1348\/2022\/07\/casal_de_cultura-300x224.jpg 300w, https:\/\/agora.xtec.cat\/cfa-barbera\/wp-content\/uploads\/usu1348\/2022\/07\/casal_de_cultura-768x575.jpg 768w, https:\/\/agora.xtec.cat\/cfa-barbera\/wp-content\/uploads\/usu1348\/2022\/07\/casal_de_cultura-200x150.jpg 200w\" sizes=\"auto, (max-width: 264px) 100vw, 264px\" \/>El CFA de Barber\u00e0 del Vall\u00e8s \u00e9s un centre educatiu p\u00fablic i gratu\u00eft depenent del Departament d\u2019Educaci\u00f3 de la Generalitat de Catalunya, que est\u00e0 ubicat a les instal\u00b7lacions del Casal de Cultura.\u00a0<\/span><\/p>\n<p style=\"text-align: justify;\"><span style=\"font-weight: 400;\">Des de la seva fundaci\u00f3, l\u2019any 1980, oferim a la poblaci\u00f3 adulta de la ciutat i rodalies un ventall d\u2019ensenyaments adaptat a les demandes canviants de la societat, entre els quals n\u2019hi que acrediten una titulaci\u00f3 o l\u2019acc\u00e9s a altres estudis superiors, i altres que estan encaminats a la millora i enriquiment personal.\u00a0<\/span><\/p>\n<p>&nbsp;<\/p>\n","protected":false},"excerpt":{"rendered":"<p>El CFA de Barber\u00e0 del Vall\u00e8s \u00e9s un centre educatiu p\u00fablic i gratu\u00eft depenent del Departament d\u2019Educaci\u00f3 de la Generalitat de Catalunya, que est\u00e0 ubicat a les instal\u00b7lacions del Casal de Cultura.\u00a0<br \/>\nDes de la seva fundaci\u00f3, l\u2019any 1980, oferim a la poblaci\u00f3 adulta de la&hellip;  <a href=\"https:\/\/agora.xtec.cat\/cfa-barbera\/el-centre\/\" title=\"Read EL CENTRE\">Llegeix m\u00e9s\u00bb<\/a><\/p>\n","protected":false},"author":1,"featured_media":0,"parent":0,"menu_order":60,"comment_status":"closed","ping_status":"closed","template":"page-templates\/side-menu.php","meta":{"_bbp_topic_count":0,"_bbp_reply_count":0,"_bbp_total_topic_count":0,"_bbp_total_reply_count":0,"_bbp_voice_count":0,"_bbp_anonymous_reply_count":0,"_bbp_topic_count_hidden":0,"_bbp_reply_count_hidden":0,"_bbp_forum_subforum_count":0,"footnotes":""},"class_list":["post-261","page","type-page","status-publish","hentry"],"post_mailing_queue_ids":[],"_links":{"self":[{"href":"https:\/\/agora.xtec.cat\/cfa-barbera\/wp-json\/wp\/v2\/pages\/261","targetHints":{"allow":["GET"]}}],"collection":[{"href":"https:\/\/agora.xtec.cat\/cfa-barbera\/wp-json\/wp\/v2\/pages"}],"about":[{"href":"https:\/\/agora.xtec.cat\/cfa-barbera\/wp-json\/wp\/v2\/types\/page"}],"author":[{"embeddable":true,"href":"https:\/\/agora.xtec.cat\/cfa-barbera\/wp-json\/wp\/v2\/users\/1"}],"replies":[{"embeddable":true,"href":"https:\/\/agora.xtec.cat\/cfa-barbera\/wp-json\/wp\/v2\/comments?post=261"}],"version-history":[{"count":2,"href":"https:\/\/agora.xtec.cat\/cfa-barbera\/wp-json\/wp\/v2\/pages\/261\/revisions"}],"predecessor-version":[{"id":1906,"href":"https:\/\/agora.xtec.cat\/cfa-barbera\/wp-json\/wp\/v2\/pages\/261\/revisions\/1906"}],"wp:attachment":[{"href":"https:\/\/agora.xtec.cat\/cfa-barbera\/wp-json\/wp\/v2\/media?parent=261"}],"curies":[{"name":"wp","href":"https:\/\/api.w.org\/{rel}","templated":true}]}}