{"id":1322,"date":"2018-05-18T11:22:29","date_gmt":"2018-05-18T09:22:29","guid":{"rendered":"http:\/\/agora.xtec.cat\/cfa-barbera\/?page_id=1322"},"modified":"2018-05-25T10:18:48","modified_gmt":"2018-05-25T08:18:48","slug":"mobilitat-vichy","status":"publish","type":"page","link":"https:\/\/agora.xtec.cat\/cfa-barbera\/erasmus\/mobilitat-vichy\/","title":{"rendered":"Mobilitat Vichy"},"content":{"rendered":"<p class=\"font_8\" style=\"text-align: justify;\">Dentro del programa Erasmus +, la profesora de franc\u00e9s del centro ha realizado un curso del 17 al 28 de agosto en la Ciudad de Vichy, Francia. El curso llevaba el t\u00edtulo de\u00a0Ense\u00f1ar el franc\u00e9s hoy: cultura, sociedad y nuevas tendencias pedag\u00f3gicas.<\/p>\n<p class=\"font_8\" style=\"text-align: justify;\">Ha supuesto una actualizaci\u00f3n de conocimientos culturales (ense\u00f1anza, pol\u00edtica, emigraci\u00f3n&#8230;) con el fin de proponer a nuestros alumnos actividades para desarrollar la competencia intercultural, tan importante cuando se aprende una lengua extranjera. Adem\u00e1s, se ha profundizado en las nuevas tendencias en did\u00e1ctica como el m\u00e9todo centrado en la acci\u00f3n, la clase inversa y la metodolog\u00eda por proyectos. Dentro de la formaci\u00f3n, se han incluido sesiones para producir peque\u00f1as emisiones en formato radio y algunas clases han estado dedicadas a aprender c\u00f3mo facilitar el aprendizaje con herramientas num\u00e9ricas. Por otra parte, se han ense\u00f1ado t\u00e9cnicas para fomentar el aprendizaje de la gram\u00e1tica y el desarrollo de las competencias orales por medio de actividades l\u00fadicas.<\/p>\n<p class=\"font_8\" style=\"text-align: justify;\">Adem\u00e1s del curso, la Instituci\u00f3n propon\u00eda asistencia a conferencias, cine y visitas l\u00fadicas y culturales de la ciudad y de otros l lugares de inter\u00e9s del entorno.<\/p>\n<p class=\"font_8\"><span class=\"wixGuard\">\u200b<\/span><\/p>\n<p style=\"text-align: center;\">llllllllllllllllllllllllllllllllllllllllllllllllllllllllllllllllllllllllllllllllllllllllllllllllllllllllllllllllllllllllllllllllllllllllllllllllllllllllllllllllllllllllllllllllllllllllllllllllllllllllllllllllllllllllllllllllllllllllllllllllllll<\/p>\n<p style=\"text-align: left;\"><strong>\u00a0M\u00c9S INFORMACI\u00d3\u00a0 A :<\/strong><\/p>\n<p class=\"font_8\">\n<p class=\"font_8\"><a href=\"http:\/\/www.auvergne-tourisme.info\/\"><img loading=\"lazy\" decoding=\"async\" class=\"aligncenter wp-image-1349 size-full\" src=\"http:\/\/agora.xtec.cat\/cfa-barbera\/wp-content\/uploads\/usu1348\/2018\/05\/button_vichy.png\" alt=\"\" width=\"167\" height=\"64\" \/><\/a><\/p>\n","protected":false},"excerpt":{"rendered":"<p>Dentro del programa Erasmus +, la profesora de franc\u00e9s del centro ha realizado un curso del 17 al 28 de agosto en la Ciudad de Vichy, Francia. El curso llevaba el t\u00edtulo de\u00a0Ense\u00f1ar el franc\u00e9s hoy: cultura, sociedad y nuevas tendencias pedag\u00f3gicas.<br \/>\nHa supuesto una actualizaci\u00f3n&hellip;  <a href=\"https:\/\/agora.xtec.cat\/cfa-barbera\/erasmus\/mobilitat-vichy\/\" title=\"Read Mobilitat Vichy\">Llegeix m\u00e9s\u00bb<\/a><\/p>\n","protected":false},"author":1,"featured_media":0,"parent":1017,"menu_order":20,"comment_status":"closed","ping_status":"closed","template":"page-templates\/side-menu.php","meta":{"_bbp_topic_count":0,"_bbp_reply_count":0,"_bbp_total_topic_count":0,"_bbp_total_reply_count":0,"_bbp_voice_count":0,"_bbp_anonymous_reply_count":0,"_bbp_topic_count_hidden":0,"_bbp_reply_count_hidden":0,"_bbp_forum_subforum_count":0,"footnotes":""},"class_list":["post-1322","page","type-page","status-publish","hentry"],"post_mailing_queue_ids":[],"_links":{"self":[{"href":"https:\/\/agora.xtec.cat\/cfa-barbera\/wp-json\/wp\/v2\/pages\/1322","targetHints":{"allow":["GET"]}}],"collection":[{"href":"https:\/\/agora.xtec.cat\/cfa-barbera\/wp-json\/wp\/v2\/pages"}],"about":[{"href":"https:\/\/agora.xtec.cat\/cfa-barbera\/wp-json\/wp\/v2\/types\/page"}],"author":[{"embeddable":true,"href":"https:\/\/agora.xtec.cat\/cfa-barbera\/wp-json\/wp\/v2\/users\/1"}],"replies":[{"embeddable":true,"href":"https:\/\/agora.xtec.cat\/cfa-barbera\/wp-json\/wp\/v2\/comments?post=1322"}],"version-history":[{"count":3,"href":"https:\/\/agora.xtec.cat\/cfa-barbera\/wp-json\/wp\/v2\/pages\/1322\/revisions"}],"predecessor-version":[{"id":1350,"href":"https:\/\/agora.xtec.cat\/cfa-barbera\/wp-json\/wp\/v2\/pages\/1322\/revisions\/1350"}],"up":[{"embeddable":true,"href":"https:\/\/agora.xtec.cat\/cfa-barbera\/wp-json\/wp\/v2\/pages\/1017"}],"wp:attachment":[{"href":"https:\/\/agora.xtec.cat\/cfa-barbera\/wp-json\/wp\/v2\/media?parent=1322"}],"curies":[{"name":"wp","href":"https:\/\/api.w.org\/{rel}","templated":true}]}}