{"id":1621,"date":"2021-05-27T17:10:21","date_gmt":"2021-05-27T15:10:21","guid":{"rendered":"https:\/\/agora.xtec.cat\/cfa-anoia\/?page_id=1621"},"modified":"2021-05-27T18:13:33","modified_gmt":"2021-05-27T16:13:33","slug":"requisits-dacces-i-documentacio","status":"publish","type":"page","link":"https:\/\/agora.xtec.cat\/cfa-anoia\/requisits-dacces-i-documentacio\/","title":{"rendered":"Requisits d&#8217;acc\u00e9s i documentaci\u00f3"},"content":{"rendered":"<p><strong>Requisits d&#8217;acc\u00e9s<\/strong><\/p>\n<p>Amb car\u00e0cter general poden accedir a aquests ensenyaments les persones que han complert els\u00a0<strong>18 anys<\/strong>\u00a0o b\u00e9 els compleixen durant l&#8217;any natural en qu\u00e8 inicien la formaci\u00f3.<\/p>\n<p>Tamb\u00e9 hi poden accedir les persones que compleixen com a m\u00ednim 16 anys l&#8217;any natural en qu\u00e8 inicien la formaci\u00f3 i es troben en alguna de les situacions seg\u00fcents:<\/p>\n<ul>\n<li>tenir un contracte laboral que els impedeix assistir als centres educatius en r\u00e8gim ordinari,<\/li>\n<li>ser esportista d&#8217;alt rendiment.<\/li>\n<\/ul>\n<p>Excepcionalment, el director o directora dels serveis territorials corresponents o la gerent del Consorci d&#8217;Educaci\u00f3 de Barcelona poden autoritzar la incorporaci\u00f3 d&#8217;alumnes que no compleixin els requisits anteriors, previ informe de la Inspecci\u00f3 d&#8217;Educaci\u00f3.<\/p>\n<p><strong>Quina documentaci\u00f3 necessites si vols venir a fer algun curs amb nosaltres?<\/strong><\/p>\n<ul>\n<li>Fotoc\u00f2pia del DNI, NIE o Passaport.<\/li>\n<li>Fotoc\u00f2pia de la Targeta Sanit\u00e0ria (TSI)<\/li>\n<li>Foto carnet<\/li>\n<li>Si vols fer el <strong>GES (graduat en secund\u00e0ria)<\/strong>: expedient acad\u00e8mic del centre on anteriorment hagis estudiat.\u00a0Els seg\u00fcents estudis permeten convalidar parts del curr\u00edculum de GES:\n<ul>\n<li>Mat\u00e8ries aprovades de 3r i 4t d&#8217;ESO.<\/li>\n<li>Mat\u00e8ries aprovades de 1r i 2n de BUP.<\/li>\n<li>Mat\u00e8ries aprovades de 1r i 2n de FP1.<\/li>\n<li>T\u00edtols de Graduat Escolar (EGB) i Batxillerat Elemental (Pla d&#8217;estudis de 1953).<\/li>\n<li>\u00c0mbits superats de les Proves Lliures per a l&#8217;obtenci\u00f3 del GES.<\/li>\n<li>Pla antic dels estudis de GES.<\/li>\n<\/ul>\n<p>Aix\u00ed mateix, els m\u00f2duls de GES superats en modalitat presencial en un CFA s&#8217;incorporen amb la mateixa qualificaci\u00f3 a l&#8217;expedient de GES de l&#8217;IOC.<\/p>\n<p><strong>S&#8217;ha de presentar certificat acad\u00e8mic per validar les convalidacions.<\/strong><\/li>\n<\/ul>\n","protected":false},"excerpt":{"rendered":"<p>Requisits d&#8217;acc\u00e9s<br \/>\nAmb car\u00e0cter general poden accedir a aquests ensenyaments les persones que han complert els\u00a018 anys\u00a0o b\u00e9 els compleixen durant l&#8217;any natural en qu\u00e8 inicien la formaci\u00f3.<br \/>\nTamb\u00e9 hi poden accedir les persones que compleixen com a m\u00ednim 16 anys l&#8217;any natural en qu\u00e8 inicien la&hellip;  <a href=\"https:\/\/agora.xtec.cat\/cfa-anoia\/requisits-dacces-i-documentacio\/\" title=\"Read Requisits d&#8217;acc\u00e9s i documentaci\u00f3\">Llegeix m\u00e9s\u00bb<\/a><\/p>\n","protected":false},"author":1,"featured_media":0,"parent":0,"menu_order":0,"comment_status":"closed","ping_status":"closed","template":"","meta":{"_bbp_topic_count":0,"_bbp_reply_count":0,"_bbp_total_topic_count":0,"_bbp_total_reply_count":0,"_bbp_voice_count":0,"_bbp_anonymous_reply_count":0,"_bbp_topic_count_hidden":0,"_bbp_reply_count_hidden":0,"_bbp_forum_subforum_count":0,"footnotes":""},"class_list":["post-1621","page","type-page","status-publish","hentry"],"post_mailing_queue_ids":[],"_links":{"self":[{"href":"https:\/\/agora.xtec.cat\/cfa-anoia\/wp-json\/wp\/v2\/pages\/1621","targetHints":{"allow":["GET"]}}],"collection":[{"href":"https:\/\/agora.xtec.cat\/cfa-anoia\/wp-json\/wp\/v2\/pages"}],"about":[{"href":"https:\/\/agora.xtec.cat\/cfa-anoia\/wp-json\/wp\/v2\/types\/page"}],"author":[{"embeddable":true,"href":"https:\/\/agora.xtec.cat\/cfa-anoia\/wp-json\/wp\/v2\/users\/1"}],"replies":[{"embeddable":true,"href":"https:\/\/agora.xtec.cat\/cfa-anoia\/wp-json\/wp\/v2\/comments?post=1621"}],"version-history":[{"count":3,"href":"https:\/\/agora.xtec.cat\/cfa-anoia\/wp-json\/wp\/v2\/pages\/1621\/revisions"}],"predecessor-version":[{"id":1628,"href":"https:\/\/agora.xtec.cat\/cfa-anoia\/wp-json\/wp\/v2\/pages\/1621\/revisions\/1628"}],"wp:attachment":[{"href":"https:\/\/agora.xtec.cat\/cfa-anoia\/wp-json\/wp\/v2\/media?parent=1621"}],"curies":[{"name":"wp","href":"https:\/\/api.w.org\/{rel}","templated":true}]}}