{"id":312,"date":"2015-01-28T11:32:38","date_gmt":"2015-01-28T10:32:38","guid":{"rendered":"http:\/\/agora.xtec.cat\/cfa-alzina\/?page_id=312"},"modified":"2025-11-03T18:57:57","modified_gmt":"2025-11-03T17:57:57","slug":"llengua-anglesa","status":"publish","type":"page","link":"https:\/\/agora.xtec.cat\/cfa-alzina\/ensenyaments\/llengua-anglesa\/","title":{"rendered":"Llengua anglesa"},"content":{"rendered":"<h3>S&#8217;ofereixen tres nivells d&#8217;angl\u00e8s:<\/h3>\n<h5>Iniciaci\u00f3 a la llengua anglesa (Angl\u00e8s 1)<\/h5>\n<p>S\u2019adre\u00e7a a persones amb desconeixement d\u2019aquestes lleng\u00fces. S\u2019adscriu dins el nivell A1 d\u2019usuari b\u00e0sic, de domini de la llengua, d\u2019acord amb el Marc europeu com\u00fa de refer\u00e8ncia per a l\u2019aprenentatge, l\u2019ensenyament i l\u2019avaluaci\u00f3 de les lleng\u00fces.<\/p>\n<p>Se centra en les compet\u00e8ncies de la llengua oral, tot i incorporar objectius comunicatius m\u00ednims de la llengua escrita. Aquest curs t\u00e9 una durada de 105 hores.<\/p>\n<p>&nbsp;<\/p>\n<h5>La llengua anglesa a nivell funcional (Angl\u00e8s 2)<\/h5>\n<p>Adre\u00e7at a les persones que hagin superat el nivell inicial o que disposin dels coneixements corresponents per poder-lo seguir. S&#8217;adscriu al nivell A2.1 del Marc europeu com\u00fa de refer\u00e8ncia, per a l\u2019aprenentatge, l\u2019ensenyament i l\u2019avaluaci\u00f3 de les lleng\u00fces. Aquest curs t\u00e9 una durada de 140 hores.<\/p>\n<p>&nbsp;<\/p>\n<h5>La llengua anglesa de nivell 3 (Angl\u00e8s 3)<\/h5>\n<p>S\u2019adre\u00e7a a refor\u00e7ar els coneixements adquirits en el segon nivell i consolidar l&#8217;aprenentatge orientat a adquirir les compet\u00e8ncies pr\u00f2pies de l&#8217;usuari b\u00e0sic. S&#8217;adscriu dins del nivell A2.2 d\u2019usuari b\u00e0sic del Marc europeu. Aquest curs t\u00e9 una durada de 140 hores.<\/p>\n<p><strong>Un cop finalitzats aquests estudis, es pot continuar la formaci\u00f3 en una escola oficial d&#8217;idiomes, accedint al nivell de 3r sense haver de superar una prova de nivell.<\/strong><\/p>\n<p><span style=\"color: #099c2b;\"><strong>\u00a0<\/strong><\/span><\/p>\n","protected":false},"excerpt":{"rendered":"<p>S&#8217;ofereixen tres nivells d&#8217;angl\u00e8s: Iniciaci\u00f3 a la llengua anglesa (Angl\u00e8s 1) S\u2019adre\u00e7a a persones amb desconeixement d\u2019aquestes lleng\u00fces. S\u2019adscriu dins el nivell A1 d\u2019usuari b\u00e0sic, de domini de la llengua, d\u2019acord amb el Marc europeu com\u00fa de refer\u00e8ncia per a l\u2019aprenentatge, l\u2019ensenyament i l\u2019avaluaci\u00f3 de les lleng\u00fces. Se centra en les compet\u00e8ncies de la llengua [&hellip;]<\/p>\n","protected":false},"author":1,"featured_media":0,"parent":2563,"menu_order":40,"comment_status":"closed","ping_status":"closed","template":"","meta":{"_bbp_topic_count":0,"_bbp_reply_count":0,"_bbp_total_topic_count":0,"_bbp_total_reply_count":0,"_bbp_voice_count":0,"_bbp_anonymous_reply_count":0,"_bbp_topic_count_hidden":0,"_bbp_reply_count_hidden":0,"_bbp_forum_subforum_count":0,"site-sidebar-layout":"default","site-content-layout":"","ast-site-content-layout":"default","site-content-style":"default","site-sidebar-style":"default","ast-global-header-display":"","ast-banner-title-visibility":"","ast-main-header-display":"","ast-hfb-above-header-display":"","ast-hfb-below-header-display":"","ast-hfb-mobile-header-display":"","site-post-title":"","ast-breadcrumbs-content":"","ast-featured-img":"","footer-sml-layout":"","theme-transparent-header-meta":"default","adv-header-id-meta":"","stick-header-meta":"","header-above-stick-meta":"","header-main-stick-meta":"","header-below-stick-meta":"","astra-migrate-meta-layouts":"set","ast-page-background-enabled":"default","ast-page-background-meta":{"desktop":{"background-color":"var(--ast-global-color-4)","background-image":"","background-repeat":"repeat","background-position":"center center","background-size":"auto","background-attachment":"scroll","background-type":"","background-media":"","overlay-type":"","overlay-color":"","overlay-opacity":"","overlay-gradient":""},"tablet":{"background-color":"","background-image":"","background-repeat":"repeat","background-position":"center center","background-size":"auto","background-attachment":"scroll","background-type":"","background-media":"","overlay-type":"","overlay-color":"","overlay-opacity":"","overlay-gradient":""},"mobile":{"background-color":"","background-image":"","background-repeat":"repeat","background-position":"center center","background-size":"auto","background-attachment":"scroll","background-type":"","background-media":"","overlay-type":"","overlay-color":"","overlay-opacity":"","overlay-gradient":""}},"ast-content-background-meta":{"desktop":{"background-color":"var(--ast-global-color-5)","background-image":"","background-repeat":"repeat","background-position":"center center","background-size":"auto","background-attachment":"scroll","background-type":"","background-media":"","overlay-type":"","overlay-color":"","overlay-opacity":"","overlay-gradient":""},"tablet":{"background-color":"var(--ast-global-color-5)","background-image":"","background-repeat":"repeat","background-position":"center center","background-size":"auto","background-attachment":"scroll","background-type":"","background-media":"","overlay-type":"","overlay-color":"","overlay-opacity":"","overlay-gradient":""},"mobile":{"background-color":"var(--ast-global-color-5)","background-image":"","background-repeat":"repeat","background-position":"center center","background-size":"auto","background-attachment":"scroll","background-type":"","background-media":"","overlay-type":"","overlay-color":"","overlay-opacity":"","overlay-gradient":""}},"footnotes":""},"class_list":["post-312","page","type-page","status-publish","hentry"],"post_mailing_queue_ids":[],"_links":{"self":[{"href":"https:\/\/agora.xtec.cat\/cfa-alzina\/wp-json\/wp\/v2\/pages\/312","targetHints":{"allow":["GET"]}}],"collection":[{"href":"https:\/\/agora.xtec.cat\/cfa-alzina\/wp-json\/wp\/v2\/pages"}],"about":[{"href":"https:\/\/agora.xtec.cat\/cfa-alzina\/wp-json\/wp\/v2\/types\/page"}],"author":[{"embeddable":true,"href":"https:\/\/agora.xtec.cat\/cfa-alzina\/wp-json\/wp\/v2\/users\/1"}],"replies":[{"embeddable":true,"href":"https:\/\/agora.xtec.cat\/cfa-alzina\/wp-json\/wp\/v2\/comments?post=312"}],"version-history":[{"count":7,"href":"https:\/\/agora.xtec.cat\/cfa-alzina\/wp-json\/wp\/v2\/pages\/312\/revisions"}],"predecessor-version":[{"id":2555,"href":"https:\/\/agora.xtec.cat\/cfa-alzina\/wp-json\/wp\/v2\/pages\/312\/revisions\/2555"}],"up":[{"embeddable":true,"href":"https:\/\/agora.xtec.cat\/cfa-alzina\/wp-json\/wp\/v2\/pages\/2563"}],"wp:attachment":[{"href":"https:\/\/agora.xtec.cat\/cfa-alzina\/wp-json\/wp\/v2\/media?parent=312"}],"curies":[{"name":"wp","href":"https:\/\/api.w.org\/{rel}","templated":true}]}}