{"id":9438,"date":"2020-05-13T16:35:24","date_gmt":"2020-05-13T14:35:24","guid":{"rendered":"http:\/\/agora.xtec.cat\/cesire_historic\/\/?page_id=9438"},"modified":"2021-03-16T13:01:30","modified_gmt":"2021-03-16T12:01:30","slug":"sensors-i-consoles","status":"publish","type":"page","link":"https:\/\/agora.xtec.cat\/cesire_historic\/cesire\/servei-de-prestec-i-cambra-de-cria\/sensors-i-consoles\/","title":{"rendered":"Sensors i consoles"},"content":{"rendered":"<p><span style=\"font-weight: 400;\">\u00c9s convenient programar la utilitzaci\u00f3 del material amb temps i reservar-lo amb antelaci\u00f3, donat el gran volum de la demanda que cal atendre.<\/span><\/p>\n<p><span style=\"font-weight: 400;\">El termini habitual de pr\u00e9stec \u00e9s de 15 dies. Passats 15 dies cal renovar el pr\u00e9stec per tel\u00e8fon. La renovaci\u00f3 del per\u00edode de pr\u00e9stec es far\u00e0 en funci\u00f3 de la llista d&#8217;espera. De no existir cap altre petici\u00f3 sobre el material, el pr\u00e9stec es podr\u00e0 anar renovant per per\u00edodes de 15 dies.<\/span><\/p>\n<table style=\"width: 100%; height: 2335px;\">\n<tbody>\n<tr style=\"height: 236px;\">\n<td style=\"width: 50%; height: 236px;\"><a href=\"https:\/\/agora.xtec.cat\/cesire_historic\/\/wp-content\/uploads\/usu397\/2020\/05\/consola_LABQ2.jpg\"><img loading=\"lazy\" decoding=\"async\" class=\"size-full wp-image-9445 aligncenter\" src=\"https:\/\/agora.xtec.cat\/cesire_historic\/\/wp-content\/uploads\/usu397\/2020\/05\/consola_LABQ2.jpg\" alt=\"\" width=\"483\" height=\"311\" srcset=\"https:\/\/agora.xtec.cat\/cesire_historic\/wp-content\/uploads\/usu397\/2020\/05\/consola_LABQ2.jpg 483w, https:\/\/agora.xtec.cat\/cesire_historic\/wp-content\/uploads\/usu397\/2020\/05\/consola_LABQ2-300x193.jpg 300w\" sizes=\"auto, (max-width: 483px) 100vw, 483px\" \/><\/a><\/td>\n<td style=\"width: 50%; height: 236px;\"><a href=\"https:\/\/agora.xtec.cat\/cesire_historic\/\/wp-content\/uploads\/usu397\/2020\/05\/consola_mini_LabQuest.jpg\"><img loading=\"lazy\" decoding=\"async\" class=\"size-full wp-image-9457 aligncenter\" src=\"https:\/\/agora.xtec.cat\/cesire_historic\/\/wp-content\/uploads\/usu397\/2020\/05\/consola_mini_LabQuest.jpg\" alt=\"\" width=\"700\" height=\"394\" srcset=\"https:\/\/agora.xtec.cat\/cesire_historic\/wp-content\/uploads\/usu397\/2020\/05\/consola_mini_LabQuest.jpg 700w, https:\/\/agora.xtec.cat\/cesire_historic\/wp-content\/uploads\/usu397\/2020\/05\/consola_mini_LabQuest-300x169.jpg 300w\" sizes=\"auto, (max-width: 700px) 100vw, 700px\" \/><\/a><\/td>\n<\/tr>\n<tr style=\"height: 32px;\">\n<td style=\"width: 360.667px; height: 32px;\"><span style=\"font-weight: 400;\">Consola LABQ2 (amb pantalla<\/span><span style=\"font-weight: 400;\">). <\/span><a href=\"http:\/\/agora.xtec.cat\/cesire_historic\/\/consola-lab\/\" target=\"_blank\" rel=\"noopener noreferrer\"><span style=\"font-weight: 400;\">M\u00e9s informaci\u00f3<\/span><\/a><\/td>\n<td style=\"width: 348.667px; height: 32px; text-align: center;\"><span style=\"font-weight: 400;\">Consoles LQ-MINI<\/span><\/td>\n<\/tr>\n<tr style=\"height: 161px;\">\n<td style=\"width: 360.667px; height: 161px;\"><a href=\"https:\/\/agora.xtec.cat\/cesire_historic\/\/wp-content\/uploads\/usu397\/2020\/05\/Temperatura.jpg\"><img loading=\"lazy\" decoding=\"async\" class=\"alignnone size-full wp-image-9452\" src=\"https:\/\/agora.xtec.cat\/cesire_historic\/\/wp-content\/uploads\/usu397\/2020\/05\/Temperatura.jpg\" alt=\"\" width=\"250\" height=\"142\" \/><\/a><\/td>\n<td style=\"width: 348.667px; height: 161px;\"><a href=\"https:\/\/agora.xtec.cat\/cesire_historic\/\/wp-content\/uploads\/usu397\/2020\/05\/temperatura_GoTemp.jpg\"><img loading=\"lazy\" decoding=\"async\" class=\"alignnone size-full wp-image-9453\" src=\"https:\/\/agora.xtec.cat\/cesire_historic\/\/wp-content\/uploads\/usu397\/2020\/05\/temperatura_GoTemp.jpg\" alt=\"\" width=\"231\" height=\"126\" \/><\/a><\/td>\n<\/tr>\n<tr style=\"height: 32px;\">\n<td style=\"width: 360.667px; text-align: center; height: 32px;\"><span style=\"font-weight: 400;\">Sensors de temperatura<\/span><\/td>\n<td style=\"width: 348.667px; text-align: center; height: 32px;\"><span style=\"font-weight: 400;\">Sensors Go temp<\/span><\/td>\n<\/tr>\n<tr style=\"height: 331px;\">\n<td style=\"width: 360.667px; text-align: center; height: 331px;\"><a href=\"https:\/\/agora.xtec.cat\/cesire_historic\/\/wp-content\/uploads\/usu397\/2020\/05\/GoMotion.jpeg\"><img loading=\"lazy\" decoding=\"async\" class=\"alignnone size-full wp-image-9446\" src=\"https:\/\/agora.xtec.cat\/cesire_historic\/\/wp-content\/uploads\/usu397\/2020\/05\/GoMotion.jpeg\" alt=\"\" width=\"287\" height=\"312\" srcset=\"https:\/\/agora.xtec.cat\/cesire_historic\/wp-content\/uploads\/usu397\/2020\/05\/GoMotion.jpeg 287w, https:\/\/agora.xtec.cat\/cesire_historic\/wp-content\/uploads\/usu397\/2020\/05\/GoMotion-276x300.jpeg 276w\" sizes=\"auto, (max-width: 287px) 100vw, 287px\" \/><\/a><\/td>\n<td style=\"width: 348.667px; text-align: center; height: 331px;\"><a href=\"https:\/\/agora.xtec.cat\/cesire_historic\/\/wp-content\/uploads\/usu397\/2020\/05\/sensor-pH.jpg\"><img loading=\"lazy\" decoding=\"async\" class=\"alignnone size-full wp-image-9449\" src=\"https:\/\/agora.xtec.cat\/cesire_historic\/\/wp-content\/uploads\/usu397\/2020\/05\/sensor-pH.jpg\" alt=\"\" width=\"299\" height=\"168\" \/><\/a><\/td>\n<\/tr>\n<tr style=\"height: 32px;\">\n<td style=\"width: 360.667px; text-align: center; height: 32px;\"><span style=\"font-weight: 400;\">Sensors Go motion (dist\u00e0ncia)<\/span><\/td>\n<td style=\"width: 348.667px; text-align: center; height: 32px;\"><span style=\"font-weight: 400;\">Sensors de pH<\/span><\/td>\n<\/tr>\n<tr style=\"height: 187px;\">\n<td style=\"width: 360.667px; text-align: center; height: 187px;\"><a href=\"https:\/\/agora.xtec.cat\/cesire_historic\/\/wp-content\/uploads\/usu397\/2020\/05\/sensor_CO2.jpg\"><img loading=\"lazy\" decoding=\"async\" class=\"alignnone size-full wp-image-9458\" src=\"https:\/\/agora.xtec.cat\/cesire_historic\/\/wp-content\/uploads\/usu397\/2020\/05\/sensor_CO2.jpg\" alt=\"\" width=\"299\" height=\"168\" \/><\/a><\/td>\n<td style=\"width: 348.667px; text-align: center; height: 187px;\"><a href=\"https:\/\/agora.xtec.cat\/cesire_historic\/\/wp-content\/uploads\/usu397\/2020\/05\/sensor_O2.jpg\"><img loading=\"lazy\" decoding=\"async\" class=\"alignnone size-full wp-image-9448\" src=\"https:\/\/agora.xtec.cat\/cesire_historic\/\/wp-content\/uploads\/usu397\/2020\/05\/sensor_O2.jpg\" alt=\"\" width=\"299\" height=\"168\" \/><\/a><\/td>\n<\/tr>\n<tr style=\"height: 32px;\">\n<td style=\"width: 360.667px; text-align: center; height: 32px;\"><span style=\"font-weight: 400;\">Sensor CO2 \u00a0<\/span><a href=\"http:\/\/agora.xtec.cat\/cesire_historic\/\/manual_sensor_co2_vernier2016_catala\/\" target=\"_blank\" rel=\"noopener noreferrer\"><span style=\"font-weight: 400;\">M\u00e9s informaci\u00f3<\/span><\/a><\/td>\n<td style=\"width: 348.667px; text-align: center; height: 32px;\"><span style=\"font-weight: 400;\">Sensor O<\/span><span style=\"font-weight: 400;\">2 \u00a0<\/span><a href=\"http:\/\/agora.xtec.cat\/cesire_historic\/\/manual_sensor_o2_vernier2016_catala\/\" target=\"_blank\" rel=\"noopener noreferrer\"><span style=\"font-weight: 400;\">M\u00e9s informaci\u00f3<\/span><\/a><\/td>\n<\/tr>\n<tr style=\"height: 240px;\">\n<td style=\"width: 360.667px; text-align: center; height: 240px;\"><span style=\"font-weight: 400;\"> <a href=\"https:\/\/agora.xtec.cat\/cesire_historic\/\/wp-content\/uploads\/usu397\/2020\/05\/camera_resp_foto.jpg\"><img loading=\"lazy\" decoding=\"async\" class=\"alignnone size-full wp-image-9443\" src=\"https:\/\/agora.xtec.cat\/cesire_historic\/\/wp-content\/uploads\/usu397\/2020\/05\/camera_resp_foto.jpg\" alt=\"\" width=\"250\" height=\"221\" \/><\/a><\/span><\/td>\n<td style=\"width: 348.667px; text-align: center; height: 240px;\"><span style=\"font-weight: 400;\"><a href=\"https:\/\/agora.xtec.cat\/cesire_historic\/\/wp-content\/uploads\/usu397\/2020\/12\/Smart-Citizen.jpg\"><img loading=\"lazy\" decoding=\"async\" class=\"alignnone wp-image-10541\" src=\"https:\/\/agora.xtec.cat\/cesire_historic\/\/wp-content\/uploads\/usu397\/2020\/12\/Smart-Citizen.jpg\" alt=\"\" width=\"255\" height=\"237\" srcset=\"https:\/\/agora.xtec.cat\/cesire_historic\/wp-content\/uploads\/usu397\/2020\/12\/Smart-Citizen.jpg 394w, https:\/\/agora.xtec.cat\/cesire_historic\/wp-content\/uploads\/usu397\/2020\/12\/Smart-Citizen-300x279.jpg 300w\" sizes=\"auto, (max-width: 255px) 100vw, 255px\" \/><\/a>\u00a0<\/span><\/td>\n<\/tr>\n<tr style=\"height: 32px;\">\n<td style=\"width: 360.667px; text-align: center; height: 32px;\"><span style=\"font-weight: 400;\">Cubeta respiraci\u00f3\/fermentaci\u00f3\/fotos\u00edntesi. \u00a0\u00a0 <\/span><a href=\"https:\/\/apliense.xtec.cat\/arc\/node\/30851\" target=\"_blank\" rel=\"noopener noreferrer\">Propostes did\u00e0ctiques<\/a><\/td>\n<td style=\"width: 348.667px; text-align: center; height: 32px;\"><span style=\"font-weight: 400;\">Sensor Smart Citizen. <a href=\"https:\/\/agora.xtec.cat\/cesire_historic\/\/wp-content\/uploads\/usu397\/2021\/03\/INSTRUCCIONS-U\u0301S-DELS-SENSORS-V5.pdf\" target=\"_blank\" rel=\"noopener noreferrer\">Instruccions d&#8217;\u00fas<\/a><\/span><\/p>\n<p><a href=\"https:\/\/ddd.uab.cat\/record\/225073?ln=ca\" target=\"_blank\" rel=\"noopener noreferrer\"><span style=\"font-weight: 400;\">material per a treballar la contaminaci\u00f3 de l&#8217;aire a cicle superior de prim\u00e0ria <\/span><\/a><\/p>\n<p><a href=\"https:\/\/ddd.uab.cat\/record\/201543?ln=ca\" target=\"_blank\" rel=\"noopener noreferrer\"><span style=\"font-weight: 400;\">material per a treballar la contaminaci\u00f3 de l&#8217;aire a secund\u00e0ria\u00a0<\/span><\/a><\/td>\n<\/tr>\n<tr style=\"height: 275px;\">\n<td style=\"width: 360.667px; text-align: center; height: 275px;\"><span style=\"font-weight: 400;\"> <a href=\"https:\/\/agora.xtec.cat\/cesire_historic\/\/wp-content\/uploads\/usu397\/2020\/05\/Conductivitat.jpeg\"><img loading=\"lazy\" decoding=\"async\" class=\"alignnone size-full wp-image-9444\" src=\"https:\/\/agora.xtec.cat\/cesire_historic\/\/wp-content\/uploads\/usu397\/2020\/05\/Conductivitat.jpeg\" alt=\"\" width=\"400\" height=\"300\" srcset=\"https:\/\/agora.xtec.cat\/cesire_historic\/wp-content\/uploads\/usu397\/2020\/05\/Conductivitat.jpeg 400w, https:\/\/agora.xtec.cat\/cesire_historic\/wp-content\/uploads\/usu397\/2020\/05\/Conductivitat-300x225.jpeg 300w, https:\/\/agora.xtec.cat\/cesire_historic\/wp-content\/uploads\/usu397\/2020\/05\/Conductivitat-200x150.jpeg 200w\" sizes=\"auto, (max-width: 400px) 100vw, 400px\" \/><\/a><\/span><\/td>\n<td style=\"width: 348.667px; text-align: center; height: 275px;\"><span style=\"font-weight: 400;\"> <a href=\"https:\/\/agora.xtec.cat\/cesire_historic\/\/wp-content\/uploads\/usu397\/2020\/05\/Radioactivitat.jpg\"><img loading=\"lazy\" decoding=\"async\" class=\"alignnone size-full wp-image-9447\" src=\"https:\/\/agora.xtec.cat\/cesire_historic\/\/wp-content\/uploads\/usu397\/2020\/05\/Radioactivitat.jpg\" alt=\"\" width=\"299\" height=\"168\" \/><\/a><\/span><\/td>\n<\/tr>\n<tr style=\"height: 32px;\">\n<td style=\"width: 360.667px; text-align: center; height: 32px;\"><span style=\"font-weight: 400;\">Sensors Conductivitat<\/span><\/td>\n<td style=\"width: 348.667px; text-align: center; height: 32px;\"><span style=\"font-weight: 400;\">Sensors Radioactivitat<\/span><\/td>\n<\/tr>\n<tr style=\"height: 187px;\">\n<td style=\"width: 360.667px; text-align: center; height: 187px;\"><span style=\"font-weight: 400;\"> <a href=\"https:\/\/agora.xtec.cat\/cesire_historic\/\/wp-content\/uploads\/usu397\/2020\/05\/UVA_UVB.jpg\"><img loading=\"lazy\" decoding=\"async\" class=\"alignnone size-full wp-image-9455\" src=\"https:\/\/agora.xtec.cat\/cesire_historic\/\/wp-content\/uploads\/usu397\/2020\/05\/UVA_UVB.jpg\" alt=\"\" width=\"299\" height=\"168\" \/><\/a><\/span><\/td>\n<td style=\"width: 348.667px; text-align: center; height: 187px;\"><span style=\"font-weight: 400;\"> <a href=\"https:\/\/agora.xtec.cat\/cesire_historic\/\/wp-content\/uploads\/usu397\/2020\/05\/SpectroVisPlus.jpg\"><img loading=\"lazy\" decoding=\"async\" class=\"alignnone size-full wp-image-9450\" src=\"https:\/\/agora.xtec.cat\/cesire_historic\/\/wp-content\/uploads\/usu397\/2020\/05\/SpectroVisPlus.jpg\" alt=\"\" width=\"299\" height=\"168\" \/><\/a><\/span><\/td>\n<\/tr>\n<tr style=\"height: 32px;\">\n<td style=\"width: 360.667px; text-align: center; height: 32px;\"><span style=\"font-weight: 400;\">Sensors UVA i UVB<\/span><\/td>\n<td style=\"width: 348.667px; text-align: center; height: 32px;\"><span style=\"font-weight: 400;\">Espectrofot\u00f2metre SpectroVis Plus<\/span><\/td>\n<\/tr>\n<tr style=\"height: 244px;\">\n<td style=\"width: 360.667px; text-align: center; height: 244px;\"><span style=\"font-weight: 400;\"> <a href=\"https:\/\/agora.xtec.cat\/cesire_historic\/\/wp-content\/uploads\/usu397\/2020\/05\/Camera_Dino-Eyes.jpg\"><img loading=\"lazy\" decoding=\"async\" class=\"alignnone size-full wp-image-9456\" src=\"https:\/\/agora.xtec.cat\/cesire_historic\/\/wp-content\/uploads\/usu397\/2020\/05\/Camera_Dino-Eyes.jpg\" alt=\"\" width=\"225\" height=\"225\" srcset=\"https:\/\/agora.xtec.cat\/cesire_historic\/wp-content\/uploads\/usu397\/2020\/05\/Camera_Dino-Eyes.jpg 225w, https:\/\/agora.xtec.cat\/cesire_historic\/wp-content\/uploads\/usu397\/2020\/05\/Camera_Dino-Eyes-150x150.jpg 150w\" sizes=\"auto, (max-width: 225px) 100vw, 225px\" \/><\/a><\/span><\/td>\n<td style=\"width: 348.667px; text-align: center; height: 244px;\"><span style=\"font-weight: 400;\"><a href=\"https:\/\/agora.xtec.cat\/cesire_historic\/\/wp-content\/uploads\/usu397\/2020\/05\/Camer_Dino-Lite.jpg\"><img loading=\"lazy\" decoding=\"async\" class=\"alignnone wp-image-9442\" src=\"https:\/\/agora.xtec.cat\/cesire_historic\/\/wp-content\/uploads\/usu397\/2020\/05\/Camer_Dino-Lite.jpg\" alt=\"\" width=\"182\" height=\"105\" \/><\/a><\/span><\/td>\n<\/tr>\n<tr style=\"height: 32px;\">\n<td style=\"width: 360.667px; text-align: center; height: 32px;\"><span style=\"font-weight: 400;\">C\u00e0mera Dino-Eye<\/span><\/td>\n<td style=\"width: 348.667px; text-align: center; height: 32px;\"><span style=\"font-weight: 400;\">C\u00e0mera Dino-Lite<\/span><\/td>\n<\/tr>\n<tr style=\"height: 397px;\">\n<td style=\"width: 360.667px; text-align: center; height: 148px;\"><span style=\"font-weight: 400;\"> <a href=\"https:\/\/agora.xtec.cat\/cesire_historic\/\/wp-content\/uploads\/usu397\/2020\/05\/tub_gasos.jpg\"><img loading=\"lazy\" decoding=\"async\" class=\"alignnone wp-image-9454\" src=\"https:\/\/agora.xtec.cat\/cesire_historic\/\/wp-content\/uploads\/usu397\/2020\/05\/tub_gasos.jpg\" alt=\"\" width=\"135\" height=\"56\" \/><\/a><a href=\"https:\/\/agora.xtec.cat\/cesire_historic\/\/wp-content\/uploads\/usu397\/2020\/05\/spectrum_tube_carousel.jpg\"><img loading=\"lazy\" decoding=\"async\" class=\"alignnone wp-image-9451\" src=\"https:\/\/agora.xtec.cat\/cesire_historic\/\/wp-content\/uploads\/usu397\/2020\/05\/spectrum_tube_carousel.jpg\" alt=\"\" width=\"196\" height=\"212\" \/><\/a><\/span><\/td>\n<td style=\"width: 348.667px; text-align: center; height: 148px;\"><\/td>\n<\/tr>\n<tr style=\"height: 196px;\">\n<td style=\"width: 360.667px; text-align: center; height: 70px;\"><span style=\"font-weight: 400;\">Carrusels tubs espectrosc\u00f2pic, tub de gasos<\/span><\/p>\n<p><span style=\"font-weight: 400;\">(Cada carrusel conte 7 tubs de gasos: Nitrogen,Ne\u00f3,Heli,Hidrogen,Arg\u00f3,CO<\/span><span style=\"font-weight: 400;\">2,<\/span><span style=\"font-weight: 400;\">O<\/span><span style=\"font-weight: 400;\">2)<\/span><\/p>\n<p><a href=\"http:\/\/agora.xtec.cat\/cesire_historic\/\/tubs_gasos_vernier\/\" target=\"_blank\" rel=\"noopener noreferrer\"><span style=\"font-weight: 400;\">M\u00e9s informaci\u00f3<\/span><\/a><\/td>\n<td style=\"width: 348.667px; text-align: center; height: 70px;\"><span style=\"font-weight: 400;\">\u00a0<\/span><\/td>\n<\/tr>\n<\/tbody>\n<\/table>\n","protected":false},"excerpt":{"rendered":"<p>\u00c9s convenient programar la utilitzaci\u00f3 del material amb temps i reservar-lo amb antelaci\u00f3, donat el gran volum de la demanda que cal atendre.<br \/>\nEl termini habitual de pr\u00e9stec \u00e9s de 15 dies. Passats 15 dies cal renovar el pr\u00e9stec per tel\u00e8fon. La renovaci\u00f3 del per\u00edode de&hellip;  <a href=\"https:\/\/agora.xtec.cat\/cesire_historic\/cesire\/servei-de-prestec-i-cambra-de-cria\/sensors-i-consoles\/\" title=\"Read Sensors i consoles\">Llegeix m\u00e9s\u00bb<\/a><\/p>\n","protected":false},"author":239,"featured_media":0,"parent":558,"menu_order":2,"comment_status":"closed","ping_status":"closed","template":"page-templates\/side-menu.php","meta":{"_bbp_topic_count":0,"_bbp_reply_count":0,"_bbp_total_topic_count":0,"_bbp_total_reply_count":0,"_bbp_voice_count":0,"_bbp_anonymous_reply_count":0,"_bbp_topic_count_hidden":0,"_bbp_reply_count_hidden":0,"_bbp_forum_subforum_count":0,"footnotes":""},"class_list":["post-9438","page","type-page","status-publish","hentry"],"post_mailing_queue_ids":[],"_links":{"self":[{"href":"https:\/\/agora.xtec.cat\/cesire_historic\/wp-json\/wp\/v2\/pages\/9438","targetHints":{"allow":["GET"]}}],"collection":[{"href":"https:\/\/agora.xtec.cat\/cesire_historic\/wp-json\/wp\/v2\/pages"}],"about":[{"href":"https:\/\/agora.xtec.cat\/cesire_historic\/wp-json\/wp\/v2\/types\/page"}],"author":[{"embeddable":true,"href":"https:\/\/agora.xtec.cat\/cesire_historic\/wp-json\/wp\/v2\/users\/239"}],"replies":[{"embeddable":true,"href":"https:\/\/agora.xtec.cat\/cesire_historic\/wp-json\/wp\/v2\/comments?post=9438"}],"version-history":[{"count":4,"href":"https:\/\/agora.xtec.cat\/cesire_historic\/wp-json\/wp\/v2\/pages\/9438\/revisions"}],"predecessor-version":[{"id":11103,"href":"https:\/\/agora.xtec.cat\/cesire_historic\/wp-json\/wp\/v2\/pages\/9438\/revisions\/11103"}],"up":[{"embeddable":true,"href":"https:\/\/agora.xtec.cat\/cesire_historic\/wp-json\/wp\/v2\/pages\/558"}],"wp:attachment":[{"href":"https:\/\/agora.xtec.cat\/cesire_historic\/wp-json\/wp\/v2\/media?parent=9438"}],"curies":[{"name":"wp","href":"https:\/\/api.w.org\/{rel}","templated":true}]}}