{"id":7749,"date":"2019-10-23T14:05:23","date_gmt":"2019-10-23T12:05:23","guid":{"rendered":"http:\/\/agora.xtec.cat\/cesire_historic\/\/?page_id=7749"},"modified":"2020-11-18T18:25:51","modified_gmt":"2020-11-18T17:25:51","slug":"recursos-secundaria","status":"publish","type":"page","link":"https:\/\/agora.xtec.cat\/cesire_historic\/ambit-cientific-i-medi\/recursos-per-a-laula_cm\/recursos-secundaria\/","title":{"rendered":"Recursos secund\u00e0ria"},"content":{"rendered":"<p>&nbsp;<\/p>\n<table style=\"width: 100%; height: 686px;\">\n<tbody>\n<tr style=\"height: 134px;\">\n<td style=\"width: 397.778px; text-align: center; border-style: hidden; height: 103px;\"><a href=\"https:\/\/sites.google.com\/a\/xtec.cat\/fisicaencontext\/\" target=\"_blank\" rel=\"noopener noreferrer\"><img loading=\"lazy\" decoding=\"async\" class=\"alignnone size-full wp-image-7752\" src=\"https:\/\/agora.xtec.cat\/cesire_historic\/\/wp-content\/uploads\/usu397\/2019\/10\/la-llum.jpg\" alt=\"\" width=\"494\" height=\"78\" srcset=\"https:\/\/agora.xtec.cat\/cesire_historic\/wp-content\/uploads\/usu397\/2019\/10\/la-llum.jpg 494w, https:\/\/agora.xtec.cat\/cesire_historic\/wp-content\/uploads\/usu397\/2019\/10\/la-llum-300x47.jpg 300w\" sizes=\"auto, (max-width: 494px) 100vw, 494px\" \/><\/a><\/td>\n<td style=\"width: 398.889px; border-style: hidden; height: 103px;\"><a href=\"https:\/\/sites.google.com\/a\/xtec.cat\/quimica-en-context\/?pli=1\" target=\"_blank\" rel=\"noopener noreferrer\"><img loading=\"lazy\" decoding=\"async\" class=\"wp-image-7754 aligncenter\" src=\"https:\/\/agora.xtec.cat\/cesire_historic\/\/wp-content\/uploads\/usu397\/2019\/10\/qu\u00edmica-en-context.jpg\" alt=\"\" width=\"419\" height=\"77\" srcset=\"https:\/\/agora.xtec.cat\/cesire_historic\/wp-content\/uploads\/usu397\/2019\/10\/qu\u00edmica-en-context.jpg 360w, https:\/\/agora.xtec.cat\/cesire_historic\/wp-content\/uploads\/usu397\/2019\/10\/qu\u00edmica-en-context-300x55.jpg 300w\" sizes=\"auto, (max-width: 419px) 100vw, 419px\" \/><\/a><\/td>\n<\/tr>\n<tr style=\"height: 46px;\">\n<td style=\"width: 397.778px; text-align: center; border-style: hidden; height: 46px;\">F\u00edsica en context. Batxillerat<\/td>\n<td style=\"width: 398.889px; text-align: center; border-style: hidden; height: 46px;\">Qu\u00edmica en context. Batxillerat<\/td>\n<\/tr>\n<tr style=\"height: 94px;\">\n<td style=\"width: 397.778px; border-style: hidden; height: 94px;\"><a href=\"https:\/\/sites.google.com\/a\/xtec.cat\/biologia-en-context\/home\" target=\"_blank\" rel=\"noopener noreferrer\"><img loading=\"lazy\" decoding=\"async\" class=\"size-full wp-image-7757 aligncenter\" src=\"https:\/\/agora.xtec.cat\/cesire_historic\/\/wp-content\/uploads\/usu397\/2019\/10\/biologia-en-context.jpg\" alt=\"\" width=\"359\" height=\"92\" srcset=\"https:\/\/agora.xtec.cat\/cesire_historic\/wp-content\/uploads\/usu397\/2019\/10\/biologia-en-context.jpg 359w, https:\/\/agora.xtec.cat\/cesire_historic\/wp-content\/uploads\/usu397\/2019\/10\/biologia-en-context-300x77.jpg 300w\" sizes=\"auto, (max-width: 359px) 100vw, 359px\" \/><\/a><\/td>\n<td style=\"width: 398.889px; border-style: hidden; height: 94px;\"><a href=\"https:\/\/sites.google.com\/xtec.cat\/preparacio-pau-biologia\/inici\" target=\"_blank\" rel=\"noopener noreferrer\"><img loading=\"lazy\" decoding=\"async\" class=\"alignnone size-large wp-image-8901\" src=\"https:\/\/agora.xtec.cat\/cesire_historic\/\/wp-content\/uploads\/usu397\/2020\/03\/Captura-1024x342.png\" alt=\"\" width=\"1024\" height=\"342\" srcset=\"https:\/\/agora.xtec.cat\/cesire_historic\/wp-content\/uploads\/usu397\/2020\/03\/Captura-1024x342.png 1024w, https:\/\/agora.xtec.cat\/cesire_historic\/wp-content\/uploads\/usu397\/2020\/03\/Captura-300x100.png 300w, https:\/\/agora.xtec.cat\/cesire_historic\/wp-content\/uploads\/usu397\/2020\/03\/Captura-768x256.png 768w, https:\/\/agora.xtec.cat\/cesire_historic\/wp-content\/uploads\/usu397\/2020\/03\/Captura.png 1112w\" sizes=\"auto, (max-width: 1024px) 100vw, 1024px\" \/><\/a><\/td>\n<\/tr>\n<tr style=\"height: 31px;\">\n<td style=\"width: 397.778px; text-align: center; border-style: hidden; height: 31px;\">Biologia en context. Batxillerat<\/td>\n<td style=\"width: 398.889px; text-align: center; border-style: hidden; height: 31px;\">Web per preparar les proves PAU de Biologia<\/td>\n<\/tr>\n<tr style=\"height: 91px;\">\n<td style=\"width: 397.778px; border-style: hidden; height: 91px;\"><a href=\"https:\/\/agora.xtec.cat\/cesire_historic\/\/wp-content\/uploads\/usu397\/2020\/03\/Recursos-CTM-2n-batxillerat.pdf\" target=\"_blank\" rel=\"noopener noreferrer\"><img loading=\"lazy\" decoding=\"async\" class=\"alignnone size-full wp-image-8969\" src=\"https:\/\/agora.xtec.cat\/cesire_historic\/\/wp-content\/uploads\/usu397\/2020\/03\/crystal-1405272_640.jpg\" alt=\"\" width=\"640\" height=\"224\" srcset=\"https:\/\/agora.xtec.cat\/cesire_historic\/wp-content\/uploads\/usu397\/2020\/03\/crystal-1405272_640.jpg 640w, https:\/\/agora.xtec.cat\/cesire_historic\/wp-content\/uploads\/usu397\/2020\/03\/crystal-1405272_640-300x105.jpg 300w\" sizes=\"auto, (max-width: 640px) 100vw, 640px\" \/><\/a><\/td>\n<td style=\"width: 398.889px; border-style: hidden; height: 91px;\"><a href=\"https:\/\/blocs.xtec.cat\/pauquimicafrancescmacia\/\" target=\"_blank\" rel=\"noopener noreferrer\"><img loading=\"lazy\" decoding=\"async\" class=\"alignnone size-large wp-image-9320\" src=\"https:\/\/agora.xtec.cat\/cesire_historic\/\/wp-content\/uploads\/usu397\/2020\/04\/PAU-QU\u00cdMICA-1024x576.jpg\" alt=\"\" width=\"1024\" height=\"576\" srcset=\"https:\/\/agora.xtec.cat\/cesire_historic\/wp-content\/uploads\/usu397\/2020\/04\/PAU-QU\u00cdMICA-1024x576.jpg 1024w, https:\/\/agora.xtec.cat\/cesire_historic\/wp-content\/uploads\/usu397\/2020\/04\/PAU-QU\u00cdMICA-300x169.jpg 300w, https:\/\/agora.xtec.cat\/cesire_historic\/wp-content\/uploads\/usu397\/2020\/04\/PAU-QU\u00cdMICA-768x432.jpg 768w, https:\/\/agora.xtec.cat\/cesire_historic\/wp-content\/uploads\/usu397\/2020\/04\/PAU-QU\u00cdMICA.jpg 1280w\" sizes=\"auto, (max-width: 1024px) 100vw, 1024px\" \/><\/a><\/td>\n<\/tr>\n<tr style=\"height: 31px;\">\n<td style=\"width: 397.778px; text-align: center; border-style: hidden; height: 31px;\">Llistat de recursos per Ci\u00e8ncies de la Terra i del Medi Ambient<\/td>\n<td style=\"width: 398.889px; text-align: center; border-style: hidden; height: 31px;\">Web per preparar les proves PAU de Qu\u00edmica<\/td>\n<\/tr>\n<tr style=\"height: 134px;\">\n<td style=\"width: 397.778px; border-style: hidden; height: 134px;\">&nbsp;<\/p>\n<p><a href=\"https:\/\/sites.google.com\/xtec.cat\/practiques-batxillerat\/inici\" target=\"_blank\" rel=\"noopener noreferrer\"><img loading=\"lazy\" decoding=\"async\" class=\"alignnone size-large wp-image-9928\" src=\"https:\/\/agora.xtec.cat\/cesire_historic\/\/wp-content\/uploads\/usu397\/2020\/09\/icona-LaBBaT-1024x430.png\" alt=\"\" width=\"1024\" height=\"430\" srcset=\"https:\/\/agora.xtec.cat\/cesire_historic\/wp-content\/uploads\/usu397\/2020\/09\/icona-LaBBaT-1024x430.png 1024w, https:\/\/agora.xtec.cat\/cesire_historic\/wp-content\/uploads\/usu397\/2020\/09\/icona-LaBBaT-300x126.png 300w, https:\/\/agora.xtec.cat\/cesire_historic\/wp-content\/uploads\/usu397\/2020\/09\/icona-LaBBaT-768x323.png 768w, https:\/\/agora.xtec.cat\/cesire_historic\/wp-content\/uploads\/usu397\/2020\/09\/icona-LaBBaT.png 1073w\" sizes=\"auto, (max-width: 1024px) 100vw, 1024px\" \/><\/a><\/td>\n<td style=\"width: 398.889px; border-style: hidden; height: 134px;\">&nbsp;<\/p>\n<p><a href=\"https:\/\/sites.google.com\/xtec.cat\/evolucio-de-la-calpurnia-tate\/p%C3%A0gina-principal\" target=\"_blank\" rel=\"noopener noreferrer\"><img loading=\"lazy\" decoding=\"async\" class=\"size-large wp-image-10255 alignright\" src=\"https:\/\/agora.xtec.cat\/cesire_historic\/\/wp-content\/uploads\/usu397\/2020\/11\/calpurnia-1024x274.png\" alt=\"\" width=\"1024\" height=\"274\" srcset=\"https:\/\/agora.xtec.cat\/cesire_historic\/wp-content\/uploads\/usu397\/2020\/11\/calpurnia-1024x274.png 1024w, https:\/\/agora.xtec.cat\/cesire_historic\/wp-content\/uploads\/usu397\/2020\/11\/calpurnia-300x80.png 300w, https:\/\/agora.xtec.cat\/cesire_historic\/wp-content\/uploads\/usu397\/2020\/11\/calpurnia-768x206.png 768w, https:\/\/agora.xtec.cat\/cesire_historic\/wp-content\/uploads\/usu397\/2020\/11\/calpurnia.png 1255w\" sizes=\"auto, (max-width: 1024px) 100vw, 1024px\" \/><\/a><\/p>\n<p>&nbsp;<\/td>\n<\/tr>\n<tr style=\"height: 31px;\">\n<td style=\"width: 397.778px; text-align: center; border-style: hidden; height: 31px;\">Activitats pr\u00e0ctiques per Batxillerat de Biologia i de Ci\u00e8ncies de la Terra i del Medi Ambient<\/td>\n<td style=\"width: 398.889px; text-align: center; border-style: hidden; height: 31px;\">Proposta did\u00e0ctica per treballar les ci\u00e8ncies a trav\u00e9s de la lectura de &#8220;L&#8217;evoluci\u00f3 de la Calpurnia Tate&#8221;. \u00c9s el resultat del grup de treball del Cesire &#8220;Novel\u00b7la i Ci\u00e8ncia&#8221;<\/td>\n<\/tr>\n<tr style=\"height: 94px;\">\n<td style=\"width: 397.778px; border-style: hidden; height: 94px;\">&nbsp;<\/p>\n<p>&nbsp;<\/td>\n<td style=\"width: 398.889px; border-style: hidden; height: 94px;\"><\/td>\n<\/tr>\n<tr style=\"height: 31px;\">\n<td style=\"width: 397.778px; text-align: center; border-style: hidden; height: 31px;\"><\/td>\n<td style=\"width: 398.889px; border-style: hidden; height: 31px;\"><\/td>\n<\/tr>\n<\/tbody>\n<\/table>\n<p>&nbsp;<\/p>\n<p>&nbsp;<\/p>\n","protected":false},"excerpt":{"rendered":"<p>&nbsp;<\/p>\n<p><a href=\"https:\/\/sites.google.com\/a\/xtec.cat\/fisicaencontext\/\" target=\"_blank\" rel=\"noopener noreferrer\"><\/a><br \/>\n<a href=\"https:\/\/sites.google.com\/a\/xtec.cat\/quimica-en-context\/?pli=1\" target=\"_blank\" rel=\"noopener noreferrer\"><\/a><\/p>\n<p>F\u00edsica en context. Batxillerat<br \/>\nQu\u00edmica en context. Batxillerat<\/p>\n<p><a href=\"https:\/\/sites.google.com\/a\/xtec.cat\/biologia-en-context\/home\" target=\"_blank\" rel=\"noopener noreferrer\"><\/a><br \/>\n<a href=\"https:\/\/sites.google.com\/xtec.cat\/preparacio-pau-biologia\/inici\" target=\"_blank\" rel=\"noopener noreferrer\"><\/a><\/p>\n<p>Biologia en context. Batxillerat<br \/>\nWeb per preparar les proves PAU de Biologia<\/p>\n<p><a href=\"https:\/\/agora.xtec.cat\/cesire_historic\/\/wp-content\/uploads\/usu397\/2020\/03\/Recursos-CTM-2n-batxillerat.pdf\" target=\"_blank\" rel=\"noopener noreferrer\"><\/a><br \/>\n<a href=\"https:\/\/blocs.xtec.cat\/pauquimicafrancescmacia\/\" target=\"_blank\" rel=\"noopener noreferrer\"><\/a><\/p>\n<p>Llistat de recursos per Ci\u00e8ncies&hellip;  <a href=\"https:\/\/agora.xtec.cat\/cesire_historic\/ambit-cientific-i-medi\/recursos-per-a-laula_cm\/recursos-secundaria\/\" title=\"Read Recursos secund\u00e0ria\">Llegeix m\u00e9s\u00bb<\/a><\/p>\n","protected":false},"author":239,"featured_media":0,"parent":4598,"menu_order":2,"comment_status":"closed","ping_status":"closed","template":"page-templates\/side-menu.php","meta":{"_bbp_topic_count":0,"_bbp_reply_count":0,"_bbp_total_topic_count":0,"_bbp_total_reply_count":0,"_bbp_voice_count":0,"_bbp_anonymous_reply_count":0,"_bbp_topic_count_hidden":0,"_bbp_reply_count_hidden":0,"_bbp_forum_subforum_count":0,"footnotes":""},"class_list":["post-7749","page","type-page","status-publish","hentry"],"post_mailing_queue_ids":[],"_links":{"self":[{"href":"https:\/\/agora.xtec.cat\/cesire_historic\/wp-json\/wp\/v2\/pages\/7749","targetHints":{"allow":["GET"]}}],"collection":[{"href":"https:\/\/agora.xtec.cat\/cesire_historic\/wp-json\/wp\/v2\/pages"}],"about":[{"href":"https:\/\/agora.xtec.cat\/cesire_historic\/wp-json\/wp\/v2\/types\/page"}],"author":[{"embeddable":true,"href":"https:\/\/agora.xtec.cat\/cesire_historic\/wp-json\/wp\/v2\/users\/239"}],"replies":[{"embeddable":true,"href":"https:\/\/agora.xtec.cat\/cesire_historic\/wp-json\/wp\/v2\/comments?post=7749"}],"version-history":[{"count":3,"href":"https:\/\/agora.xtec.cat\/cesire_historic\/wp-json\/wp\/v2\/pages\/7749\/revisions"}],"predecessor-version":[{"id":10257,"href":"https:\/\/agora.xtec.cat\/cesire_historic\/wp-json\/wp\/v2\/pages\/7749\/revisions\/10257"}],"up":[{"embeddable":true,"href":"https:\/\/agora.xtec.cat\/cesire_historic\/wp-json\/wp\/v2\/pages\/4598"}],"wp:attachment":[{"href":"https:\/\/agora.xtec.cat\/cesire_historic\/wp-json\/wp\/v2\/media?parent=7749"}],"curies":[{"name":"wp","href":"https:\/\/api.w.org\/{rel}","templated":true}]}}