{"id":7723,"date":"2019-10-23T13:11:33","date_gmt":"2019-10-23T11:11:33","guid":{"rendered":"http:\/\/agora.xtec.cat\/cesire_historic\/\/?page_id=7723"},"modified":"2021-04-30T09:44:35","modified_gmt":"2021-04-30T07:44:35","slug":"recursos-generals","status":"publish","type":"page","link":"https:\/\/agora.xtec.cat\/cesire_historic\/ambit-cientific-i-medi\/recursos-per-a-laula_cm\/recursos-generals\/","title":{"rendered":"Recursos generals"},"content":{"rendered":"<p>&nbsp;<\/p>\n<table style=\"width: 100%; height: 922px;\">\n<tbody>\n<tr style=\"height: 134px;\">\n<td style=\"width: 397.778px; text-align: center; border-style: hidden; height: 134px;\"><a href=\"http:\/\/apliense.xtec.cat\/arc\/\" target=\"_blank\" rel=\"noopener noreferrer\"><img loading=\"lazy\" decoding=\"async\" class=\"alignnone wp-image-7727\" src=\"https:\/\/agora.xtec.cat\/cesire_historic\/\/wp-content\/uploads\/usu397\/2019\/10\/imatge-ARC.jpg\" alt=\"\" width=\"300\" height=\"108\" \/><\/a><\/td>\n<td style=\"width: 398.889px; border-style: hidden; height: 134px;\"><a href=\"https:\/\/sites.google.com\/xtec.cat\/capsadespai\/p%C3%A0gina-principal\" target=\"_blank\" rel=\"noopener noreferrer\"><img loading=\"lazy\" decoding=\"async\" class=\"alignnone size-large wp-image-9566\" src=\"https:\/\/agora.xtec.cat\/cesire_historic\/\/wp-content\/uploads\/usu397\/2020\/05\/Capsa-espai-1024x266.png\" alt=\"\" width=\"1024\" height=\"266\" srcset=\"https:\/\/agora.xtec.cat\/cesire_historic\/wp-content\/uploads\/usu397\/2020\/05\/Capsa-espai-1024x266.png 1024w, https:\/\/agora.xtec.cat\/cesire_historic\/wp-content\/uploads\/usu397\/2020\/05\/Capsa-espai-300x78.png 300w, https:\/\/agora.xtec.cat\/cesire_historic\/wp-content\/uploads\/usu397\/2020\/05\/Capsa-espai-768x200.png 768w, https:\/\/agora.xtec.cat\/cesire_historic\/wp-content\/uploads\/usu397\/2020\/05\/Capsa-espai.png 1879w\" sizes=\"auto, (max-width: 1024px) 100vw, 1024px\" \/><\/a><\/td>\n<\/tr>\n<tr style=\"height: 46px;\">\n<td style=\"width: 397.778px; text-align: center; border-style: hidden; height: 46px;\">Recull d&#8217;activitats i d&#8217;itineraris de totes les \u00e0rees i etapes educatives. El cercador permet seleccionar per mat\u00e8ries i per cursos.<\/td>\n<td style=\"width: 398.889px; text-align: center; border-style: hidden; height: 46px;\">Vols treballar els planetes, els eclipsis, les constel\u00b7lacions&#8230; a l&#8217;aula?\u00a0 A la Capsa d&#8217;Espai trobar\u00e0s les eines i els recursos per explorar la Terra, la Lluna, el Sol, el Sistema Solar i l&#8217;Univers. Us presentem el material i la proposta did\u00e0ctica associada<\/td>\n<\/tr>\n<tr style=\"height: 94px;\">\n<td style=\"width: 397.778px; border-style: hidden; height: 94px;\"><a href=\"https:\/\/sites.google.com\/xtec.cat\/stemalespai\/inici\" target=\"_blank\" rel=\"noopener noreferrer\"><img loading=\"lazy\" decoding=\"async\" class=\"alignnone wp-image-7779\" src=\"https:\/\/agora.xtec.cat\/cesire_historic\/\/wp-content\/uploads\/usu397\/2019\/10\/STEM-a-lespai.jpg\" alt=\"\" width=\"464\" height=\"90\" srcset=\"https:\/\/agora.xtec.cat\/cesire_historic\/wp-content\/uploads\/usu397\/2019\/10\/STEM-a-lespai.jpg 763w, https:\/\/agora.xtec.cat\/cesire_historic\/wp-content\/uploads\/usu397\/2019\/10\/STEM-a-lespai-300x58.jpg 300w\" sizes=\"auto, (max-width: 464px) 100vw, 464px\" \/><\/a><\/td>\n<td style=\"width: 398.889px; border-style: hidden; height: 94px;\"><a href=\"https:\/\/sites.google.com\/a\/xtec.cat\/microcat\/tecniques-de-treball-en-microbiologia\" target=\"_blank\" rel=\"noopener noreferrer\"><img loading=\"lazy\" decoding=\"async\" class=\"size-full wp-image-7729 aligncenter\" src=\"https:\/\/agora.xtec.cat\/cesire_historic\/\/wp-content\/uploads\/usu397\/2019\/10\/imatge-microbiocat.jpg\" alt=\"\" width=\"358\" height=\"119\" srcset=\"https:\/\/agora.xtec.cat\/cesire_historic\/wp-content\/uploads\/usu397\/2019\/10\/imatge-microbiocat.jpg 358w, https:\/\/agora.xtec.cat\/cesire_historic\/wp-content\/uploads\/usu397\/2019\/10\/imatge-microbiocat-300x100.jpg 300w\" sizes=\"auto, (max-width: 358px) 100vw, 358px\" \/><\/a><\/td>\n<\/tr>\n<tr style=\"height: 31px;\">\n<td style=\"width: 397.778px; text-align: center; border-style: hidden; height: 31px;\">Espai web que recull diverses propostes educatives i recursos per treballar a l&#8217;aula en el context de les Ci\u00e8ncies de l&#8217;Espai, en particular les vinculades al projecte ESERO de la Ag\u00e8ncia Espacial Europea (ESA). Hi ha maletes amb recursos disponibles al servei de pr\u00e9stec.<\/td>\n<td style=\"width: 398.889px; text-align: center; border-style: hidden; height: 31px;\">\u00a0Blog amb recursos per treballar continguts de microbiologia pera totes les etapes educatives i amb propostes per treballs de recerca.<\/td>\n<\/tr>\n<tr style=\"height: 117px;\">\n<td style=\"width: 397.778px; border-style: hidden; height: 117px;\"><a href=\"https:\/\/sites.google.com\/xtec.cat\/cienciaconfinada\/inici\" target=\"_blank\" rel=\"noopener noreferrer\"><img loading=\"lazy\" decoding=\"async\" class=\"alignnone size-full wp-image-9202\" src=\"https:\/\/agora.xtec.cat\/cesire_historic\/\/wp-content\/uploads\/usu397\/2020\/04\/Captura-de-pantalla-de-2020-04-20-15-59-20.png\" alt=\"\" width=\"705\" height=\"186\" srcset=\"https:\/\/agora.xtec.cat\/cesire_historic\/wp-content\/uploads\/usu397\/2020\/04\/Captura-de-pantalla-de-2020-04-20-15-59-20.png 705w, https:\/\/agora.xtec.cat\/cesire_historic\/wp-content\/uploads\/usu397\/2020\/04\/Captura-de-pantalla-de-2020-04-20-15-59-20-300x79.png 300w\" sizes=\"auto, (max-width: 705px) 100vw, 705px\" \/><\/a><\/td>\n<td style=\"width: 398.889px; border-style: hidden; height: 117px;\"><a href=\"https:\/\/sites.google.com\/xtec.cat\/converses-i-recursos\/p%C3%A0gina-principal\" target=\"_blank\" rel=\"noopener noreferrer\"><img loading=\"lazy\" decoding=\"async\" class=\"alignnone size-large wp-image-11164\" src=\"https:\/\/agora.xtec.cat\/cesire_historic\/\/wp-content\/uploads\/usu397\/2021\/03\/imatge-model-geol\u00f2gic-1024x293.png\" alt=\"\" width=\"1024\" height=\"293\" srcset=\"https:\/\/agora.xtec.cat\/cesire_historic\/wp-content\/uploads\/usu397\/2021\/03\/imatge-model-geol\u00f2gic-1024x293.png 1024w, https:\/\/agora.xtec.cat\/cesire_historic\/wp-content\/uploads\/usu397\/2021\/03\/imatge-model-geol\u00f2gic-300x86.png 300w, https:\/\/agora.xtec.cat\/cesire_historic\/wp-content\/uploads\/usu397\/2021\/03\/imatge-model-geol\u00f2gic-768x219.png 768w, https:\/\/agora.xtec.cat\/cesire_historic\/wp-content\/uploads\/usu397\/2021\/03\/imatge-model-geol\u00f2gic.png 1330w\" sizes=\"auto, (max-width: 1024px) 100vw, 1024px\" \/><\/a><\/td>\n<\/tr>\n<tr style=\"height: 60px;\">\n<td style=\"width: 397.778px; border-style: hidden; height: 60px;\">En temps de confinament no podem deixar de fer Ci\u00e8ncia: propostes per treballar les ci\u00e8ncies des de casa.<\/td>\n<td style=\"width: 398.889px; border-style: hidden; height: 60px;\">Recull dels materials de la formaci\u00f3 Converses i recursos. <em>El model geol\u00f2gic: de la Terra a l&#8217;espai<\/em><\/td>\n<\/tr>\n<tr style=\"height: 30px;\">\n<td style=\"width: 397.778px; border-style: hidden; height: 30px;\"><a href=\"https:\/\/sites.google.com\/xtec.cat\/interpretemelpaisatge\/inicio\" target=\"_blank\" rel=\"noopener noreferrer\"><img loading=\"lazy\" decoding=\"async\" class=\"alignnone size-large wp-image-11400\" src=\"https:\/\/agora.xtec.cat\/cesire_historic\/\/wp-content\/uploads\/usu397\/2021\/04\/logo-sites-paisatge-2-1024x307.png\" alt=\"\" width=\"1024\" height=\"307\" srcset=\"https:\/\/agora.xtec.cat\/cesire_historic\/wp-content\/uploads\/usu397\/2021\/04\/logo-sites-paisatge-2-1024x307.png 1024w, https:\/\/agora.xtec.cat\/cesire_historic\/wp-content\/uploads\/usu397\/2021\/04\/logo-sites-paisatge-2-300x90.png 300w, https:\/\/agora.xtec.cat\/cesire_historic\/wp-content\/uploads\/usu397\/2021\/04\/logo-sites-paisatge-2-768x230.png 768w, https:\/\/agora.xtec.cat\/cesire_historic\/wp-content\/uploads\/usu397\/2021\/04\/logo-sites-paisatge-2.png 1707w\" sizes=\"auto, (max-width: 1024px) 100vw, 1024px\" \/><\/a><\/td>\n<td style=\"width: 398.889px; border-style: hidden; height: 30px;\"><\/td>\n<\/tr>\n<tr style=\"height: 45px;\">\n<td style=\"width: 397.778px; border-style: hidden; height: 45px;\">Recull dels materials de la formaci\u00f3 <em>Interpretem el paisatge i actuem<\/em>. Hi trobareu els v\u00eddeos de les cinc confer\u00e8ncies, la descripci\u00f3 dels materials de la maleta i les propostes pel treball a l&#8217;aula.<\/td>\n<td style=\"width: 398.889px; border-style: hidden; height: 45px;\"><\/td>\n<\/tr>\n<tr style=\"height: 91px;\">\n<td style=\"width: 397.778px; border-style: hidden; height: 91px;\"><a href=\"https:\/\/www.engagingscience.eu\/es\/\" target=\"_blank\" rel=\"noopener noreferrer\"><img loading=\"lazy\" decoding=\"async\" class=\"wp-image-7728 aligncenter\" src=\"https:\/\/agora.xtec.cat\/cesire_historic\/\/wp-content\/uploads\/usu397\/2019\/10\/imatge-engaging.png\" alt=\"\" width=\"163\" height=\"65\" srcset=\"https:\/\/agora.xtec.cat\/cesire_historic\/wp-content\/uploads\/usu397\/2019\/10\/imatge-engaging.png 355w, https:\/\/agora.xtec.cat\/cesire_historic\/wp-content\/uploads\/usu397\/2019\/10\/imatge-engaging-300x120.png 300w\" sizes=\"auto, (max-width: 163px) 100vw, 163px\" \/><\/a><\/td>\n<td style=\"width: 398.889px; border-style: hidden; height: 91px;\"><a href=\"https:\/\/ambientech.org\/ca\/desenvolupament-sostenible\" target=\"_blank\" rel=\"noopener noreferrer\"><img loading=\"lazy\" decoding=\"async\" class=\" wp-image-7733 aligncenter\" style=\"font-size: 16px;\" src=\"https:\/\/agora.xtec.cat\/cesire_historic\/\/wp-content\/uploads\/usu397\/2019\/10\/imatge-ambientech.jpg\" alt=\"\" width=\"291\" height=\"53\" srcset=\"https:\/\/agora.xtec.cat\/cesire_historic\/wp-content\/uploads\/usu397\/2019\/10\/imatge-ambientech.jpg 346w, https:\/\/agora.xtec.cat\/cesire_historic\/wp-content\/uploads\/usu397\/2019\/10\/imatge-ambientech-300x55.jpg 300w\" sizes=\"auto, (max-width: 291px) 100vw, 291px\" \/><\/a><\/td>\n<\/tr>\n<tr style=\"height: 31px;\">\n<td style=\"width: 397.778px; text-align: center; border-style: hidden; height: 31px;\">Materials curriculars per promoure el debat i el pensament cr\u00edtic entre l&#8217;alumnat<\/td>\n<td style=\"width: 398.889px; text-align: center; border-style: hidden; height: 31px;\">Portal educatiu d&#8217;acc\u00e9s lliure que uneix ci\u00e8ncies i medi ambient i ci\u00e8ncies i salut<\/td>\n<\/tr>\n<tr style=\"height: 134px;\">\n<td style=\"width: 397.778px; border-style: hidden; height: 87px;\"><a href=\"http:\/\/www.expecteverything.eu\/hypatia\/\" target=\"_blank\" rel=\"noopener noreferrer\"><img loading=\"lazy\" decoding=\"async\" class=\"size-large wp-image-2918 aligncenter\" src=\"https:\/\/agora.xtec.cat\/cesire_historic\/\/wp-content\/uploads\/usu397\/2018\/03\/hypatia-online-1024x573.png\" alt=\"\" width=\"1024\" height=\"573\" srcset=\"https:\/\/agora.xtec.cat\/cesire_historic\/wp-content\/uploads\/usu397\/2018\/03\/hypatia-online-1024x573.png 1024w, https:\/\/agora.xtec.cat\/cesire_historic\/wp-content\/uploads\/usu397\/2018\/03\/hypatia-online-300x168.png 300w, https:\/\/agora.xtec.cat\/cesire_historic\/wp-content\/uploads\/usu397\/2018\/03\/hypatia-online-768x430.png 768w, https:\/\/agora.xtec.cat\/cesire_historic\/wp-content\/uploads\/usu397\/2018\/03\/hypatia-online.png 1290w\" sizes=\"auto, (max-width: 1024px) 100vw, 1024px\" \/><\/a><\/td>\n<td style=\"width: 398.889px; border-style: hidden; height: 87px;\"><a href=\"http:\/\/webquestcat.net\/\" target=\"_blank\" rel=\"noopener noreferrer\"><img loading=\"lazy\" decoding=\"async\" class=\"wp-image-7730 aligncenter\" src=\"https:\/\/agora.xtec.cat\/cesire_historic\/\/wp-content\/uploads\/usu397\/2019\/10\/webquests.jpg\" alt=\"\" width=\"308\" height=\"77\" srcset=\"https:\/\/agora.xtec.cat\/cesire_historic\/wp-content\/uploads\/usu397\/2019\/10\/webquests.jpg 384w, https:\/\/agora.xtec.cat\/cesire_historic\/wp-content\/uploads\/usu397\/2019\/10\/webquests-300x74.jpg 300w\" sizes=\"auto, (max-width: 308px) 100vw, 308px\" \/><\/a><\/p>\n<p>&nbsp;<\/td>\n<\/tr>\n<tr style=\"height: 31px;\">\n<td style=\"width: 397.778px; text-align: center; border-style: hidden; height: 31px;\">Projecte Hypatia: activitats per a disminuir el biaix de g\u00e8nere a l&#8217;\u00e0mbit STEAM.<\/td>\n<td style=\"width: 398.889px; text-align: center; border-style: hidden; height: 31px;\">Recull de WebQuestes.<\/td>\n<\/tr>\n<tr style=\"height: 94px;\">\n<td style=\"width: 397.778px; border-style: hidden; height: 94px;\">&nbsp;<\/p>\n<p>&nbsp;<\/td>\n<td style=\"width: 398.889px; border-style: hidden; height: 94px;\"><\/td>\n<\/tr>\n<tr style=\"height: 31px;\">\n<td style=\"width: 397.778px; text-align: center; border-style: hidden; height: 31px;\"><\/td>\n<td style=\"width: 398.889px; border-style: hidden; height: 31px;\"><\/td>\n<\/tr>\n<\/tbody>\n<\/table>\n<p>&nbsp;<\/p>\n<p>&nbsp;<\/p>\n","protected":false},"excerpt":{"rendered":"<p>&nbsp;<\/p>\n<p><a href=\"http:\/\/apliense.xtec.cat\/arc\/\" target=\"_blank\" rel=\"noopener noreferrer\"><\/a><br \/>\n<a href=\"https:\/\/sites.google.com\/xtec.cat\/capsadespai\/p%C3%A0gina-principal\" target=\"_blank\" rel=\"noopener noreferrer\"><\/a><\/p>\n<p>Recull d&#8217;activitats i d&#8217;itineraris de totes les \u00e0rees i etapes educatives. El cercador permet seleccionar per mat\u00e8ries i per cursos.<br \/>\nVols treballar els planetes, els eclipsis, les constel\u00b7lacions&#8230; a l&#8217;aula?\u00a0 A la Capsa d&#8217;Espai trobar\u00e0s les eines i&hellip;  <a href=\"https:\/\/agora.xtec.cat\/cesire_historic\/ambit-cientific-i-medi\/recursos-per-a-laula_cm\/recursos-generals\/\" title=\"Read Recursos generals\">Llegeix m\u00e9s\u00bb<\/a><\/p>\n","protected":false},"author":239,"featured_media":0,"parent":4598,"menu_order":0,"comment_status":"closed","ping_status":"closed","template":"page-templates\/side-menu.php","meta":{"_bbp_topic_count":0,"_bbp_reply_count":0,"_bbp_total_topic_count":0,"_bbp_total_reply_count":0,"_bbp_voice_count":0,"_bbp_anonymous_reply_count":0,"_bbp_topic_count_hidden":0,"_bbp_reply_count_hidden":0,"_bbp_forum_subforum_count":0,"footnotes":""},"class_list":["post-7723","page","type-page","status-publish","hentry"],"post_mailing_queue_ids":[],"_links":{"self":[{"href":"https:\/\/agora.xtec.cat\/cesire_historic\/wp-json\/wp\/v2\/pages\/7723","targetHints":{"allow":["GET"]}}],"collection":[{"href":"https:\/\/agora.xtec.cat\/cesire_historic\/wp-json\/wp\/v2\/pages"}],"about":[{"href":"https:\/\/agora.xtec.cat\/cesire_historic\/wp-json\/wp\/v2\/types\/page"}],"author":[{"embeddable":true,"href":"https:\/\/agora.xtec.cat\/cesire_historic\/wp-json\/wp\/v2\/users\/239"}],"replies":[{"embeddable":true,"href":"https:\/\/agora.xtec.cat\/cesire_historic\/wp-json\/wp\/v2\/comments?post=7723"}],"version-history":[{"count":4,"href":"https:\/\/agora.xtec.cat\/cesire_historic\/wp-json\/wp\/v2\/pages\/7723\/revisions"}],"predecessor-version":[{"id":11404,"href":"https:\/\/agora.xtec.cat\/cesire_historic\/wp-json\/wp\/v2\/pages\/7723\/revisions\/11404"}],"up":[{"embeddable":true,"href":"https:\/\/agora.xtec.cat\/cesire_historic\/wp-json\/wp\/v2\/pages\/4598"}],"wp:attachment":[{"href":"https:\/\/agora.xtec.cat\/cesire_historic\/wp-json\/wp\/v2\/media?parent=7723"}],"curies":[{"name":"wp","href":"https:\/\/api.w.org\/{rel}","templated":true}]}}