{"id":695,"date":"2016-04-19T15:36:09","date_gmt":"2016-04-19T13:36:09","guid":{"rendered":"http:\/\/agora.xtec.cat\/cesire_historic\/\/?page_id=695"},"modified":"2017-10-19T14:19:12","modified_gmt":"2017-10-19T12:19:12","slug":"llengua-i-matematiques","status":"publish","type":"page","link":"https:\/\/agora.xtec.cat\/cesire_historic\/projectes\/llengua-a-totes-les-arees\/llengua-i-matematiques\/","title":{"rendered":"Llengua i matem\u00e0tiques"},"content":{"rendered":"<ul>\n<li><strong>Pi-relats<\/strong><\/li>\n<\/ul>\n<p>Un Pi-relat \u00e9s un microconte on s&#8217;amaga el nombre Pi. Cada paraula, ordenadament, ha de tenir la quantitat de lletres dels d\u00edgits de Pi. \u00c9s una idea que agafem de la Universitat d&#8217;Alacant i que sabem que s&#8217;ha realitzat tamb\u00e9 alguns centres educatius. Us posem un exemple dels que han participat a la convocat\u00f2ria de la UA on, a les bases, posen el l\u00edmit a un pi-relat de 20 paraules: &#8220;O\u00eca a Sara y Julia conversar de camino hacia sus casas. Mientras observaba entend\u00ed, conmovida, que al fin lograban amar&#8221;. L&#8217;aproximaci\u00f3 de Pi amagada \u00e9s 3.1415926535897932384.<\/p>\n<p style=\"text-align: center;\"><img loading=\"lazy\" decoding=\"async\" class=\"alignnone\" src=\"http:\/\/srvcnpbs.xtec.cat\/creamat\/joomla\/images\/stories\/noticies\/pi11.jpg\" alt=\"\" width=\"497\" height=\"60\" \/><\/p>\n<p style=\"text-align: center;\"><img loading=\"lazy\" decoding=\"async\" class=\"alignnone\" src=\"http:\/\/srvcnpbs.xtec.cat\/creamat\/joomla\/images\/stories\/noticies\/pi12.jpg\" alt=\"\" width=\"497\" height=\"51\" \/><\/p>\n<p style=\"text-align: center;\"><a href=\"http:\/\/srvcnpbs.xtec.cat\/creamat\/joomla\/index.php\/convocat%C3%B2ries-\/1413-pi-relats-pel-dia-de-pi\" target=\"_blank\">Enlla\u00e7 als Pi-relats<\/a><\/p>\n<ul>\n<li style=\"text-align: left;\"><strong>Matem\u00e0tiques a la llengua<\/strong><\/li>\n<\/ul>\n<p>Matem\u00e0tiques<sup>llengua<\/sup> \u00e9s una proposta per fer veure la pres\u00e8ncia de les matem\u00e0tiques en la nostra parla i escriptura quotidiana en forma de dites, frases fetes, expressions&#8230;<\/p>\n<p style=\"text-align: center;\"><img loading=\"lazy\" decoding=\"async\" class=\"aligncenter\" src=\"http:\/\/srvcnpbs.xtec.cat\/creamat\/joomla\/images\/stories\/ml\/logo_ml2.png\" alt=\"\" width=\"169\" height=\"158\" \/><\/p>\n<p style=\"text-align: center;\"><a href=\"http:\/\/matesalallengua.blogspot.com.es\/\" target=\"_blank\">Enlla\u00e7 a Matem\u00e0tiques<sup>llengua<\/sup><\/a><\/p>\n<ul>\n<li style=\"text-align: left;\"><strong>Guies de lectures matem\u00e0tiques<\/strong><\/li>\n<\/ul>\n<p>Des del CESIRE de l&#8217;ambit de matem\u00e0tiques (CREAMAT) hem col\u00b7laborat amb la <a href=\"http:\/\/bibliotecavirtual.diba.cat\/\" target=\"_blank\">Xarxa de Biblioteques de la Diputaci\u00f3 de Barcelona<\/a> per publicar dues guies de lectura, una per adults i una altra d&#8217;infantil i juvenil, amb la intenci\u00f3 recomanar novel\u00b7les, contes matem\u00e0tics i llibres divulgatius triats entre els que disposen al cat\u00e0leg les biblioteques que en depenen d&#8217;aquesta Diputaci\u00f3. Aquesta col\u00b7laboraci\u00f3 s&#8217;enmarca en els objectius del C2EM &#8220;Construir matem\u00e0tiques. Compartir per aprendre&#8221;.<\/p>\n<p><img loading=\"lazy\" decoding=\"async\" class=\"aligncenter\" src=\"http:\/\/bibliotecavirtual.diba.cat\/documents\/10934\/68019637\/mates_adults_rs.jpg\/f34dcc1d-c33e-4638-9bf5-8bdc2daa5231?t=1458207290657\" alt=\"\" width=\"239\" height=\"159\" \/><\/p>\n<p style=\"text-align: center;\">\u00a0\u00a0\u00a0 <a href=\"http:\/\/bibliotecavirtual.diba.cat\/detall-guia\/-\/detall\/7D2o\/GUIA_LECTURA\/10934\/68027636\" target=\"_blank\">Guia de lectura per a adults &#8220;Matem\u00e0tiques per a tothom&#8221;<\/a><br \/>\n<a href=\"http:\/\/genius.diba.cat\/detall-de-guia\/-\/detall\/J3Fw\/GUIA_LECTURA\/10934\/68122929\/68124675\" target=\"_blank\">Guia de lectura infantil i juvenil &#8220;Matem\u00e0tiques per a tots&#8221;<\/a><\/p>\n","protected":false},"excerpt":{"rendered":"<ul>\n<li>Pi-relats<\/li>\n<\/ul>\n<p>Un Pi-relat \u00e9s un microconte on s&#8217;amaga el nombre Pi. Cada paraula, ordenadament, ha de tenir la quantitat de lletres dels d\u00edgits de Pi. \u00c9s una idea que agafem de la Universitat d&#8217;Alacant i que sabem que s&#8217;ha realitzat tamb\u00e9 alguns centres educatius. Us posem&hellip;  <a href=\"https:\/\/agora.xtec.cat\/cesire_historic\/projectes\/llengua-a-totes-les-arees\/llengua-i-matematiques\/\" title=\"Read Llengua i matem\u00e0tiques\">Llegeix m\u00e9s\u00bb<\/a><\/p>\n","protected":false},"author":1,"featured_media":0,"parent":2151,"menu_order":5,"comment_status":"closed","ping_status":"closed","template":"page-templates\/side-menu.php","meta":{"_bbp_topic_count":0,"_bbp_reply_count":0,"_bbp_total_topic_count":0,"_bbp_total_reply_count":0,"_bbp_voice_count":0,"_bbp_anonymous_reply_count":0,"_bbp_topic_count_hidden":0,"_bbp_reply_count_hidden":0,"_bbp_forum_subforum_count":0,"footnotes":""},"class_list":["post-695","page","type-page","status-publish","hentry"],"post_mailing_queue_ids":[],"_links":{"self":[{"href":"https:\/\/agora.xtec.cat\/cesire_historic\/wp-json\/wp\/v2\/pages\/695","targetHints":{"allow":["GET"]}}],"collection":[{"href":"https:\/\/agora.xtec.cat\/cesire_historic\/wp-json\/wp\/v2\/pages"}],"about":[{"href":"https:\/\/agora.xtec.cat\/cesire_historic\/wp-json\/wp\/v2\/types\/page"}],"author":[{"embeddable":true,"href":"https:\/\/agora.xtec.cat\/cesire_historic\/wp-json\/wp\/v2\/users\/1"}],"replies":[{"embeddable":true,"href":"https:\/\/agora.xtec.cat\/cesire_historic\/wp-json\/wp\/v2\/comments?post=695"}],"version-history":[{"count":2,"href":"https:\/\/agora.xtec.cat\/cesire_historic\/wp-json\/wp\/v2\/pages\/695\/revisions"}],"predecessor-version":[{"id":699,"href":"https:\/\/agora.xtec.cat\/cesire_historic\/wp-json\/wp\/v2\/pages\/695\/revisions\/699"}],"up":[{"embeddable":true,"href":"https:\/\/agora.xtec.cat\/cesire_historic\/wp-json\/wp\/v2\/pages\/2151"}],"wp:attachment":[{"href":"https:\/\/agora.xtec.cat\/cesire_historic\/wp-json\/wp\/v2\/media?parent=695"}],"curies":[{"name":"wp","href":"https:\/\/api.w.org\/{rel}","templated":true}]}}

Llengua i matemàtiques

<ul>
<li><strong>Pi-relats</strong></li>
</ul>
<p>Un Pi-relat és un microconte on s&#8217;amaga el nombre Pi. Cada paraula, ordenadament, ha de tenir la quantitat de lletres dels dígits de Pi. És una idea que agafem de la Universitat d&#8217;Alacant i que sabem que s&#8217;ha realitzat també alguns centres educatius. Us posem un exemple dels que han participat a la convocatòria de la UA on, a les bases, posen el límit a un pi-relat de 20 paraules: &#8220;Oìa a Sara y Julia conversar de camino hacia sus casas. Mientras observaba entendí, conmovida, que al fin lograban amar&#8221;. L&#8217;aproximació de Pi amagada és 3.1415926535897932384.</p>
<p style="text-align: center;"><img loading="lazy" decoding="async" class="alignnone" src="http://srvcnpbs.xtec.cat/creamat/joomla/images/stories/noticies/pi11.jpg" alt="" width="497" height="60" /></p>
<p style="text-align: center;"><img loading="lazy" decoding="async" class="alignnone" src="http://srvcnpbs.xtec.cat/creamat/joomla/images/stories/noticies/pi12.jpg" alt="" width="497" height="51" /></p>
<p style="text-align: center;"><a href="http://srvcnpbs.xtec.cat/creamat/joomla/index.php/convocat%C3%B2ries-/1413-pi-relats-pel-dia-de-pi" target="_blank">Enllaç als Pi-relats</a></p>
<ul>
<li style="text-align: left;"><strong>Matemàtiques a la llengua</strong></li>
</ul>
<p>Matemàtiques<sup>llengua</sup> és una proposta per fer veure la presència de les matemàtiques en la nostra parla i escriptura quotidiana en forma de dites, frases fetes, expressions&#8230;</p>
<p style="text-align: center;"><img loading="lazy" decoding="async" class="aligncenter" src="http://srvcnpbs.xtec.cat/creamat/joomla/images/stories/ml/logo_ml2.png" alt="" width="169" height="158" /></p>
<p style="text-align: center;"><a href="http://matesalallengua.blogspot.com.es/" target="_blank">Enllaç a Matemàtiques<sup>llengua</sup></a></p>
<ul>
<li style="text-align: left;"><strong>Guies de lectures matemàtiques</strong></li>
</ul>
<p>Des del CESIRE de l&#8217;ambit de matemàtiques (CREAMAT) hem col·laborat amb la <a href="http://bibliotecavirtual.diba.cat/" target="_blank">Xarxa de Biblioteques de la Diputació de Barcelona</a> per publicar dues guies de lectura, una per adults i una altra d&#8217;infantil i juvenil, amb la intenció recomanar novel·les, contes matemàtics i llibres divulgatius triats entre els que disposen al catàleg les biblioteques que en depenen d&#8217;aquesta Diputació. Aquesta col·laboració s&#8217;enmarca en els objectius del C2EM &#8220;Construir matemàtiques. Compartir per aprendre&#8221;.</p>
<p><img loading="lazy" decoding="async" class="aligncenter" src="http://bibliotecavirtual.diba.cat/documents/10934/68019637/mates_adults_rs.jpg/f34dcc1d-c33e-4638-9bf5-8bdc2daa5231?t=1458207290657" alt="" width="239" height="159" /></p>
<p style="text-align: center;">    <a href="http://bibliotecavirtual.diba.cat/detall-guia/-/detall/7D2o/GUIA_LECTURA/10934/68027636" target="_blank">Guia de lectura per a adults &#8220;Matemàtiques per a tothom&#8221;</a><br />
<a href="http://genius.diba.cat/detall-de-guia/-/detall/J3Fw/GUIA_LECTURA/10934/68122929/68124675" target="_blank">Guia de lectura infantil i juvenil &#8220;Matemàtiques per a tots&#8221;</a></p>

<ul>
<li>Pi-relats</li>
</ul>
<p>Un Pi-relat és un microconte on s&#8217;amaga el nombre Pi. Cada paraula, ordenadament, ha de tenir la quantitat de lletres dels dígits de Pi. És una idea que agafem de la Universitat d&#8217;Alacant i que sabem que s&#8217;ha realitzat també alguns centres educatius. Us posem&hellip;  <a href="https://agora.xtec.cat/cesire_historic/projectes/llengua-a-totes-les-arees/llengua-i-matematiques/" title="Read Llengua i matemàtiques">Llegeix més»</a></p>
