{"id":6331,"date":"2019-06-06T18:26:44","date_gmt":"2019-06-06T16:26:44","guid":{"rendered":"http:\/\/agora.xtec.cat\/cesire_historic\/\/?page_id=6331"},"modified":"2019-06-06T18:26:44","modified_gmt":"2019-06-06T16:26:44","slug":"documents-normatius-del-departament","status":"publish","type":"page","link":"https:\/\/agora.xtec.cat\/cesire_historic\/ambit-cientific-i-medi\/suport-professorat_cm\/documents-normatius-del-departament\/","title":{"rendered":"Documents normatius del Departament"},"content":{"rendered":"<p><b>Curr\u00edculum, compet\u00e8ncies b\u00e0siques, orientaci\u00f3.<\/b><\/p>\n<p><span style=\"font-weight: 400;\">Al web del Departament d\u2019Educaci\u00f3 es troben tots els <a href=\"http:\/\/xtec.gencat.cat\/ca\/curriculum\/\" target=\"_blank\" rel=\"noopener noreferrer\">documents normatius<\/a> sobre el curr\u00edculum i les compet\u00e8ncies b\u00e0siques.\u00a0<\/span><\/p>\n<p><b>Llic\u00e8ncies d\u2019estudis<\/b><\/p>\n<p><span style=\"font-weight: 400;\">El web del Departament d\u2019Educaci\u00f3 hi ha un <a href=\"http:\/\/xtec.gencat.cat\/ca\/innovacio\/historic\/bdllicencies\/\" target=\"_blank\" rel=\"noopener noreferrer\">cercador de les llic\u00e8ncies d\u2019estudi<\/a>.<\/span><\/p>\n","protected":false},"excerpt":{"rendered":"<p>Curr\u00edculum, compet\u00e8ncies b\u00e0siques, orientaci\u00f3.<br \/>\nAl web del Departament d\u2019Educaci\u00f3 es troben tots els <a href=\"http:\/\/xtec.gencat.cat\/ca\/curriculum\/\" target=\"_blank\" rel=\"noopener noreferrer\">documents normatius<\/a> sobre el curr\u00edculum i les compet\u00e8ncies b\u00e0siques.\u00a0<br \/>\nLlic\u00e8ncies d\u2019estudis<br \/>\nEl web del Departament d\u2019Educaci\u00f3 hi ha un <a href=\"http:\/\/xtec.gencat.cat\/ca\/innovacio\/historic\/bdllicencies\/\" target=\"_blank\" rel=\"noopener noreferrer\">cercador de les llic\u00e8ncies d\u2019estudi<\/a>.<\/p>\n","protected":false},"author":239,"featured_media":0,"parent":4600,"menu_order":0,"comment_status":"closed","ping_status":"closed","template":"page-templates\/side-menu.php","meta":{"_bbp_topic_count":0,"_bbp_reply_count":0,"_bbp_total_topic_count":0,"_bbp_total_reply_count":0,"_bbp_voice_count":0,"_bbp_anonymous_reply_count":0,"_bbp_topic_count_hidden":0,"_bbp_reply_count_hidden":0,"_bbp_forum_subforum_count":0,"footnotes":""},"class_list":["post-6331","page","type-page","status-publish","hentry"],"post_mailing_queue_ids":[],"_links":{"self":[{"href":"https:\/\/agora.xtec.cat\/cesire_historic\/wp-json\/wp\/v2\/pages\/6331","targetHints":{"allow":["GET"]}}],"collection":[{"href":"https:\/\/agora.xtec.cat\/cesire_historic\/wp-json\/wp\/v2\/pages"}],"about":[{"href":"https:\/\/agora.xtec.cat\/cesire_historic\/wp-json\/wp\/v2\/types\/page"}],"author":[{"embeddable":true,"href":"https:\/\/agora.xtec.cat\/cesire_historic\/wp-json\/wp\/v2\/users\/239"}],"replies":[{"embeddable":true,"href":"https:\/\/agora.xtec.cat\/cesire_historic\/wp-json\/wp\/v2\/comments?post=6331"}],"version-history":[{"count":1,"href":"https:\/\/agora.xtec.cat\/cesire_historic\/wp-json\/wp\/v2\/pages\/6331\/revisions"}],"predecessor-version":[{"id":6332,"href":"https:\/\/agora.xtec.cat\/cesire_historic\/wp-json\/wp\/v2\/pages\/6331\/revisions\/6332"}],"up":[{"embeddable":true,"href":"https:\/\/agora.xtec.cat\/cesire_historic\/wp-json\/wp\/v2\/pages\/4600"}],"wp:attachment":[{"href":"https:\/\/agora.xtec.cat\/cesire_historic\/wp-json\/wp\/v2\/media?parent=6331"}],"curies":[{"name":"wp","href":"https:\/\/api.w.org\/{rel}","templated":true}]}}