{"id":6319,"date":"2019-06-05T15:25:57","date_gmt":"2019-06-05T13:25:57","guid":{"rendered":"http:\/\/agora.xtec.cat\/cesire_historic\/\/?page_id=6319"},"modified":"2019-06-19T13:25:15","modified_gmt":"2019-06-19T11:25:15","slug":"fires-i-congressos","status":"publish","type":"page","link":"https:\/\/agora.xtec.cat\/cesire_historic\/ambit-cientific-i-medi\/dinamitzacio-de-lalumnat_cm\/fires-i-congressos\/","title":{"rendered":"Fires i congressos"},"content":{"rendered":"<p>&nbsp;<\/p>\n<p>&nbsp;<\/p>\n<table style=\"width: 100%;\">\n<tbody>\n<tr>\n<td style=\"width: 397.778px; text-align: center; border-style: hidden;\"><a href=\"https:\/\/agora.xtec.cat\/cesire_historic\/\/wp-content\/uploads\/usu397\/2019\/06\/Badalona-1.jpg\"><img loading=\"lazy\" decoding=\"async\" class=\"size-full wp-image-6472 aligncenter\" src=\"https:\/\/agora.xtec.cat\/cesire_historic\/\/wp-content\/uploads\/usu397\/2019\/06\/Badalona-1.jpg\" alt=\"\" width=\"404\" height=\"61\" srcset=\"https:\/\/agora.xtec.cat\/cesire_historic\/wp-content\/uploads\/usu397\/2019\/06\/Badalona-1.jpg 404w, https:\/\/agora.xtec.cat\/cesire_historic\/wp-content\/uploads\/usu397\/2019\/06\/Badalona-1-300x45.jpg 300w\" sizes=\"auto, (max-width: 404px) 100vw, 404px\" \/><\/a><\/td>\n<td style=\"width: 398.889px; border-style: hidden;\"><img loading=\"lazy\" decoding=\"async\" class=\"wp-image-6473 aligncenter\" src=\"https:\/\/agora.xtec.cat\/cesire_historic\/\/wp-content\/uploads\/usu397\/2019\/06\/Barcelona1-1.jpg\" alt=\"\" width=\"254\" height=\"62\" srcset=\"https:\/\/agora.xtec.cat\/cesire_historic\/wp-content\/uploads\/usu397\/2019\/06\/Barcelona1-1.jpg 548w, https:\/\/agora.xtec.cat\/cesire_historic\/wp-content\/uploads\/usu397\/2019\/06\/Barcelona1-1-300x72.jpg 300w\" sizes=\"auto, (max-width: 254px) 100vw, 254px\" \/><\/td>\n<\/tr>\n<tr>\n<td style=\"width: 397.778px; text-align: center; border-style: hidden;\"><a href=\"https:\/\/sites.google.com\/a\/xtec.cat\/badaciencia\/\" target=\"_blank\" rel=\"noopener noreferrer\">Congr\u00e9s de Ci\u00e8ncia d&#8217;Educaci\u00f3 Infantil i Prim\u00e0ria de Badalona<\/a><\/td>\n<td style=\"width: 398.889px; text-align: center; border-style: hidden;\"><a href=\"https:\/\/blocs.xtec.cat\/6congresdeciencia\/pagina-exemple\/participants\/\" target=\"_blank\" rel=\"noopener noreferrer\">\u00a0Congr\u00e9s de Ci\u00e8ncia<\/a><\/td>\n<\/tr>\n<tr>\n<td style=\"width: 397.778px; border-style: hidden;\">&nbsp;<\/p>\n<p><img loading=\"lazy\" decoding=\"async\" class=\"wp-image-6476 aligncenter\" src=\"https:\/\/agora.xtec.cat\/cesire_historic\/\/wp-content\/uploads\/usu397\/2019\/06\/Petits-talents-1.jpg\" alt=\"\" width=\"150\" height=\"98\" \/><\/td>\n<td style=\"width: 398.889px; border-style: hidden;\"><img loading=\"lazy\" decoding=\"async\" class=\"wp-image-6471 aligncenter\" src=\"https:\/\/agora.xtec.cat\/cesire_historic\/\/wp-content\/uploads\/usu397\/2019\/06\/Anna-Gen\u00ae-1.jpg\" alt=\"\" width=\"189\" height=\"107\" \/><\/td>\n<\/tr>\n<tr>\n<td style=\"width: 397.778px; text-align: center; border-style: hidden;\"><a href=\"http:\/\/ajuntament.barcelona.cat\/educacio\/ca\/projectes-petits-talents-cientifics\" target=\"_blank\" rel=\"noopener noreferrer\">\u00a0Petits talents cient\u00edfics<\/a><\/td>\n<td style=\"width: 398.889px; text-align: center; border-style: hidden;\"><a href=\"https:\/\/sites.google.com\/site\/congresannagene\/home\" target=\"_blank\" rel=\"noopener noreferrer\">\u00a0 \u00a0Fem Ci\u00e8ncia a l&#8217;escola<\/a><\/td>\n<\/tr>\n<tr>\n<td style=\"width: 397.778px; border-style: hidden;\"><img loading=\"lazy\" decoding=\"async\" class=\"wp-image-6475 aligncenter\" style=\"font-size: 16px;\" src=\"https:\/\/agora.xtec.cat\/cesire_historic\/\/wp-content\/uploads\/usu397\/2019\/06\/Martorell-1.jpg\" alt=\"\" width=\"194\" height=\"142\" \/><\/td>\n<td style=\"width: 398.889px; border-style: hidden;\"><img loading=\"lazy\" decoding=\"async\" class=\"size-full wp-image-6474 aligncenter\" style=\"font-size: 16px;\" src=\"https:\/\/agora.xtec.cat\/cesire_historic\/\/wp-content\/uploads\/usu397\/2019\/06\/Cient\u00a1fics-en-joc-1.jpg\" alt=\"\" width=\"203\" height=\"112\" \/><\/td>\n<\/tr>\n<tr>\n<td style=\"width: 397.778px; text-align: center; border-style: hidden;\"><a href=\"https:\/\/sebaixllobregatnord.cat\/index.php\/congres-de-ciencia\" target=\"_blank\" rel=\"noopener noreferrer\">Congr\u00e9s de Ci\u00e8ncia a l&#8217;Escola<\/a><\/td>\n<td style=\"width: 398.889px; text-align: center; border-style: hidden;\"><a href=\"http:\/\/www.eduscopi.com\/cientificsenjoc\/top\/\" target=\"_blank\" rel=\"noopener noreferrer\">\u00a0Cient\u00edfics en joc<\/a><\/td>\n<\/tr>\n<tr>\n<td style=\"width: 397.778px; border-style: hidden;\">&nbsp;<\/p>\n<p><a href=\"https:\/\/agora.xtec.cat\/cesire_historic\/\/wp-content\/uploads\/usu397\/2019\/06\/Vilanova-1.jpg\"><img loading=\"lazy\" decoding=\"async\" class=\"wp-image-6479 aligncenter\" src=\"https:\/\/agora.xtec.cat\/cesire_historic\/\/wp-content\/uploads\/usu397\/2019\/06\/Vilanova-1.jpg\" alt=\"\" width=\"181\" height=\"168\" \/><\/a><\/td>\n<td style=\"width: 398.889px; border-style: hidden;\">&nbsp;<\/p>\n<p>&nbsp;<\/p>\n<p><img loading=\"lazy\" decoding=\"async\" class=\"size-full wp-image-6478 aligncenter\" src=\"https:\/\/agora.xtec.cat\/cesire_historic\/\/wp-content\/uploads\/usu397\/2019\/06\/Vic-1.jpg\" alt=\"\" width=\"245\" height=\"78\" \/><\/td>\n<\/tr>\n<tr>\n<td style=\"width: 397.778px; text-align: center; border-style: hidden;\"><a href=\"https:\/\/serveiseducatius.xtec.cat\/garraf\/congres-de-ciencia\/\" target=\"_blank\" rel=\"noopener noreferrer\">\u00a0Els infants protagonistes de la Ci\u00e8ncia<\/a><\/td>\n<td style=\"width: 398.889px; text-align: center; border-style: hidden;\"><a href=\"https:\/\/serveiseducatius.xtec.cat\/osona\/dinamitzacio\/congres-de-ciencia-feta-per-infants\/\" target=\"_blank\" rel=\"noopener noreferrer\">La Ci\u00e8ncia feta pels infants<\/a><\/td>\n<\/tr>\n<tr>\n<td style=\"width: 397.778px; border-style: hidden;\">&nbsp;<\/p>\n<p><img loading=\"lazy\" decoding=\"async\" class=\"size-full wp-image-6477 aligncenter\" src=\"https:\/\/agora.xtec.cat\/cesire_historic\/\/wp-content\/uploads\/usu397\/2019\/06\/Santa-coloma-1.jpg\" alt=\"\" width=\"267\" height=\"49\" \/><\/td>\n<td style=\"width: 398.889px; border-style: hidden;\"><\/td>\n<\/tr>\n<tr>\n<td style=\"width: 397.778px; text-align: center; border-style: hidden;\"><a href=\"https:\/\/sites.google.com\/a\/xtec.cat\/congres-de-ciencia-santa-coloma-gramenet\/home\" target=\"_blank\" rel=\"noopener noreferrer\">Congr\u00e9s de Ci\u00e8ncia Educaci\u00f3 infantil i prim\u00e0ria<\/a><\/td>\n<td style=\"width: 398.889px; border-style: hidden;\"><\/td>\n<\/tr>\n<\/tbody>\n<\/table>\n<p>&nbsp;<\/p>\n","protected":false},"excerpt":{"rendered":"<p>&nbsp;<br \/>\n&nbsp;<\/p>\n<p><a href=\"https:\/\/agora.xtec.cat\/cesire_historic\/\/wp-content\/uploads\/usu397\/2019\/06\/Badalona-1.jpg\"><\/a><\/p>\n<p><a href=\"https:\/\/sites.google.com\/a\/xtec.cat\/badaciencia\/\" target=\"_blank\" rel=\"noopener noreferrer\">Congr\u00e9s de Ci\u00e8ncia d&#8217;Educaci\u00f3 Infantil i Prim\u00e0ria de Badalona<\/a><br \/>\n<a href=\"https:\/\/blocs.xtec.cat\/6congresdeciencia\/pagina-exemple\/participants\/\" target=\"_blank\" rel=\"noopener noreferrer\">\u00a0Congr\u00e9s de Ci\u00e8ncia<\/a><\/p>\n<p>&nbsp;<\/p>\n<p><a href=\"http:\/\/ajuntament.barcelona.cat\/educacio\/ca\/projectes-petits-talents-cientifics\" target=\"_blank\" rel=\"noopener noreferrer\">\u00a0Petits talents cient\u00edfics<\/a><br \/>\n<a href=\"https:\/\/sites.google.com\/site\/congresannagene\/home\" target=\"_blank\" rel=\"noopener noreferrer\">\u00a0 \u00a0Fem Ci\u00e8ncia a l&#8217;escola<\/a><\/p>\n<p><a href=\"https:\/\/sebaixllobregatnord.cat\/index.php\/congres-de-ciencia\" target=\"_blank\" rel=\"noopener noreferrer\">Congr\u00e9s de Ci\u00e8ncia a l&#8217;Escola<\/a><br \/>\n<a href=\"http:\/\/www.eduscopi.com\/cientificsenjoc\/top\/\" target=\"_blank\" rel=\"noopener&hellip;  <a href=\"https:\/\/agora.xtec.cat\/cesire_historic\/ambit-cientific-i-medi\/dinamitzacio-de-lalumnat_cm\/fires-i-congressos\/\" title=\"Read Fires i congressos\">Llegeix m\u00e9s\u00bb<\/a><\/p>\n","protected":false},"author":239,"featured_media":0,"parent":4604,"menu_order":4,"comment_status":"closed","ping_status":"closed","template":"page-templates\/side-menu.php","meta":{"_bbp_topic_count":0,"_bbp_reply_count":0,"_bbp_total_topic_count":0,"_bbp_total_reply_count":0,"_bbp_voice_count":0,"_bbp_anonymous_reply_count":0,"_bbp_topic_count_hidden":0,"_bbp_reply_count_hidden":0,"_bbp_forum_subforum_count":0,"footnotes":""},"class_list":["post-6319","page","type-page","status-publish","hentry"],"post_mailing_queue_ids":[],"_links":{"self":[{"href":"https:\/\/agora.xtec.cat\/cesire_historic\/wp-json\/wp\/v2\/pages\/6319","targetHints":{"allow":["GET"]}}],"collection":[{"href":"https:\/\/agora.xtec.cat\/cesire_historic\/wp-json\/wp\/v2\/pages"}],"about":[{"href":"https:\/\/agora.xtec.cat\/cesire_historic\/wp-json\/wp\/v2\/types\/page"}],"author":[{"embeddable":true,"href":"https:\/\/agora.xtec.cat\/cesire_historic\/wp-json\/wp\/v2\/users\/239"}],"replies":[{"embeddable":true,"href":"https:\/\/agora.xtec.cat\/cesire_historic\/wp-json\/wp\/v2\/comments?post=6319"}],"version-history":[{"count":3,"href":"https:\/\/agora.xtec.cat\/cesire_historic\/wp-json\/wp\/v2\/pages\/6319\/revisions"}],"predecessor-version":[{"id":6530,"href":"https:\/\/agora.xtec.cat\/cesire_historic\/wp-json\/wp\/v2\/pages\/6319\/revisions\/6530"}],"up":[{"embeddable":true,"href":"https:\/\/agora.xtec.cat\/cesire_historic\/wp-json\/wp\/v2\/pages\/4604"}],"wp:attachment":[{"href":"https:\/\/agora.xtec.cat\/cesire_historic\/wp-json\/wp\/v2\/media?parent=6319"}],"curies":[{"name":"wp","href":"https:\/\/api.w.org\/{rel}","templated":true}]}}