{"id":5974,"date":"2019-05-15T12:44:53","date_gmt":"2019-05-15T10:44:53","guid":{"rendered":"http:\/\/agora.xtec.cat\/cesire_historic\/\/?page_id=5974"},"modified":"2019-05-16T12:55:54","modified_gmt":"2019-05-16T10:55:54","slug":"corrandescola","status":"publish","type":"page","link":"https:\/\/agora.xtec.cat\/cesire_historic\/ambit-artistic\/itineraris-artistics\/sessions-itineraris-artistics\/corrandescola\/","title":{"rendered":"Corrandescola"},"content":{"rendered":"<p style=\"text-align: center;\"><strong>Corrandescola: eduquem de forma l\u00fadica, vivencial i competencial<\/strong><\/p>\n<p><img loading=\"lazy\" decoding=\"async\" class=\"aligncenter\" src=\"https:\/\/agora.xtec.cat\/cesire_historic\/\/wp-content\/uploads\/usu397\/2019\/05\/17.png\" alt=\"\" width=\"484\" height=\"484\" \/><\/p>\n<p>Hist\u00f2ricament, l&#8217;art ha estat una eina comunicativa molt potent. Simple. Efectiva. Conscients d&#8217;aquest potencial proposem aquesta activitat enfocada a treballar la potencialitat del llenguatge musical i visual. Proposem un projecte on la ludificaci\u00f3 (gamificaci\u00f3) i el treball col\u00b7laboratiu i cooperatiu fa que l&#8217;alumnat sigui el veritable protagonista de l&#8217;aprenentatge amb la inclusi\u00f3 de les noves tecnologies.<\/p>\n<table class=\"alignleft\" border=\"1\" width=\"277\">\n<thead>\n<tr>\n<td>\n<p dir=\"ltr\">Compet\u00e8ncies b\u00e0siques de l\u2019\u00e0mbit art\u00edstic (m\u00fasica i arts esc\u00e8niques)<\/p>\n<p dir=\"ltr\">Compet\u00e8ncies b\u00e0siques de l\u2019\u00e0mbit ling\u00fc\u00edstic (dimensi\u00f3 liter\u00e0ria i de comunicaci\u00f3 oral)<\/p>\n<p dir=\"ltr\">Compet\u00e8ncies b\u00e0siques de l\u2019\u00e0mbit d\u2019educaci\u00f3 en valors, i de l\u2019\u00e0mbit personal i social<\/p>\n<\/td>\n<\/tr>\n<\/thead>\n<\/table>\n<p>&nbsp;<\/p>\n<p>Fitxa de presentaci\u00f3: <a href=\"https:\/\/agora.xtec.cat\/cesire_historic\/\/wp-content\/uploads\/usu397\/2019\/05\/presentaci\u00f3-i-programaci\u00f3-Corrandescola-Lleida-2.pdf\">Corrandescola<\/a><\/p>\n<p>Presentaci\u00f3 : <a href=\"https:\/\/agora.xtec.cat\/cesire_historic\/\/wp-content\/uploads\/usu397\/2019\/05\/PRESENTACI\u00d3-LLEIDA-2019-DEF.pdf\">Corrandescola<\/a><\/p>\n<p>Enlla\u00e7 web: <a href=\"http:\/\/corrandescola.blogspot.com\/p\/que-es-la-corrandescola.html\">http:\/\/corrandescola.blogspot.com\/p\/que-es-la-corrandescola.html<\/a><\/p>\n<p>&nbsp;<\/p>\n<div class=\"slideshow_container slideshow_container_style-light\" data-slideshow-id=\"5388\" data-style-name=\"style-light\" data-style-version=\"2.3.1\" data-slideshow-active=\"1\">\n<div class=\"slideshow_content\"><\/div>\n<\/div>\n<p>&nbsp;<\/p>\n<p>&nbsp;<\/p>\n","protected":false},"excerpt":{"rendered":"<p>Corrandescola: eduquem de forma l\u00fadica, vivencial i competencial<\/p>\n<p>Hist\u00f2ricament, l&#8217;art ha estat una eina comunicativa molt potent. Simple. Efectiva. Conscients d&#8217;aquest potencial proposem aquesta activitat enfocada a treballar la potencialitat del llenguatge musical i visual. Proposem un projecte on la ludificaci\u00f3 (gamificaci\u00f3) i el treball col\u00b7laboratiu&hellip;  <a href=\"https:\/\/agora.xtec.cat\/cesire_historic\/ambit-artistic\/itineraris-artistics\/sessions-itineraris-artistics\/corrandescola\/\" title=\"Read Corrandescola\">Llegeix m\u00e9s\u00bb<\/a><\/p>\n","protected":false},"author":9,"featured_media":0,"parent":3174,"menu_order":0,"comment_status":"closed","ping_status":"closed","template":"page-templates\/side-menu.php","meta":{"_bbp_topic_count":0,"_bbp_reply_count":0,"_bbp_total_topic_count":0,"_bbp_total_reply_count":0,"_bbp_voice_count":0,"_bbp_anonymous_reply_count":0,"_bbp_topic_count_hidden":0,"_bbp_reply_count_hidden":0,"_bbp_forum_subforum_count":0,"footnotes":""},"class_list":["post-5974","page","type-page","status-publish","hentry"],"post_mailing_queue_ids":[],"_links":{"self":[{"href":"https:\/\/agora.xtec.cat\/cesire_historic\/wp-json\/wp\/v2\/pages\/5974","targetHints":{"allow":["GET"]}}],"collection":[{"href":"https:\/\/agora.xtec.cat\/cesire_historic\/wp-json\/wp\/v2\/pages"}],"about":[{"href":"https:\/\/agora.xtec.cat\/cesire_historic\/wp-json\/wp\/v2\/types\/page"}],"author":[{"embeddable":true,"href":"https:\/\/agora.xtec.cat\/cesire_historic\/wp-json\/wp\/v2\/users\/9"}],"replies":[{"embeddable":true,"href":"https:\/\/agora.xtec.cat\/cesire_historic\/wp-json\/wp\/v2\/comments?post=5974"}],"version-history":[{"count":2,"href":"https:\/\/agora.xtec.cat\/cesire_historic\/wp-json\/wp\/v2\/pages\/5974\/revisions"}],"predecessor-version":[{"id":6022,"href":"https:\/\/agora.xtec.cat\/cesire_historic\/wp-json\/wp\/v2\/pages\/5974\/revisions\/6022"}],"up":[{"embeddable":true,"href":"https:\/\/agora.xtec.cat\/cesire_historic\/wp-json\/wp\/v2\/pages\/3174"}],"wp:attachment":[{"href":"https:\/\/agora.xtec.cat\/cesire_historic\/wp-json\/wp\/v2\/media?parent=5974"}],"curies":[{"name":"wp","href":"https:\/\/api.w.org\/{rel}","templated":true}]}}