{"id":5637,"date":"2019-05-06T10:47:56","date_gmt":"2019-05-06T08:47:56","guid":{"rendered":"http:\/\/agora.xtec.cat\/cesire_historic\/\/?page_id=5637"},"modified":"2019-05-06T10:49:33","modified_gmt":"2019-05-06T08:49:33","slug":"com-es-la-meva-ciutat","status":"publish","type":"page","link":"https:\/\/agora.xtec.cat\/cesire_historic\/ambit-artistic\/itineraris-artistics\/sessions-itineraris-artistics\/com-es-la-meva-ciutat\/","title":{"rendered":"Com \u00e9s la meva ciutat"},"content":{"rendered":"<p style=\"text-align: center;\"><iframe loading=\"lazy\" src=\"https:\/\/www.youtube.com\/embed\/TssSH8-HaW8\" width=\"560\" height=\"315\" frameborder=\"0\" allowfullscreen=\"allowfullscreen\"><\/iframe><\/p>\n<p>Projecte que investiga la qualitat urbana de la nostra ciutat mitjan\u00e7ant l&#8217;an\u00e0lisi de la realitat virtual -Street View- i la transformaci\u00f3 de les dades a partir de Google Maps . \u00c9s a dir, una pr\u00e0ctica\u00a0 que ajudi en la comprensi\u00f3 del pas deles 3D a les 2D i la seva interpretaci\u00f3.<\/p>\n<table class=\"alignleft\" border=\"1\">\n<thead>\n<tr>\n<td>Integraci\u00f3 de coneixements:<\/p>\n<p>Compet\u00e8ncies digitals, de l&#8217;\u00e0mbit art\u00edstic.<\/p>\n<p>Interdisciplinarietat.<\/p>\n<p>Internivells.<\/p>\n<p>&nbsp;<\/td>\n<\/tr>\n<\/thead>\n<\/table>\n<p>Fitxa de programaci\u00f3:<a href=\"https:\/\/agora.xtec.cat\/cesire_historic\/\/wp-content\/uploads\/usu397\/2019\/05\/FITXA_ITINERARIS_COM_ES_LA_MEVA_CIUTAT.pdf\"> Com \u00e9s la meva ciutat.<\/a><\/p>\n<p>Presentaci\u00f3 : <a href=\"https:\/\/agora.xtec.cat\/cesire_historic\/\/wp-content\/uploads\/usu397\/2019\/05\/Presentaci\u00f33_Com-\u00e9s-la-meva-ciutat-2.pdf\">Com \u00e9s la meva ciutat.<\/a><\/p>\n<p>&nbsp;<\/p>\n","protected":false},"excerpt":{"rendered":"<p>Projecte que investiga la qualitat urbana de la nostra ciutat mitjan\u00e7ant l&#8217;an\u00e0lisi de la realitat virtual -Street View- i la transformaci\u00f3 de les dades a partir de Google Maps . \u00c9s a dir, una pr\u00e0ctica\u00a0 que ajudi en la comprensi\u00f3 del pas deles 3D a&hellip;  <a href=\"https:\/\/agora.xtec.cat\/cesire_historic\/ambit-artistic\/itineraris-artistics\/sessions-itineraris-artistics\/com-es-la-meva-ciutat\/\" title=\"Read Com \u00e9s la meva ciutat\">Llegeix m\u00e9s\u00bb<\/a><\/p>\n","protected":false},"author":9,"featured_media":0,"parent":3174,"menu_order":0,"comment_status":"closed","ping_status":"closed","template":"page-templates\/side-menu.php","meta":{"_bbp_topic_count":0,"_bbp_reply_count":0,"_bbp_total_topic_count":0,"_bbp_total_reply_count":0,"_bbp_voice_count":0,"_bbp_anonymous_reply_count":0,"_bbp_topic_count_hidden":0,"_bbp_reply_count_hidden":0,"_bbp_forum_subforum_count":0,"footnotes":""},"class_list":["post-5637","page","type-page","status-publish","hentry"],"post_mailing_queue_ids":[],"_links":{"self":[{"href":"https:\/\/agora.xtec.cat\/cesire_historic\/wp-json\/wp\/v2\/pages\/5637","targetHints":{"allow":["GET"]}}],"collection":[{"href":"https:\/\/agora.xtec.cat\/cesire_historic\/wp-json\/wp\/v2\/pages"}],"about":[{"href":"https:\/\/agora.xtec.cat\/cesire_historic\/wp-json\/wp\/v2\/types\/page"}],"author":[{"embeddable":true,"href":"https:\/\/agora.xtec.cat\/cesire_historic\/wp-json\/wp\/v2\/users\/9"}],"replies":[{"embeddable":true,"href":"https:\/\/agora.xtec.cat\/cesire_historic\/wp-json\/wp\/v2\/comments?post=5637"}],"version-history":[{"count":2,"href":"https:\/\/agora.xtec.cat\/cesire_historic\/wp-json\/wp\/v2\/pages\/5637\/revisions"}],"predecessor-version":[{"id":5641,"href":"https:\/\/agora.xtec.cat\/cesire_historic\/wp-json\/wp\/v2\/pages\/5637\/revisions\/5641"}],"up":[{"embeddable":true,"href":"https:\/\/agora.xtec.cat\/cesire_historic\/wp-json\/wp\/v2\/pages\/3174"}],"wp:attachment":[{"href":"https:\/\/agora.xtec.cat\/cesire_historic\/wp-json\/wp\/v2\/media?parent=5637"}],"curies":[{"name":"wp","href":"https:\/\/api.w.org\/{rel}","templated":true}]}}