{"id":5536,"date":"2019-05-03T13:28:48","date_gmt":"2019-05-03T11:28:48","guid":{"rendered":"http:\/\/agora.xtec.cat\/cesire_historic\/\/?page_id=5536"},"modified":"2019-05-03T13:32:41","modified_gmt":"2019-05-03T11:32:41","slug":"breakart","status":"publish","type":"page","link":"https:\/\/agora.xtec.cat\/cesire_historic\/ambit-artistic\/itineraris-artistics\/sessions-itineraris-artistics\/breakart\/","title":{"rendered":"Breakart"},"content":{"rendered":"<p style=\"text-align: center;\"><iframe loading=\"lazy\" src=\"https:\/\/www.youtube.com\/embed\/tLA3Kb0y-m0\" width=\"560\" height=\"315\" frameborder=\"0\" allowfullscreen=\"allowfullscreen\"><\/iframe><\/p>\n<p>Hist\u00f2ricament, l&#8217;art ha estat una eina comunicativa molt potent. Simple. Efectiva. Conscients d&#8217;aquest potencial proposem aquesta activitat enfocada a treballar la potencialitat del llenguatge musical i visual. Proposem un projecte on la ludificaci\u00f3 (gamificaci\u00f3) i el treball col\u00b7laboratiu i cooperatiu fa que l&#8217;alumnat sigui el veritable protagonista de l&#8217;aprenentatge amb la inclusi\u00f3 de les noves tecnologies.<\/p>\n<table class=\"alignleft\" border=\"1\" width=\"280\">\n<thead>\n<tr>\n<td>Educaci\u00f3 Prim\u00e0ria i Secund\u00e0ria:<\/p>\n<p>\u00c0mbit art\u00edstic. Valors socials i c\u00edvics. Cultura i valors. Autonomia i iniciativa personal i social. \u00c0mbit digital i cient\u00edfic tecnol\u00f2gic. Ling\u00fc\u00edstic. Coneixement del medi social. Aprendre a aprendre.<\/td>\n<\/tr>\n<\/thead>\n<\/table>\n<p>Fitxa de programaci\u00f3: <a href=\"https:\/\/agora.xtec.cat\/cesire_historic\/\/wp-content\/uploads\/usu397\/2019\/05\/Fitxa-programaci\u00f3-Breakart.pdf\">BreakArt<\/a><\/p>\n<p>Presentaci\u00f3 : <a href=\"https:\/\/agora.xtec.cat\/cesire_historic\/\/wp-content\/uploads\/usu397\/2019\/05\/Presentaci\u00f3-BREAKART.pdf\">BreakArt<\/a><\/p>\n<p>&nbsp;<\/p>\n<div class=\"slideshow_container slideshow_container_style-light\" data-slideshow-id=\"5388\" data-style-name=\"style-light\" data-style-version=\"2.3.1\" data-slideshow-active=\"1\">\n<div class=\"slideshow_content\"><\/div>\n<\/div>\n<p>&nbsp;<\/p>\n<p>&nbsp;<\/p>\n","protected":false},"excerpt":{"rendered":"<p>Hist\u00f2ricament, l&#8217;art ha estat una eina comunicativa molt potent. Simple. Efectiva. Conscients d&#8217;aquest potencial proposem aquesta activitat enfocada a treballar la potencialitat del llenguatge musical i visual. Proposem un projecte on la ludificaci\u00f3 (gamificaci\u00f3) i el treball col\u00b7laboratiu i cooperatiu fa que l&#8217;alumnat sigui el&hellip;  <a href=\"https:\/\/agora.xtec.cat\/cesire_historic\/ambit-artistic\/itineraris-artistics\/sessions-itineraris-artistics\/breakart\/\" title=\"Read Breakart\">Llegeix m\u00e9s\u00bb<\/a><\/p>\n","protected":false},"author":9,"featured_media":0,"parent":3174,"menu_order":0,"comment_status":"closed","ping_status":"closed","template":"page-templates\/side-menu.php","meta":{"_bbp_topic_count":0,"_bbp_reply_count":0,"_bbp_total_topic_count":0,"_bbp_total_reply_count":0,"_bbp_voice_count":0,"_bbp_anonymous_reply_count":0,"_bbp_topic_count_hidden":0,"_bbp_reply_count_hidden":0,"_bbp_forum_subforum_count":0,"footnotes":""},"class_list":["post-5536","page","type-page","status-publish","hentry"],"post_mailing_queue_ids":[],"_links":{"self":[{"href":"https:\/\/agora.xtec.cat\/cesire_historic\/wp-json\/wp\/v2\/pages\/5536","targetHints":{"allow":["GET"]}}],"collection":[{"href":"https:\/\/agora.xtec.cat\/cesire_historic\/wp-json\/wp\/v2\/pages"}],"about":[{"href":"https:\/\/agora.xtec.cat\/cesire_historic\/wp-json\/wp\/v2\/types\/page"}],"author":[{"embeddable":true,"href":"https:\/\/agora.xtec.cat\/cesire_historic\/wp-json\/wp\/v2\/users\/9"}],"replies":[{"embeddable":true,"href":"https:\/\/agora.xtec.cat\/cesire_historic\/wp-json\/wp\/v2\/comments?post=5536"}],"version-history":[{"count":2,"href":"https:\/\/agora.xtec.cat\/cesire_historic\/wp-json\/wp\/v2\/pages\/5536\/revisions"}],"predecessor-version":[{"id":5546,"href":"https:\/\/agora.xtec.cat\/cesire_historic\/wp-json\/wp\/v2\/pages\/5536\/revisions\/5546"}],"up":[{"embeddable":true,"href":"https:\/\/agora.xtec.cat\/cesire_historic\/wp-json\/wp\/v2\/pages\/3174"}],"wp:attachment":[{"href":"https:\/\/agora.xtec.cat\/cesire_historic\/wp-json\/wp\/v2\/media?parent=5536"}],"curies":[{"name":"wp","href":"https:\/\/api.w.org\/{rel}","templated":true}]}}