{"id":5525,"date":"2019-05-03T12:59:26","date_gmt":"2019-05-03T10:59:26","guid":{"rendered":"http:\/\/agora.xtec.cat\/cesire_historic\/\/?page_id=5525"},"modified":"2019-05-03T13:03:28","modified_gmt":"2019-05-03T11:03:28","slug":"coneixes-indredibox","status":"publish","type":"page","link":"https:\/\/agora.xtec.cat\/cesire_historic\/ambit-artistic\/itineraris-artistics\/sessions-itineraris-artistics\/coneixes-indredibox\/","title":{"rendered":"Coneixes Indredibox?"},"content":{"rendered":"<p><strong>Coneixes Incredibox? En programem un amb Scratch!<\/strong><\/p>\n<p style=\"text-align: center;\"><iframe loading=\"lazy\" src=\"https:\/\/www.youtube.com\/embed\/jNDSmDRsgAw\" width=\"560\" height=\"315\" frameborder=\"0\" allowfullscreen=\"allowfullscreen\"><\/iframe><\/p>\n<p>La proposta consisteix en programar la nostra pr\u00f2pia versi\u00f3 de l&#8217;aplicaci\u00f3 Incredibox, una famosa aplicaci\u00f3 de creaci\u00f3 de peces musicals a capella\/beatboxing. Enregistrarem els nostres propis v\u00eddeos fent beatbox o melodies a capella per despr\u00e9s passar-los a l&#8217;Scratch, on els farem servir per crear un Entorn similar al que trobem a Incredibox.<\/p>\n<table class=\"alignleft\" border=\"1\" width=\"280\">\n<thead>\n<tr>\n<td>\u00c0mbit art\u00edstic: m\u00fasica i dansa<\/p>\n<p>\u00c0mbit digital: programaci\u00f3 i rob\u00f2tica<\/p>\n<p>Llenguatge audiovisual<\/td>\n<\/tr>\n<\/thead>\n<\/table>\n<p>Fitxa de programaci\u00f3: <a href=\"https:\/\/agora.xtec.cat\/cesire_historic\/\/wp-content\/uploads\/usu397\/2019\/05\/FITXA-programaci\u00f3-Incredibox.pdf\">Coneixes Incredibox?<\/a><\/p>\n<p>Presentaci\u00f3 : <a href=\"https:\/\/agora.xtec.cat\/cesire_historic\/\/wp-content\/uploads\/usu397\/2019\/05\/Presentacio_Scratchybox.pdf\">Coneixes Incredibox?<\/a><\/p>\n<p>Material de suport:\u00a0 <a href=\"https:\/\/agora.xtec.cat\/cesire_historic\/\/wp-content\/uploads\/usu397\/2019\/05\/IMG_1973.jpg\">1<\/a>, <a href=\"https:\/\/agora.xtec.cat\/cesire_historic\/\/wp-content\/uploads\/usu397\/2019\/05\/IMG_1974.jpg\">2<\/a> , <a href=\"https:\/\/agora.xtec.cat\/cesire_historic\/\/wp-content\/uploads\/usu397\/2019\/05\/IMG_1975.jpg\">3<\/a><\/p>\n<p>&nbsp;<\/p>\n<p>&nbsp;<\/p>\n","protected":false},"excerpt":{"rendered":"<p>Coneixes Incredibox? En programem un amb Scratch!<\/p>\n<p>La proposta consisteix en programar la nostra pr\u00f2pia versi\u00f3 de l&#8217;aplicaci\u00f3 Incredibox, una famosa aplicaci\u00f3 de creaci\u00f3 de peces musicals a capella\/beatboxing. Enregistrarem els nostres propis v\u00eddeos fent beatbox o melodies a capella per despr\u00e9s passar-los a l&#8217;Scratch, on&hellip;  <a href=\"https:\/\/agora.xtec.cat\/cesire_historic\/ambit-artistic\/itineraris-artistics\/sessions-itineraris-artistics\/coneixes-indredibox\/\" title=\"Read Coneixes Indredibox?\">Llegeix m\u00e9s\u00bb<\/a><\/p>\n","protected":false},"author":9,"featured_media":0,"parent":3174,"menu_order":0,"comment_status":"closed","ping_status":"closed","template":"page-templates\/side-menu.php","meta":{"_bbp_topic_count":0,"_bbp_reply_count":0,"_bbp_total_topic_count":0,"_bbp_total_reply_count":0,"_bbp_voice_count":0,"_bbp_anonymous_reply_count":0,"_bbp_topic_count_hidden":0,"_bbp_reply_count_hidden":0,"_bbp_forum_subforum_count":0,"footnotes":""},"class_list":["post-5525","page","type-page","status-publish","hentry"],"post_mailing_queue_ids":[],"_links":{"self":[{"href":"https:\/\/agora.xtec.cat\/cesire_historic\/wp-json\/wp\/v2\/pages\/5525","targetHints":{"allow":["GET"]}}],"collection":[{"href":"https:\/\/agora.xtec.cat\/cesire_historic\/wp-json\/wp\/v2\/pages"}],"about":[{"href":"https:\/\/agora.xtec.cat\/cesire_historic\/wp-json\/wp\/v2\/types\/page"}],"author":[{"embeddable":true,"href":"https:\/\/agora.xtec.cat\/cesire_historic\/wp-json\/wp\/v2\/users\/9"}],"replies":[{"embeddable":true,"href":"https:\/\/agora.xtec.cat\/cesire_historic\/wp-json\/wp\/v2\/comments?post=5525"}],"version-history":[{"count":1,"href":"https:\/\/agora.xtec.cat\/cesire_historic\/wp-json\/wp\/v2\/pages\/5525\/revisions"}],"predecessor-version":[{"id":5534,"href":"https:\/\/agora.xtec.cat\/cesire_historic\/wp-json\/wp\/v2\/pages\/5525\/revisions\/5534"}],"up":[{"embeddable":true,"href":"https:\/\/agora.xtec.cat\/cesire_historic\/wp-json\/wp\/v2\/pages\/3174"}],"wp:attachment":[{"href":"https:\/\/agora.xtec.cat\/cesire_historic\/wp-json\/wp\/v2\/media?parent=5525"}],"curies":[{"name":"wp","href":"https:\/\/api.w.org\/{rel}","templated":true}]}}