{"id":5448,"date":"2019-04-30T15:19:19","date_gmt":"2019-04-30T13:19:19","guid":{"rendered":"http:\/\/agora.xtec.cat\/cesire_historic\/\/?page_id=5448"},"modified":"2019-05-14T09:29:04","modified_gmt":"2019-05-14T07:29:04","slug":"monotipia-paisatges-literaris","status":"publish","type":"page","link":"https:\/\/agora.xtec.cat\/cesire_historic\/ambit-artistic\/itineraris-artistics\/sessions-itineraris-artistics\/monotipia-paisatges-literaris\/","title":{"rendered":"Monot\u00edpia: paisatges literaris"},"content":{"rendered":"<p style=\"text-align: center;\"><iframe loading=\"lazy\" src=\"https:\/\/www.youtube.com\/embed\/KLiYLFxrUjQ\" width=\"560\" height=\"315\" frameborder=\"0\" allowfullscreen=\"allowfullscreen\"><\/iframe><\/p>\n<p>Sessi\u00f3 que uneix l&#8217;art de la paraula i les arts visuals i pl\u00e0stiques. Monot\u00edpia i literatura? Binomi art\u00edstic?<\/p>\n<p>T\u00e8cnica que desperta la curiositat i l&#8217;afany creatiu. Es tracta d&#8217;una t\u00e8cnica d&#8217;estampaci\u00f3 \u00fanica, est\u00e0 a la frontera entre el gravat i la pintura ja que es realitza aprofitant processos de les dues t\u00e8cniques.<\/p>\n<table class=\"alignleft\" border=\"1\">\n<thead>\n<tr>\n<td>Integraci\u00f3 de coneixements:<\/p>\n<p>paraula, monotip, monot\u00edpia, estampaci\u00f3, pintura<\/p>\n<p>representaci\u00f3 gr\u00e0fica, expressi\u00f3 oral, artistes contemporanis<\/p>\n<p>t\u00e8cniques, materials.<\/td>\n<\/tr>\n<\/thead>\n<\/table>\n<p>Fitxa de programaci\u00f3: <a href=\"https:\/\/agora.xtec.cat\/cesire_historic\/\/wp-content\/uploads\/usu397\/2019\/05\/FITXA-programaci\u00f3-MONOTIPIA-PAISATGES-LITERARIS-Marco-Fragoso-i-Dimas-F\u00e1bregas.pdf\">Monot\u00edpia: paisatges literaris<\/a><\/p>\n<p>Presentaci\u00f3 <a href=\"https:\/\/agora.xtec.cat\/cesire_historic\/\/wp-content\/uploads\/usu397\/2019\/04\/Presentaci\u00f3_MONOT\u00cdPIA_-paisatges-literaris.pdf\">Monot\u00edpia: paisatges literaris<\/a><\/p>\n<p>&nbsp;<\/p>\n","protected":false},"excerpt":{"rendered":"<p>Sessi\u00f3 que uneix l&#8217;art de la paraula i les arts visuals i pl\u00e0stiques. Monot\u00edpia i literatura? Binomi art\u00edstic?<br \/>\nT\u00e8cnica que desperta la curiositat i l&#8217;afany creatiu. Es tracta d&#8217;una t\u00e8cnica d&#8217;estampaci\u00f3 \u00fanica, est\u00e0 a la frontera entre el gravat i la pintura ja que es realitza&hellip;  <a href=\"https:\/\/agora.xtec.cat\/cesire_historic\/ambit-artistic\/itineraris-artistics\/sessions-itineraris-artistics\/monotipia-paisatges-literaris\/\" title=\"Read Monot\u00edpia: paisatges literaris\">Llegeix m\u00e9s\u00bb<\/a><\/p>\n","protected":false},"author":9,"featured_media":0,"parent":3174,"menu_order":0,"comment_status":"closed","ping_status":"closed","template":"page-templates\/side-menu.php","meta":{"_bbp_topic_count":0,"_bbp_reply_count":0,"_bbp_total_topic_count":0,"_bbp_total_reply_count":0,"_bbp_voice_count":0,"_bbp_anonymous_reply_count":0,"_bbp_topic_count_hidden":0,"_bbp_reply_count_hidden":0,"_bbp_forum_subforum_count":0,"footnotes":""},"class_list":["post-5448","page","type-page","status-publish","hentry"],"post_mailing_queue_ids":[],"_links":{"self":[{"href":"https:\/\/agora.xtec.cat\/cesire_historic\/wp-json\/wp\/v2\/pages\/5448","targetHints":{"allow":["GET"]}}],"collection":[{"href":"https:\/\/agora.xtec.cat\/cesire_historic\/wp-json\/wp\/v2\/pages"}],"about":[{"href":"https:\/\/agora.xtec.cat\/cesire_historic\/wp-json\/wp\/v2\/types\/page"}],"author":[{"embeddable":true,"href":"https:\/\/agora.xtec.cat\/cesire_historic\/wp-json\/wp\/v2\/users\/9"}],"replies":[{"embeddable":true,"href":"https:\/\/agora.xtec.cat\/cesire_historic\/wp-json\/wp\/v2\/comments?post=5448"}],"version-history":[{"count":3,"href":"https:\/\/agora.xtec.cat\/cesire_historic\/wp-json\/wp\/v2\/pages\/5448\/revisions"}],"predecessor-version":[{"id":5946,"href":"https:\/\/agora.xtec.cat\/cesire_historic\/wp-json\/wp\/v2\/pages\/5448\/revisions\/5946"}],"up":[{"embeddable":true,"href":"https:\/\/agora.xtec.cat\/cesire_historic\/wp-json\/wp\/v2\/pages\/3174"}],"wp:attachment":[{"href":"https:\/\/agora.xtec.cat\/cesire_historic\/wp-json\/wp\/v2\/media?parent=5448"}],"curies":[{"name":"wp","href":"https:\/\/api.w.org\/{rel}","templated":true}]}}