{"id":5187,"date":"2019-04-11T10:52:24","date_gmt":"2019-04-11T08:52:24","guid":{"rendered":"http:\/\/agora.xtec.cat\/cesire_historic\/\/?page_id=5187"},"modified":"2019-07-12T11:33:03","modified_gmt":"2019-07-12T09:33:03","slug":"ii-jornada-dintercanvi-dexperiencies-artistiques","status":"publish","type":"page","link":"https:\/\/agora.xtec.cat\/cesire_historic\/ambit-artistic\/suport-professorat-art\/ii-jornada-dintercanvi-dexperiencies-artistiques\/","title":{"rendered":"II Jornada d&#8217;Intercanvi d&#8217;Experi\u00e8ncies Art\u00edstiques"},"content":{"rendered":"<p style=\"text-align: right;\">Curs 2018-201<img loading=\"lazy\" decoding=\"async\" class=\"alignright\" title=\"\" src=\"http:\/\/agora.xtec.cat\/cesire_historic\/\/wp-content\/uploads\/usu397\/2018\/05\/CAPC\u0327ALERA-enquesta-C3.png\" alt=\"\" width=\"129\" height=\"43\" \/>9<\/p>\n<p>&nbsp;<\/p>\n<p style=\"text-align: center;\">\r\n\t<div class=\"slideshow_container slideshow_container_style-light\" style=\"height: 300px; \" data-slideshow-id=\"6775\" data-style-name=\"style-light\" data-style-version=\"2.3.1\" >\r\n\r\n\t\t\t\t\t<div class=\"slideshow_loading_icon\"><\/div>\r\n\t\t\r\n\t\t<div class=\"slideshow_content\" style=\"display: none;\">\r\n\r\n\t\t\t<div class=\"slideshow_view\">\r\n\t\t\t\t<div class=\"slideshow_slide slideshow_slide_image\">\r\n\t\t\t\t\t\t\t\t\t\t\t<img src=\"https:\/\/agora.xtec.cat\/cesire_historic\/wp-content\/uploads\/usu397\/2019\/07\/MG_0987.jpg\" alt=\"_MG_0987\" width=\"2736\" height=\"1824\" \/>\r\n\t\t\t\t\t\t\t\t\t\t<div class=\"slideshow_description_box slideshow_transparent\">\r\n\t\t\t\t\t\t<div class=\"slideshow_title\">_MG_0987<\/div>\t\t\t\t\t\t\t\t\t\t\t<\/div>\r\n\t\t\t\t<\/div>\r\n\r\n\t\t\t\t\t\t\r\n\t\t\t\t<div class=\"slideshow_slide slideshow_slide_image\">\r\n\t\t\t\t\t\t\t\t\t\t\t<img src=\"https:\/\/agora.xtec.cat\/cesire_historic\/wp-content\/uploads\/usu397\/2019\/07\/MG_0980.jpg\" alt=\"_MG_0980\" width=\"2736\" height=\"1824\" \/>\r\n\t\t\t\t\t\t\t\t\t\t<div class=\"slideshow_description_box slideshow_transparent\">\r\n\t\t\t\t\t\t<div class=\"slideshow_title\">_MG_0980<\/div>\t\t\t\t\t\t\t\t\t\t\t<\/div>\r\n\t\t\t\t<\/div>\r\n\r\n\t\t\t\t\t\t<div style=\"clear: both;\"><\/div><\/div><div class=\"slideshow_view\">\r\n\t\t\t\t<div class=\"slideshow_slide slideshow_slide_image\">\r\n\t\t\t\t\t\t\t\t\t\t\t<img src=\"https:\/\/agora.xtec.cat\/cesire_historic\/wp-content\/uploads\/usu397\/2019\/07\/MG_0982.jpg\" alt=\"_MG_0982\" width=\"2736\" height=\"1824\" \/>\r\n\t\t\t\t\t\t\t\t\t\t<div class=\"slideshow_description_box slideshow_transparent\">\r\n\t\t\t\t\t\t<div class=\"slideshow_title\">_MG_0982<\/div>\t\t\t\t\t\t\t\t\t\t\t<\/div>\r\n\t\t\t\t<\/div>\r\n\r\n\t\t\t\t\t\t\r\n\t\t\t\t<div class=\"slideshow_slide slideshow_slide_image\">\r\n\t\t\t\t\t\t\t\t\t\t\t<img src=\"https:\/\/agora.xtec.cat\/cesire_historic\/wp-content\/uploads\/usu397\/2019\/07\/MG_0983.jpg\" alt=\"_MG_0983\" width=\"2736\" height=\"1824\" \/>\r\n\t\t\t\t\t\t\t\t\t\t<div class=\"slideshow_description_box slideshow_transparent\">\r\n\t\t\t\t\t\t<div class=\"slideshow_title\">_MG_0983<\/div>\t\t\t\t\t\t\t\t\t\t\t<\/div>\r\n\t\t\t\t<\/div>\r\n\r\n\t\t\t\t\t\t<div style=\"clear: both;\"><\/div><\/div><div class=\"slideshow_view\">\r\n\t\t\t\t<div class=\"slideshow_slide slideshow_slide_image\">\r\n\t\t\t\t\t\t\t\t\t\t\t<img src=\"https:\/\/agora.xtec.cat\/cesire_historic\/wp-content\/uploads\/usu397\/2019\/07\/MG_0930.jpg\" alt=\"_MG_0930\" width=\"2736\" height=\"1824\" \/>\r\n\t\t\t\t\t\t\t\t\t\t<div class=\"slideshow_description_box slideshow_transparent\">\r\n\t\t\t\t\t\t<div class=\"slideshow_title\">_MG_0930<\/div>\t\t\t\t\t\t\t\t\t\t\t<\/div>\r\n\t\t\t\t<\/div>\r\n\r\n\t\t\t\t\t\t\r\n\t\t\t\t<div class=\"slideshow_slide slideshow_slide_image\">\r\n\t\t\t\t\t\t\t\t\t\t\t<img src=\"https:\/\/agora.xtec.cat\/cesire_historic\/wp-content\/uploads\/usu397\/2019\/07\/MG_0942.jpg\" alt=\"_MG_0942\" width=\"2736\" height=\"1824\" \/>\r\n\t\t\t\t\t\t\t\t\t\t<div class=\"slideshow_description_box slideshow_transparent\">\r\n\t\t\t\t\t\t<div class=\"slideshow_title\">_MG_0942<\/div>\t\t\t\t\t\t\t\t\t\t\t<\/div>\r\n\t\t\t\t<\/div>\r\n\r\n\t\t\t\t\t\t<div style=\"clear: both;\"><\/div><\/div><div class=\"slideshow_view\">\r\n\t\t\t\t<div class=\"slideshow_slide slideshow_slide_image\">\r\n\t\t\t\t\t\t\t\t\t\t\t<img src=\"https:\/\/agora.xtec.cat\/cesire_historic\/wp-content\/uploads\/usu397\/2019\/07\/MG_0951.jpg\" alt=\"_MG_0951\" width=\"2736\" height=\"1824\" \/>\r\n\t\t\t\t\t\t\t\t\t\t<div class=\"slideshow_description_box slideshow_transparent\">\r\n\t\t\t\t\t\t<div class=\"slideshow_title\">_MG_0951<\/div>\t\t\t\t\t\t\t\t\t\t\t<\/div>\r\n\t\t\t\t<\/div>\r\n\r\n\t\t\t\t\t\t\r\n\t\t\t\t<div class=\"slideshow_slide slideshow_slide_image\">\r\n\t\t\t\t\t\t\t\t\t\t\t<img src=\"https:\/\/agora.xtec.cat\/cesire_historic\/wp-content\/uploads\/usu397\/2019\/07\/MG_0953.jpg\" alt=\"_MG_0953\" width=\"2736\" height=\"1824\" \/>\r\n\t\t\t\t\t\t\t\t\t\t<div class=\"slideshow_description_box slideshow_transparent\">\r\n\t\t\t\t\t\t<div class=\"slideshow_title\">_MG_0953<\/div>\t\t\t\t\t\t\t\t\t\t\t<\/div>\r\n\t\t\t\t<\/div>\r\n\r\n\t\t\t\t\t\t<div style=\"clear: both;\"><\/div><\/div><div class=\"slideshow_view\">\r\n\t\t\t\t<div class=\"slideshow_slide slideshow_slide_image\">\r\n\t\t\t\t\t\t\t\t\t\t\t<img src=\"https:\/\/agora.xtec.cat\/cesire_historic\/wp-content\/uploads\/usu397\/2019\/07\/MG_0958.jpg\" alt=\"_MG_0958\" width=\"2736\" height=\"1824\" \/>\r\n\t\t\t\t\t\t\t\t\t\t<div class=\"slideshow_description_box slideshow_transparent\">\r\n\t\t\t\t\t\t<div class=\"slideshow_title\">_MG_0958<\/div>\t\t\t\t\t\t\t\t\t\t\t<\/div>\r\n\t\t\t\t<\/div>\r\n\r\n\t\t\t\t\t\t\r\n\t\t\t\t<div class=\"slideshow_slide slideshow_slide_image\">\r\n\t\t\t\t\t\t\t\t\t\t\t<img src=\"https:\/\/agora.xtec.cat\/cesire_historic\/wp-content\/uploads\/usu397\/2019\/07\/MG_0959.jpg\" alt=\"_MG_0959\" width=\"2736\" height=\"1824\" \/>\r\n\t\t\t\t\t\t\t\t\t\t<div class=\"slideshow_description_box slideshow_transparent\">\r\n\t\t\t\t\t\t<div class=\"slideshow_title\">_MG_0959<\/div>\t\t\t\t\t\t\t\t\t\t\t<\/div>\r\n\t\t\t\t<\/div>\r\n\r\n\t\t\t\t\t\t<div style=\"clear: both;\"><\/div><\/div><div class=\"slideshow_view\">\r\n\t\t\t\t<div class=\"slideshow_slide slideshow_slide_image\">\r\n\t\t\t\t\t\t\t\t\t\t\t<img src=\"https:\/\/agora.xtec.cat\/cesire_historic\/wp-content\/uploads\/usu397\/2019\/07\/MG_0960.jpg\" alt=\"_MG_0960\" width=\"2736\" height=\"1824\" \/>\r\n\t\t\t\t\t\t\t\t\t\t<div class=\"slideshow_description_box slideshow_transparent\">\r\n\t\t\t\t\t\t<div class=\"slideshow_title\">_MG_0960<\/div>\t\t\t\t\t\t\t\t\t\t\t<\/div>\r\n\t\t\t\t<\/div>\r\n\r\n\t\t\t\t\t\t<div style=\"clear: both;\"><\/div><\/div>\r\n\t\t<\/div>\r\n\r\n\t\t<div class=\"slideshow_controlPanel slideshow_transparent\" style=\"display: none;\"><ul><li class=\"slideshow_togglePlay\" data-play-text=\"Visualitza\" data-pause-text=\"Pausa\"><\/li><\/ul><\/div>\r\n\r\n\t\t<div class=\"slideshow_button slideshow_previous slideshow_transparent\" role=\"button\" data-previous-text=\"Anterior\" style=\"display: none;\"><\/div>\r\n\t\t<div class=\"slideshow_button slideshow_next slideshow_transparent\" role=\"button\" data-next-text=\"Seg\u00fcent\" style=\"display: none;\"><\/div>\r\n\r\n\t\t<div class=\"slideshow_pagination\" style=\"display: none;\" data-go-to-text=\"V\u00e9s a la diapositiva\"><div class=\"slideshow_pagination_center\"><\/div><\/div>\r\n\r\n\t\t<!-- WordPress Slideshow Version 2.3.1 -->\r\n\r\n\t\t\t<\/div>\r\n\r\n<\/p>\n<p style=\"text-align: center;\">\r\n\t<div class=\"slideshow_container slideshow_container_style-light\" style=\"height: 300px; \" data-slideshow-id=\"6776\" data-style-name=\"style-light\" data-style-version=\"2.3.1\" >\r\n\r\n\t\t\t\t\t<div class=\"slideshow_loading_icon\"><\/div>\r\n\t\t\r\n\t\t<div class=\"slideshow_content\" style=\"display: none;\">\r\n\r\n\t\t\t<div class=\"slideshow_view\">\r\n\t\t\t\t<div class=\"slideshow_slide slideshow_slide_image\">\r\n\t\t\t\t\t\t\t\t\t\t\t<img src=\"https:\/\/agora.xtec.cat\/cesire_historic\/wp-content\/uploads\/usu397\/2019\/07\/MG_0968.jpg\" alt=\"_MG_0968\" width=\"2736\" height=\"1824\" \/>\r\n\t\t\t\t\t\t\t\t\t\t<div class=\"slideshow_description_box slideshow_transparent\">\r\n\t\t\t\t\t\t<div class=\"slideshow_title\">_MG_0968<\/div>\t\t\t\t\t\t\t\t\t\t\t<\/div>\r\n\t\t\t\t<\/div>\r\n\r\n\t\t\t\t\t\t\r\n\t\t\t\t<div class=\"slideshow_slide slideshow_slide_image\">\r\n\t\t\t\t\t\t\t\t\t\t\t<img src=\"https:\/\/agora.xtec.cat\/cesire_historic\/wp-content\/uploads\/usu397\/2019\/07\/MG_0965.jpg\" alt=\"_MG_0965\" width=\"2736\" height=\"1824\" \/>\r\n\t\t\t\t\t\t\t\t\t\t<div class=\"slideshow_description_box slideshow_transparent\">\r\n\t\t\t\t\t\t<div class=\"slideshow_title\">_MG_0965<\/div>\t\t\t\t\t\t\t\t\t\t\t<\/div>\r\n\t\t\t\t<\/div>\r\n\r\n\t\t\t\t\t\t<div style=\"clear: both;\"><\/div><\/div><div class=\"slideshow_view\">\r\n\t\t\t\t<div class=\"slideshow_slide slideshow_slide_image\">\r\n\t\t\t\t\t\t\t\t\t\t\t<img src=\"https:\/\/agora.xtec.cat\/cesire_historic\/wp-content\/uploads\/usu397\/2019\/07\/MG_0963.jpg\" alt=\"_MG_0963\" width=\"2736\" height=\"1824\" \/>\r\n\t\t\t\t\t\t\t\t\t\t<div class=\"slideshow_description_box slideshow_transparent\">\r\n\t\t\t\t\t\t<div class=\"slideshow_title\">_MG_0963<\/div>\t\t\t\t\t\t\t\t\t\t\t<\/div>\r\n\t\t\t\t<\/div>\r\n\r\n\t\t\t\t\t\t\r\n\t\t\t\t<div class=\"slideshow_slide slideshow_slide_image\">\r\n\t\t\t\t\t\t\t\t\t\t\t<img src=\"https:\/\/agora.xtec.cat\/cesire_historic\/wp-content\/uploads\/usu397\/2019\/07\/MG_0978.jpg\" alt=\"_MG_0978\" width=\"2736\" height=\"1824\" \/>\r\n\t\t\t\t\t\t\t\t\t\t<div class=\"slideshow_description_box slideshow_transparent\">\r\n\t\t\t\t\t\t<div class=\"slideshow_title\">_MG_0978<\/div>\t\t\t\t\t\t\t\t\t\t\t<\/div>\r\n\t\t\t\t<\/div>\r\n\r\n\t\t\t\t\t\t<div style=\"clear: both;\"><\/div><\/div><div class=\"slideshow_view\">\r\n\t\t\t\t<div class=\"slideshow_slide slideshow_slide_image\">\r\n\t\t\t\t\t\t\t\t\t\t\t<img src=\"https:\/\/agora.xtec.cat\/cesire_historic\/wp-content\/uploads\/usu397\/2019\/07\/MG_0979.jpg\" alt=\"_MG_0979\" width=\"2736\" height=\"1824\" \/>\r\n\t\t\t\t\t\t\t\t\t\t<div class=\"slideshow_description_box slideshow_transparent\">\r\n\t\t\t\t\t\t<div class=\"slideshow_title\">_MG_0979<\/div>\t\t\t\t\t\t\t\t\t\t\t<\/div>\r\n\t\t\t\t<\/div>\r\n\r\n\t\t\t\t\t\t\r\n\t\t\t\t<div class=\"slideshow_slide slideshow_slide_image\">\r\n\t\t\t\t\t\t\t\t\t\t\t<img src=\"https:\/\/agora.xtec.cat\/cesire_historic\/wp-content\/uploads\/usu397\/2019\/07\/MG_0981.jpg\" alt=\"_MG_0981\" width=\"2736\" height=\"1824\" \/>\r\n\t\t\t\t\t\t\t\t\t\t<div class=\"slideshow_description_box slideshow_transparent\">\r\n\t\t\t\t\t\t<div class=\"slideshow_title\">_MG_0981<\/div>\t\t\t\t\t\t\t\t\t\t\t<\/div>\r\n\t\t\t\t<\/div>\r\n\r\n\t\t\t\t\t\t<div style=\"clear: both;\"><\/div><\/div><div class=\"slideshow_view\">\r\n\t\t\t\t<div class=\"slideshow_slide slideshow_slide_image\">\r\n\t\t\t\t\t\t\t\t\t\t\t<img src=\"https:\/\/agora.xtec.cat\/cesire_historic\/wp-content\/uploads\/usu397\/2019\/07\/MG_0982.jpg\" alt=\"_MG_0982\" width=\"2736\" height=\"1824\" \/>\r\n\t\t\t\t\t\t\t\t\t\t<div class=\"slideshow_description_box slideshow_transparent\">\r\n\t\t\t\t\t\t<div class=\"slideshow_title\">_MG_0982<\/div>\t\t\t\t\t\t\t\t\t\t\t<\/div>\r\n\t\t\t\t<\/div>\r\n\r\n\t\t\t\t\t\t\r\n\t\t\t\t<div class=\"slideshow_slide slideshow_slide_image\">\r\n\t\t\t\t\t\t\t\t\t\t\t<img src=\"https:\/\/agora.xtec.cat\/cesire_historic\/wp-content\/uploads\/usu397\/2019\/07\/MG_0928.jpg\" alt=\"_MG_0928\" width=\"2736\" height=\"1824\" \/>\r\n\t\t\t\t\t\t\t\t\t\t<div class=\"slideshow_description_box slideshow_transparent\">\r\n\t\t\t\t\t\t<div class=\"slideshow_title\">_MG_0928<\/div>\t\t\t\t\t\t\t\t\t\t\t<\/div>\r\n\t\t\t\t<\/div>\r\n\r\n\t\t\t\t\t\t<div style=\"clear: both;\"><\/div><\/div><div class=\"slideshow_view\">\r\n\t\t\t\t<div class=\"slideshow_slide slideshow_slide_image\">\r\n\t\t\t\t\t\t\t\t\t\t\t<img src=\"https:\/\/agora.xtec.cat\/cesire_historic\/wp-content\/uploads\/usu397\/2019\/07\/MG_0929.jpg\" alt=\"_MG_0929\" width=\"2736\" height=\"1824\" \/>\r\n\t\t\t\t\t\t\t\t\t\t<div class=\"slideshow_description_box slideshow_transparent\">\r\n\t\t\t\t\t\t<div class=\"slideshow_title\">_MG_0929<\/div>\t\t\t\t\t\t\t\t\t\t\t<\/div>\r\n\t\t\t\t<\/div>\r\n\r\n\t\t\t\t\t\t\r\n\t\t\t\t<div class=\"slideshow_slide slideshow_slide_image\">\r\n\t\t\t\t\t\t\t\t\t\t\t<img src=\"https:\/\/agora.xtec.cat\/cesire_historic\/wp-content\/uploads\/usu397\/2019\/07\/MG_0930.jpg\" alt=\"_MG_0930\" width=\"2736\" height=\"1824\" \/>\r\n\t\t\t\t\t\t\t\t\t\t<div class=\"slideshow_description_box slideshow_transparent\">\r\n\t\t\t\t\t\t<div class=\"slideshow_title\">_MG_0930<\/div>\t\t\t\t\t\t\t\t\t\t\t<\/div>\r\n\t\t\t\t<\/div>\r\n\r\n\t\t\t\t\t\t<div style=\"clear: both;\"><\/div><\/div>\r\n\t\t<\/div>\r\n\r\n\t\t<div class=\"slideshow_controlPanel slideshow_transparent\" style=\"display: none;\"><ul><li class=\"slideshow_togglePlay\" data-play-text=\"Visualitza\" data-pause-text=\"Pausa\"><\/li><\/ul><\/div>\r\n\r\n\t\t<div class=\"slideshow_button slideshow_previous slideshow_transparent\" role=\"button\" data-previous-text=\"Anterior\" style=\"display: none;\"><\/div>\r\n\t\t<div class=\"slideshow_button slideshow_next slideshow_transparent\" role=\"button\" data-next-text=\"Seg\u00fcent\" style=\"display: none;\"><\/div>\r\n\r\n\t\t<div class=\"slideshow_pagination\" style=\"display: none;\" data-go-to-text=\"V\u00e9s a la diapositiva\"><div class=\"slideshow_pagination_center\"><\/div><\/div>\r\n\r\n\t\t<!-- WordPress Slideshow Version 2.3.1 -->\r\n\r\n\t\t\t<\/div>\r\n\r\n<\/p>\n<p>A la II Trobada d&#8217;Intercanvi d&#8217;Experi\u00e8ncies Art\u00edstiques hi va haver representaci\u00f3 dels 5 serveis territorials on es va fer la formaci\u00f3 Itineraris Art\u00edstics durant el curs 2018-2019: Barcelona &#8211; CESIRE., Sabadell, Granollers, Lleida, Girona.<\/p>\n<p>Programa de la Jornada:<\/p>\n<p>Confer\u00e8ncia de<strong> Dimas F\u00e0bregas. <\/strong><strong>\u201cLes potencialitats creatives dels materials inespec\u00edfics\u201d<\/strong><\/p>\n<p>Concert a c\u00e0rrec del <strong>Grup de clarinets Orfe\u00f3 Gracienc. <\/strong><em>Dir<\/em>. <strong>Quim Tafall<\/strong>a . IEA Oriol Martorell. <em>Clarinets:<\/em> <strong>Aram Roca, Valeria Serra, Gustavo G\u00f3mez, Olau Vinyals,\u00a0 Helena Camp\u00e0s \u00a0i\u00a0 Aleix Sime\u00f3n<\/strong>. Peces: <em>Cant a Sant Jordi.G.F.Haendel, <\/em><em>Boehmian Suit. .J.Bradac, <\/em><em>Trion.3. N.Gallon, <\/em><em>Russiche Volkslieder un t\u00fcnze. J.B\u00f6nish, <\/em><em>Danses Irlandeses. K.Kerry<\/em><\/p>\n<p>Presentaci\u00f3 de\u00a0<strong> Maria Garcia i \u00c0frica P\u00e9rez<\/strong>. Escola Mil\u00b7lenari. Cardedeu. L\u2019ART DE RECICLAR: els vigilants del medi ambient.<\/p>\n<p>Presentaci\u00f3 de <strong>Sara S\u00e1nchez Estivill.<\/strong> Escola Mil\u00b7lenari. Cardedeu.\u00a0MAKEY- MAKEY i SCRATCH<\/p>\n<p>Presentaci\u00f3 de <strong>Pepa Jim\u00e9nez.<\/strong> Escola Thau. Sant Cugat. CUG-ART <em>Un joc al carrer on l&#8217;ART ens fa aprendre<\/em><\/p>\n<p>Presentaci\u00f3 de <strong>Mariangels Arbus\u00e9 Sancho i Merc\u00e8 Camarena V\u00e1zquez. <\/strong>Escoles Les Alzines. Girona. PENSEM EN POP ART I DESCOBRIM LA BELLESA DEL M\u00c9S QUAOTIDI\u00c0<\/p>\n<p>Actuaci\u00f3 de Caterina Canyelles i Maria Assumpta Dur\u00e0.<strong>CORRANDESCOLA : eduquem de forma l\u00fadica, vivencial i competencial. <\/strong><br \/>\nAmb la col.laboraci\u00f3 del m\u00fasic lleidat\u00e0: \u00a0Rub\u00e8n Satorra<\/p>\n<p>Presentaci\u00f3 de<strong> Montse Remacha, Meritxell Miret, Antoni Martin<\/strong>, Instituts Torre Vicens i Torre Queralt .Lleida. reHUMANAE: <em>quan el color de pell esdev\u00e9 l\u00ednia, forma i to, m\u00fasica.<\/em><\/p>\n<p>Presentaci\u00f3 de <strong>Elisenda Nebot i Gemma Fort<\/strong>.\u00a0Escola 25 de Setembre. Rub\u00ed. EL VESTIT AL LLARG DE LA HIST\u00d2RIA<\/p>\n<p>Presentaci\u00f3 de <strong>Teresa Graus i Rub\u00e8n Satorra.<\/strong> Col\u00b7legi santa Anna.\u00a0 Lleida. AMBIENTS A L\u2019ESCENA<\/p>\n<p>Performance de <strong>Arte Factum. <\/strong>Esther Bl\u00e1zquez i David P\u00e9rez. <strong>\u201cIN THE ACT OF PLAYING\u201d<\/strong><\/p>\n<p>&nbsp;<\/p>\n<p>&nbsp;<\/p>\n","protected":false},"excerpt":{"rendered":"<p>Curs 2018-2019<br \/>\n&nbsp;<\/p>\n<p>\t\t\t\t\t\t_MG_0987\t\t\t\t\t\t\t\t\t\t\t<\/p>\n<p>\t\t\t\t\t\t_MG_0980\t\t\t\t\t\t\t\t\t\t\t<\/p>\n<p>\t\t\t\t\t\t_MG_0982\t\t\t\t\t\t\t\t\t\t\t<\/p>\n<p>\t\t\t\t\t\t_MG_0983\t\t\t\t\t\t\t\t\t\t\t<\/p>\n<p>\t\t\t\t\t\t_MG_0930\t\t\t\t\t\t\t\t\t\t\t<\/p>\n<p>\t\t\t\t\t\t_MG_0942\t\t\t\t\t\t\t\t\t\t\t<\/p>\n<p>\t\t\t\t\t\t_MG_0951\t\t\t\t\t\t\t\t\t\t\t<\/p>\n<p>\t\t\t\t\t\t_MG_0953\t\t\t\t\t\t\t\t\t\t\t<\/p>\n<p>\t\t\t\t\t\t_MG_0958\t\t\t\t\t\t\t\t\t\t\t<\/p>\n<p>\t\t\t\t\t\t_MG_0959\t\t\t\t\t\t\t\t\t\t\t<\/p>\n<p>\t\t\t\t\t\t_MG_0960\t\t\t\t\t\t\t\t\t\t\t<\/p>\n<ul>\n<li class=\"slideshow_togglePlay\" data-play-text=\"Visualitza\" data-pause-text=\"Pausa\"><\/li>\n<\/ul>\n<p>\t\t\t\t\t\t_MG_0968\t\t\t\t\t\t\t\t\t\t\t<\/p>\n<p>\t\t\t\t\t\t_MG_0965\t\t\t\t\t\t\t\t\t\t\t<\/p>\n<p>\t\t\t\t\t\t_MG_0963\t\t\t\t\t\t\t\t\t\t\t<\/p>\n<p>\t\t\t\t\t\t_MG_0978\t\t\t\t\t\t\t\t\t\t\t<\/p>\n<p>\t\t\t\t\t\t_MG_0979\t\t\t\t\t\t\t\t\t\t\t<\/p>\n<p>\t\t\t\t\t\t_MG_0981\t\t\t\t\t\t\t\t\t\t\t<\/p>\n<p>\t\t\t\t\t\t_MG_0982\t\t\t\t\t\t\t\t\t\t\t<\/p>\n<p>\t\t\t\t\t\t_MG_0928\t\t\t\t\t\t\t\t\t\t\t<\/p>\n<p>\t\t\t\t\t\t_MG_0929\t\t\t\t\t\t\t\t\t\t\t<\/p>\n<p>\t\t\t\t\t\t_MG_0930\t\t\t\t\t\t\t\t\t\t\t<\/p>\n<ul>\n<li class=\"slideshow_togglePlay\" data-play-text=\"Visualitza\" data-pause-text=\"Pausa\"><\/li>\n<\/ul>\n<p>A la II Trobada d&#8217;Intercanvi d&#8217;Experi\u00e8ncies Art\u00edstiques hi va haver representaci\u00f3 dels 5 serveis territorials on es va fer la formaci\u00f3 Itineraris Art\u00edstics durant el curs 2018-2019: Barcelona &#8211; CESIRE., Sabadell, Granollers, Lleida, Girona.<br \/>\nPrograma de la Jornada:<br \/>\nConfer\u00e8ncia de&hellip;  <a href=\"https:\/\/agora.xtec.cat\/cesire_historic\/ambit-artistic\/suport-professorat-art\/ii-jornada-dintercanvi-dexperiencies-artistiques\/\" title=\"Read II Jornada d&#8217;Intercanvi d&#8217;Experi\u00e8ncies Art\u00edstiques\">Llegeix m\u00e9s\u00bb<\/a><\/p>\n","protected":false},"author":9,"featured_media":0,"parent":4946,"menu_order":6,"comment_status":"closed","ping_status":"closed","template":"page-templates\/side-menu.php","meta":{"_bbp_topic_count":0,"_bbp_reply_count":0,"_bbp_total_topic_count":0,"_bbp_total_reply_count":0,"_bbp_voice_count":0,"_bbp_anonymous_reply_count":0,"_bbp_topic_count_hidden":0,"_bbp_reply_count_hidden":0,"_bbp_forum_subforum_count":0,"footnotes":""},"class_list":["post-5187","page","type-page","status-publish","hentry"],"post_mailing_queue_ids":[],"_links":{"self":[{"href":"https:\/\/agora.xtec.cat\/cesire_historic\/wp-json\/wp\/v2\/pages\/5187","targetHints":{"allow":["GET"]}}],"collection":[{"href":"https:\/\/agora.xtec.cat\/cesire_historic\/wp-json\/wp\/v2\/pages"}],"about":[{"href":"https:\/\/agora.xtec.cat\/cesire_historic\/wp-json\/wp\/v2\/types\/page"}],"author":[{"embeddable":true,"href":"https:\/\/agora.xtec.cat\/cesire_historic\/wp-json\/wp\/v2\/users\/9"}],"replies":[{"embeddable":true,"href":"https:\/\/agora.xtec.cat\/cesire_historic\/wp-json\/wp\/v2\/comments?post=5187"}],"version-history":[{"count":3,"href":"https:\/\/agora.xtec.cat\/cesire_historic\/wp-json\/wp\/v2\/pages\/5187\/revisions"}],"predecessor-version":[{"id":6778,"href":"https:\/\/agora.xtec.cat\/cesire_historic\/wp-json\/wp\/v2\/pages\/5187\/revisions\/6778"}],"up":[{"embeddable":true,"href":"https:\/\/agora.xtec.cat\/cesire_historic\/wp-json\/wp\/v2\/pages\/4946"}],"wp:attachment":[{"href":"https:\/\/agora.xtec.cat\/cesire_historic\/wp-json\/wp\/v2\/media?parent=5187"}],"curies":[{"name":"wp","href":"https:\/\/api.w.org\/{rel}","templated":true}]}}