{"id":508,"date":"2016-02-04T12:56:47","date_gmt":"2016-02-04T11:56:47","guid":{"rendered":"http:\/\/agora.xtec.cat\/cesire_historic\/\/?page_id=508"},"modified":"2018-05-15T15:56:52","modified_gmt":"2018-05-15T13:56:52","slug":"ambits","status":"publish","type":"page","link":"https:\/\/agora.xtec.cat\/cesire_historic\/ambits\/","title":{"rendered":"\u00c0mbits"},"content":{"rendered":"<p>L&#8217;equip del\u00a0CESIRE\u00a0s&#8217;organitza en grups de treball segons els projectes que es duen a terme i les tasques internes del propi CESIRE. Tot i mantenir la idea de multidisplicinarietat i transversalitat tamb\u00e9 entenem que cal donar suport espec\u00edfic a les diferents mat\u00e8ries curriculars. D&#8217;aqu\u00ed que existeixen tamb\u00e9\u00a0sis \u00e0mbits de treball basats en les mat\u00e8ries:<\/p>\n<div align=\"center\">\n<table style=\"border-collapse: collapse;\" border=\"0\" width=\"70%\" cellspacing=\"0\" cellpadding=\"4\">\n<tbody>\n<tr>\n<td align=\"center\"><strong>\u00c0mbit cient\u00edfic i medi<\/strong><\/td>\n<td align=\"center\"><strong>\u00c0mbit ling\u00fc\u00edstic<\/strong><\/td>\n<td align=\"center\"><strong>\u00a0\u00c0mbit matem\u00e0tic<\/strong><\/td>\n<\/tr>\n<tr>\n<td align=\"center\">\u00a0<a href=\"http:\/\/srvcnpbs.xtec.cat\/cdec\/\" target=\"_blank\" rel=\"noopener noreferrer\"><img loading=\"lazy\" decoding=\"async\" class=\"alignnone size-full wp-image-544\" src=\"http:\/\/agora.xtec.cat\/cesire_historic\/\/wp-content\/uploads\/usu397\/2016\/02\/cdec.png\" alt=\"cdec\" width=\"130\" height=\"70\" \/><\/a><\/td>\n<td align=\"center\">\u00a0<a href=\"http:\/\/srvcnpbs.xtec.cat\/cirel\/cirel\/\" target=\"_blank\" rel=\"noopener noreferrer\"><img loading=\"lazy\" decoding=\"async\" class=\"alignnone size-large wp-image-546\" src=\"http:\/\/agora.xtec.cat\/cesire_historic\/\/wp-content\/uploads\/usu397\/2016\/02\/cirel.png\" alt=\"cirel\" width=\"130\" height=\"70\" \/><\/a><\/td>\n<td align=\"center\">\u00a0<a href=\"http:\/\/srvcnpbs.xtec.cat\/creamat\/joomla\/\" target=\"_blank\" rel=\"noopener noreferrer\"><img loading=\"lazy\" decoding=\"async\" class=\"alignnone wp-image-543\" src=\"http:\/\/agora.xtec.cat\/cesire_historic\/\/wp-content\/uploads\/usu397\/2016\/02\/creamat.png\" alt=\"creamat\" width=\"119\" height=\"56\" \/><\/a><\/td>\n<\/tr>\n<tr>\n<td align=\"center\"><strong>\u00a0\u00c0mbit social i cultural<\/strong><\/td>\n<td align=\"center\"><strong>\u00c0mbit tecnol\u00f2gic<\/strong><\/td>\n<td align=\"center\"><strong>\u00c0mbit art\u00edstic<\/strong><\/td>\n<\/tr>\n<tr>\n<td align=\"center\">\u00a0<a href=\"https:\/\/sites.google.com\/site\/cerescesire\/\" target=\"_blank\" rel=\"noopener noreferrer\"><img loading=\"lazy\" decoding=\"async\" class=\"alignnone size-large wp-image-547\" src=\"http:\/\/agora.xtec.cat\/cesire_historic\/\/wp-content\/uploads\/usu397\/2016\/02\/ceres.png\" alt=\"ceres\" width=\"130\" height=\"70\" \/><\/a><\/td>\n<td align=\"center\"><a href=\"https:\/\/sites.google.com\/a\/xtec.cat\/aulatec\/\" target=\"_blank\" rel=\"noopener noreferrer\"><img loading=\"lazy\" decoding=\"async\" class=\"alignnone size-large wp-image-545\" src=\"http:\/\/agora.xtec.cat\/cesire_historic\/\/wp-content\/uploads\/usu397\/2016\/02\/aulatec1.png\" alt=\"aulatec(1)\" width=\"113\" height=\"55\" \/><\/a><\/td>\n<td style=\"text-align: center;\">\u00a0<a href=\"http:\/\/agora.xtec.cat\/cesire_historic\/\/categoria\/ambits\/artistic\/\" target=\"_blank\" rel=\"noopener noreferrer\"><img loading=\"lazy\" decoding=\"async\" class=\"alignnone  wp-image-3108\" src=\"http:\/\/agora.xtec.cat\/cesire_historic\/\/wp-content\/uploads\/usu397\/2018\/05\/cesire_art.png\" alt=\"\" width=\"161\" height=\"41\" \/><\/a><\/td>\n<\/tr>\n<\/tbody>\n<\/table>\n<\/div>\n","protected":false},"excerpt":{"rendered":"<p>L&#8217;equip del\u00a0CESIRE\u00a0s&#8217;organitza en grups de treball segons els projectes que es duen a terme i les tasques internes del propi CESIRE. Tot i mantenir la idea de multidisplicinarietat i transversalitat tamb\u00e9 entenem que cal donar suport espec\u00edfic a les diferents mat\u00e8ries curriculars. D&#8217;aqu\u00ed que existeixen&hellip;  <a href=\"https:\/\/agora.xtec.cat\/cesire_historic\/ambits\/\" title=\"Read \u00c0mbits\">Llegeix m\u00e9s\u00bb<\/a><\/p>\n","protected":false},"author":1,"featured_media":0,"parent":0,"menu_order":3,"comment_status":"closed","ping_status":"closed","template":"","meta":{"_bbp_topic_count":0,"_bbp_reply_count":0,"_bbp_total_topic_count":0,"_bbp_total_reply_count":0,"_bbp_voice_count":0,"_bbp_anonymous_reply_count":0,"_bbp_topic_count_hidden":0,"_bbp_reply_count_hidden":0,"_bbp_forum_subforum_count":0,"footnotes":""},"class_list":["post-508","page","type-page","status-publish","hentry"],"post_mailing_queue_ids":[],"_links":{"self":[{"href":"https:\/\/agora.xtec.cat\/cesire_historic\/wp-json\/wp\/v2\/pages\/508","targetHints":{"allow":["GET"]}}],"collection":[{"href":"https:\/\/agora.xtec.cat\/cesire_historic\/wp-json\/wp\/v2\/pages"}],"about":[{"href":"https:\/\/agora.xtec.cat\/cesire_historic\/wp-json\/wp\/v2\/types\/page"}],"author":[{"embeddable":true,"href":"https:\/\/agora.xtec.cat\/cesire_historic\/wp-json\/wp\/v2\/users\/1"}],"replies":[{"embeddable":true,"href":"https:\/\/agora.xtec.cat\/cesire_historic\/wp-json\/wp\/v2\/comments?post=508"}],"version-history":[{"count":5,"href":"https:\/\/agora.xtec.cat\/cesire_historic\/wp-json\/wp\/v2\/pages\/508\/revisions"}],"predecessor-version":[{"id":3110,"href":"https:\/\/agora.xtec.cat\/cesire_historic\/wp-json\/wp\/v2\/pages\/508\/revisions\/3110"}],"wp:attachment":[{"href":"https:\/\/agora.xtec.cat\/cesire_historic\/wp-json\/wp\/v2\/media?parent=508"}],"curies":[{"name":"wp","href":"https:\/\/api.w.org\/{rel}","templated":true}]}}