{"id":4867,"date":"2019-03-12T13:49:06","date_gmt":"2019-03-12T12:49:06","guid":{"rendered":"http:\/\/agora.xtec.cat\/cesire_historic\/\/?page_id=4867"},"modified":"2019-11-16T17:47:37","modified_gmt":"2019-11-16T16:47:37","slug":"express-yourself-a-traves-dels-altres-ens-convertim-en-nosaltres-mateixos","status":"publish","type":"page","link":"https:\/\/agora.xtec.cat\/cesire_historic\/projectes\/connectat-a-la-recerca-apropem-la-recerca-educativa-a-les-aules\/express-yourself-a-traves-dels-altres-ens-convertim-en-nosaltres-mateixos\/","title":{"rendered":"Express Yourself. A trav\u00e9s dels altres ens convertim en nosaltres mateixos."},"content":{"rendered":"<ul>\n<li><strong>Dia i hora<\/strong>: sessi\u00f3 realitzada dimarts 9 d\u2019abril de 2019 (de 18:00 a 20:00)<\/li>\n<li><strong>Sessi\u00f3 a c\u00e0rrec de\u00a0<\/strong>Hendrik Dirk Lagerwaard (Professor de la FPCEE Blanquerna-URL)<\/li>\n<li><strong>Organitzaci\u00f3<\/strong>: CESIRE<\/li>\n<li><strong>Lloc<\/strong>: CESIRE, Av. de les Drassanes, 10, 08001 Barcelona<\/li>\n<li><a href=\"https:\/\/agora.xtec.cat\/cesire_historic\/\/wp-content\/uploads\/usu397\/2019\/11\/Cronica-de-la-sessio.pdf\" target=\"_blank\" rel=\"noopener noreferrer\">Cr\u00f2nica de la sessi\u00f3<\/a><\/li>\n<\/ul>\n<p style=\"text-align: center;\"><img loading=\"lazy\" decoding=\"async\" class=\"aligncenter size-full wp-image-4868\" src=\"https:\/\/agora.xtec.cat\/cesire_historic\/\/wp-content\/uploads\/usu397\/2019\/03\/cr_llengua.jpg\" alt=\"\" width=\"299\" height=\"167\" \/><\/p>\n<p><strong>Presentaci\u00f3<\/strong><\/p>\n<p>Els m\u00e8todes d&#8217;ensenyament tradicional de lleng\u00fces sovint no fan possible que els alumnes expandeixin prou el seu desenvolupament comunicatiu en angl\u00e8s. Aquest taller ha mostrat, des d\u2019un enfocament pr\u00e0ctic, com crear oportunitats did\u00e0ctiques perqu\u00e8 els alumnes, de manera conscient, aprenguin a expressar-se de manera genu\u00efna a partir de les emocions que experimenten en diferents situacions comunicatives d\u2019aula.<\/p>\n<p>Durant la sessi\u00f3 s&#8217;ha analitzat i experimentat com podem utilitzar el llibre de text amb flexibilitat i quines estrat\u00e8gies podem fer servir per promoure l\u2019autoregulaci\u00f3 dels alumnes perqu\u00e8 aprenguin a expressar-se com individus \u00fanics que s\u00f3n.<\/p>\n<p><b>Organitzaci\u00f3 de la sessi\u00f3<\/b><\/p>\n<p>Durant la sessi\u00f3, els participants han constru\u00eft ponts entre la pr\u00e0ctica i la teoria de manera continuada, amb l&#8217;objectiu de crear, al final de la sessi\u00f3, les seves pr\u00f2pies estrat\u00e8gies did\u00e0ctiques fonamentades:<\/p>\n<ul>\n<li>A l&#8217;inici, s&#8217;ha reflexionat sobre el que succeeix a les aules tradicionals d&#8217;ensenyament d&#8217;angl\u00e8s i la manca d&#8217;un concepte clau a les classes: l\u2019agentivitat.<\/li>\n<li>A continuaci\u00f3, els participants han analitzat v\u00eddeos a partir dels quals s&#8217;ha mostrat la teoria i resultats de la tesi doctoral del ponent, aix\u00ed com maneres pr\u00e0ctiques d&#8217;utilitzar amb flexibilitat el llibre text, i estrat\u00e8gies que permetin als alumnes expressar-se cada vegada millor en angl\u00e8s.<\/li>\n<li>Despr\u00e9s, els participants han treballat en grups, i han reflexionat sobre com podrien portar a la pr\u00e0ctica, en el seus propis contextos escolars, la teoria i els exemples treballats durant la sessi\u00f3.<\/li>\n<li>S&#8217;ha tancat la sessi\u00f3 amb una ronda de preguntes i unes conclusions finals.<\/li>\n<\/ul>\n<p><b>A qui ha estat dirigida?<\/b><\/p>\n<p>La sessi\u00f3 a estat adre\u00e7ada a professorat de lleng\u00fces estrangeres de prim\u00e0ria,\u00a0 secund\u00e0ria \u00a0i de formaci\u00f3 de persones adultes. <span style=\"font-family: 'Arial','sans-serif';\">La sessi\u00f3 s\u2019ha impartit combinant llengua castellana i anglesa.<\/span><\/p>\n","protected":false},"excerpt":{"rendered":"<ul>\n<li>Dia i hora: sessi\u00f3 realitzada dimarts 9 d\u2019abril de 2019 (de 18:00 a 20:00)<\/li>\n<li>Sessi\u00f3 a c\u00e0rrec de\u00a0Hendrik Dirk Lagerwaard (Professor de la FPCEE Blanquerna-URL)<\/li>\n<li>Organitzaci\u00f3: CESIRE<\/li>\n<li>Lloc: CESIRE, Av. de les Drassanes, 10, 08001 Barcelona<\/li>\n<li><a href=\"https:\/\/agora.xtec.cat\/cesire_historic\/\/wp-content\/uploads\/usu397\/2019\/11\/Cronica-de-la-sessio.pdf\" target=\"_blank\" rel=\"noopener noreferrer\">Cr\u00f2nica de la sessi\u00f3<\/a><\/li>\n<\/ul>\n<p>Presentaci\u00f3<br \/>\nEls m\u00e8todes d&#8217;ensenyament tradicional de lleng\u00fces&hellip;  <a href=\"https:\/\/agora.xtec.cat\/cesire_historic\/projectes\/connectat-a-la-recerca-apropem-la-recerca-educativa-a-les-aules\/express-yourself-a-traves-dels-altres-ens-convertim-en-nosaltres-mateixos\/\" title=\"Read Express Yourself. A trav\u00e9s dels altres ens convertim en nosaltres mateixos.\">Llegeix m\u00e9s\u00bb<\/a><\/p>\n","protected":false},"author":1,"featured_media":0,"parent":2954,"menu_order":1,"comment_status":"closed","ping_status":"closed","template":"page-templates\/side-menu.php","meta":{"_bbp_topic_count":0,"_bbp_reply_count":0,"_bbp_total_topic_count":0,"_bbp_total_reply_count":0,"_bbp_voice_count":0,"_bbp_anonymous_reply_count":0,"_bbp_topic_count_hidden":0,"_bbp_reply_count_hidden":0,"_bbp_forum_subforum_count":0,"footnotes":""},"class_list":["post-4867","page","type-page","status-publish","hentry"],"post_mailing_queue_ids":[],"_links":{"self":[{"href":"https:\/\/agora.xtec.cat\/cesire_historic\/wp-json\/wp\/v2\/pages\/4867","targetHints":{"allow":["GET"]}}],"collection":[{"href":"https:\/\/agora.xtec.cat\/cesire_historic\/wp-json\/wp\/v2\/pages"}],"about":[{"href":"https:\/\/agora.xtec.cat\/cesire_historic\/wp-json\/wp\/v2\/types\/page"}],"author":[{"embeddable":true,"href":"https:\/\/agora.xtec.cat\/cesire_historic\/wp-json\/wp\/v2\/users\/1"}],"replies":[{"embeddable":true,"href":"https:\/\/agora.xtec.cat\/cesire_historic\/wp-json\/wp\/v2\/comments?post=4867"}],"version-history":[{"count":3,"href":"https:\/\/agora.xtec.cat\/cesire_historic\/wp-json\/wp\/v2\/pages\/4867\/revisions"}],"predecessor-version":[{"id":7934,"href":"https:\/\/agora.xtec.cat\/cesire_historic\/wp-json\/wp\/v2\/pages\/4867\/revisions\/7934"}],"up":[{"embeddable":true,"href":"https:\/\/agora.xtec.cat\/cesire_historic\/wp-json\/wp\/v2\/pages\/2954"}],"wp:attachment":[{"href":"https:\/\/agora.xtec.cat\/cesire_historic\/wp-json\/wp\/v2\/media?parent=4867"}],"curies":[{"name":"wp","href":"https:\/\/api.w.org\/{rel}","templated":true}]}}