{"id":4713,"date":"2019-02-05T12:34:48","date_gmt":"2019-02-05T11:34:48","guid":{"rendered":"http:\/\/agora.xtec.cat\/cesire_historic\/\/?page_id=4713"},"modified":"2020-03-09T14:28:42","modified_gmt":"2020-03-09T13:28:42","slug":"formacio_cm","status":"publish","type":"page","link":"https:\/\/agora.xtec.cat\/cesire_historic\/ambit-cientific-i-medi\/formacio_cm\/","title":{"rendered":"Formaci\u00f3"},"content":{"rendered":"<p><i><span style=\"font-weight: 400;\">En aquest apartat trobareu informaci\u00f3 relacionada amb la formaci\u00f3 del professorat de l\u2019\u00e0mbit de ci\u00e8ncies organitzada pel CESIRE.<\/span><\/i><\/p>\n<p><span style=\"font-weight: 400;\">Des de fa uns anys, l\u2019\u00e0mbit de ci\u00e8ncies del CESIRE ens hem marcat com a objectiu organitzar activitats de formaci\u00f3 prioritzant les l\u00ednies que es detallen a continuaci\u00f3. <\/span><\/p>\n<ul>\n<li style=\"font-weight: 400;\"><span style=\"font-weight: 400;\">Actualitzar els \u00a0continguts cient\u00edfics propis de les mat\u00e8ries de ci\u00e8ncies.<\/span><\/li>\n<li style=\"font-weight: 400;\"><span style=\"font-weight: 400;\">Donar a con\u00e8ixer les noves propostes \u00a0en did\u00e0ctica de les ci\u00e8ncies<\/span><\/li>\n<li style=\"font-weight: 400;\"><span style=\"font-weight: 400;\">Promoure l\u2019intercanvi d\u2019experi\u00e8ncies entre docents<\/span><\/li>\n<li style=\"font-weight: 400;\"><span style=\"font-weight: 400;\">Integrar el curr\u00edculum cientificotecnol\u00f2gic amb altres \u00e0mbits del coneixement<\/span><\/li>\n<\/ul>\n<p><a href=\"https:\/\/agora.xtec.cat\/cesire_historic\/\/wp-content\/uploads\/usu397\/2019\/06\/formaci\u00f3-ci\u00e8ncies.jpg\"><img loading=\"lazy\" decoding=\"async\" class=\"size-full wp-image-6326 aligncenter\" src=\"https:\/\/agora.xtec.cat\/cesire_historic\/\/wp-content\/uploads\/usu397\/2019\/06\/formaci\u00f3-ci\u00e8ncies.jpg\" alt=\"\" width=\"845\" height=\"170\" srcset=\"https:\/\/agora.xtec.cat\/cesire_historic\/wp-content\/uploads\/usu397\/2019\/06\/formaci\u00f3-ci\u00e8ncies.jpg 845w, https:\/\/agora.xtec.cat\/cesire_historic\/wp-content\/uploads\/usu397\/2019\/06\/formaci\u00f3-ci\u00e8ncies-300x60.jpg 300w, https:\/\/agora.xtec.cat\/cesire_historic\/wp-content\/uploads\/usu397\/2019\/06\/formaci\u00f3-ci\u00e8ncies-768x155.jpg 768w\" sizes=\"auto, (max-width: 845px) 100vw, 845px\" \/><\/a><\/p>\n<p><span style=\"font-weight: 400;\">\u00c9s per aix\u00f2 que l\u2019activitat relacionada amb la formaci\u00f3 es concreta en els seg\u00fcents cursos:<\/span><\/p>\n<ul>\n<li style=\"font-weight: 400;\"><a href=\"https:\/\/drive.google.com\/open?id=1e3brr0YXc29_bbjyG0v1a83XP5_9pRUfsMKwdiWSYXA\" target=\"_blank\" rel=\"noopener noreferrer\"><span style=\"font-weight: 400;\">Seminari permanent de F\u00edsica i Qu\u00edmica<\/span><\/a><\/li>\n<li style=\"font-weight: 400;\"><a href=\"https:\/\/drive.google.com\/open?id=1VdY5_romy5UVeQwLBK1zR8xgN_I2xZwhyt5okHOCQd0\" target=\"_blank\" rel=\"noopener noreferrer\"><span style=\"font-weight: 400;\">Els divendres de Biologia i Geologia<\/span><\/a><\/li>\n<li style=\"font-weight: 400;\"><a href=\"https:\/\/drive.google.com\/open?id=1BqoCk7RCy_PGW0z0dei78zpzQ-Qm0v3Q4E2jztgzTfg\" target=\"_blank\" rel=\"noopener noreferrer\"><span style=\"font-weight: 400;\">Qu\u00edmica en context<\/span><\/a><\/li>\n<li style=\"font-weight: 400;\"><a href=\"https:\/\/sites.google.com\/xtec.cat\/cpsulesdemedi\/p%C3%A0gina-principal\" target=\"_blank\" rel=\"noopener noreferrer\"><span style=\"font-weight: 400;\">C\u00e0psules de Medi<\/span><\/a><\/li>\n<\/ul>\n<p><span style=\"font-weight: 400;\">Tamb\u00e9 s\u2019organitzen grups de treball m\u00e9s redu\u00efts per desenvolupar nous materials amb enfocament metodol\u00f2gics innovadors.<\/span><\/p>\n<p><span style=\"font-weight: 400;\">Totes aquestes formacions es publiquen com a nova informaci\u00f3 durant el per\u00edode de la inscripci\u00f3. <\/span><\/p>\n","protected":false},"excerpt":{"rendered":"<p>En aquest apartat trobareu informaci\u00f3 relacionada amb la formaci\u00f3 del professorat de l\u2019\u00e0mbit de ci\u00e8ncies organitzada pel CESIRE.<br \/>\nDes de fa uns anys, l\u2019\u00e0mbit de ci\u00e8ncies del CESIRE ens hem marcat com a objectiu organitzar activitats de formaci\u00f3 prioritzant les l\u00ednies que es detallen a continuaci\u00f3.&hellip;  <a href=\"https:\/\/agora.xtec.cat\/cesire_historic\/ambit-cientific-i-medi\/formacio_cm\/\" title=\"Read Formaci\u00f3\">Llegeix m\u00e9s\u00bb<\/a><\/p>\n","protected":false},"author":1,"featured_media":0,"parent":4592,"menu_order":3,"comment_status":"closed","ping_status":"closed","template":"page-templates\/side-menu.php","meta":{"_bbp_topic_count":0,"_bbp_reply_count":0,"_bbp_total_topic_count":0,"_bbp_total_reply_count":0,"_bbp_voice_count":0,"_bbp_anonymous_reply_count":0,"_bbp_topic_count_hidden":0,"_bbp_reply_count_hidden":0,"_bbp_forum_subforum_count":0,"footnotes":""},"class_list":["post-4713","page","type-page","status-publish","hentry"],"post_mailing_queue_ids":[],"_links":{"self":[{"href":"https:\/\/agora.xtec.cat\/cesire_historic\/wp-json\/wp\/v2\/pages\/4713","targetHints":{"allow":["GET"]}}],"collection":[{"href":"https:\/\/agora.xtec.cat\/cesire_historic\/wp-json\/wp\/v2\/pages"}],"about":[{"href":"https:\/\/agora.xtec.cat\/cesire_historic\/wp-json\/wp\/v2\/types\/page"}],"author":[{"embeddable":true,"href":"https:\/\/agora.xtec.cat\/cesire_historic\/wp-json\/wp\/v2\/users\/1"}],"replies":[{"embeddable":true,"href":"https:\/\/agora.xtec.cat\/cesire_historic\/wp-json\/wp\/v2\/comments?post=4713"}],"version-history":[{"count":4,"href":"https:\/\/agora.xtec.cat\/cesire_historic\/wp-json\/wp\/v2\/pages\/4713\/revisions"}],"predecessor-version":[{"id":8661,"href":"https:\/\/agora.xtec.cat\/cesire_historic\/wp-json\/wp\/v2\/pages\/4713\/revisions\/8661"}],"up":[{"embeddable":true,"href":"https:\/\/agora.xtec.cat\/cesire_historic\/wp-json\/wp\/v2\/pages\/4592"}],"wp:attachment":[{"href":"https:\/\/agora.xtec.cat\/cesire_historic\/wp-json\/wp\/v2\/media?parent=4713"}],"curies":[{"name":"wp","href":"https:\/\/api.w.org\/{rel}","templated":true}]}}