{"id":4631,"date":"2019-02-04T16:42:08","date_gmt":"2019-02-04T15:42:08","guid":{"rendered":"http:\/\/agora.xtec.cat\/cesire_historic\/\/?page_id=4631"},"modified":"2020-09-21T20:59:48","modified_gmt":"2020-09-21T18:59:48","slug":"recursos-per-a-laula","status":"publish","type":"page","link":"https:\/\/agora.xtec.cat\/cesire_historic\/ambit-tecnologic\/recursos-per-a-laula\/","title":{"rendered":"Recursos per a l&#8217;aula"},"content":{"rendered":"<p><img loading=\"lazy\" decoding=\"async\" class=\"aligncenter wp-image-6307\" src=\"https:\/\/agora.xtec.cat\/cesire_historic\/\/wp-content\/uploads\/usu397\/2019\/06\/recursos_aula-300x51.jpg\" alt=\"\" width=\"548\" height=\"93\" srcset=\"https:\/\/agora.xtec.cat\/cesire_historic\/wp-content\/uploads\/usu397\/2019\/06\/recursos_aula-300x51.jpg 300w, https:\/\/agora.xtec.cat\/cesire_historic\/wp-content\/uploads\/usu397\/2019\/06\/recursos_aula-768x130.jpg 768w, https:\/\/agora.xtec.cat\/cesire_historic\/wp-content\/uploads\/usu397\/2019\/06\/recursos_aula.jpg 995w\" sizes=\"auto, (max-width: 548px) 100vw, 548px\" \/><\/p>\n<h4><strong>Gen\u00e8rics. Activitats, projectes i simulacions<\/strong><\/h4>\n<p><a href=\"http:\/\/apliense.xtec.cat\/arc\/\" target=\"_blank\" rel=\"noopener noreferrer\">Apl<\/a><a href=\"http:\/\/apliense.xtec.cat\/arc\/\" target=\"_blank\" rel=\"noopener noreferrer\">icaci\u00f3<\/a><a href=\"http:\/\/apliense.xtec.cat\/arc\/\" target=\"_blank\" rel=\"noopener noreferrer\"> de Recursos al<\/a><a href=\"http:\/\/apliense.xtec.cat\/arc\/\" target=\"_blank\" rel=\"noopener noreferrer\"> Curr\u00edc<\/a><a href=\"http:\/\/apliense.xtec.cat\/arc\/\" target=\"_blank\" rel=\"noopener noreferrer\">ulum<\/a><a href=\"http:\/\/apliense.xtec.cat\/arc\/\" target=\"_blank\" rel=\"noopener noreferrer\"> (ARC)<\/a> Repositori de propostes did\u00e0ctiques. CESIRE<\/p>\n<p><a href=\"https:\/\/www.instructables.com\/teachers\/\" target=\"_blank\" rel=\"noopener noreferrer\"><em>Projects for your classroom.<\/em><\/a><em> Instructables<\/em><\/p>\n<p><a href=\"http:\/\/demonstrations.wolfram.com\/\" target=\"_blank\" rel=\"noopener noreferrer\"><em>Wolfram demonstrations<\/em><\/a>. Col\u00b7lecci\u00f3 d&#8217;interactius diversos<\/p>\n<p><a href=\"https:\/\/phet.colorado.edu\/en\/simulations\/translated\/es\" target=\"_blank\" rel=\"noopener noreferrer\">Phet <em>simulations<\/em><\/a> (castell\u00e0). Selecci\u00f3 d&#8217;interactius diversos<\/p>\n<p><a href=\"https:\/\/phet.colorado.edu\/en\/simulations\/category\/new\" target=\"_blank\" rel=\"noopener noreferrer\"><em>Phet simulations<\/em><\/a> (versi\u00f3 en angl\u00e8s). Col\u00b7lecci\u00f3 d&#8217;interactius diversos<\/p>\n<hr \/>\n<h4><strong>Energia<\/strong><\/h4>\n<p><a href=\"https:\/\/agora.xtec.cat\/cesire_historic\/\/general\/les-energies-renovables-lalternativa-al-col%c2%b7lapse-de-les-energies-fossils\/\" target=\"_blank\" rel=\"noopener noreferrer\">Les energies renovables. L&#8217;alternativa\u00a0 al col\u00b7lapse dels recursos f\u00f2ssils<\/a><strong>.<\/strong> Proposta did\u00e0ctica. CMES i CESIRE<\/p>\n<p><a href=\"http:\/\/icaen.gencat.cat\/ca\/recursos\/centres-educatius\/\" target=\"_blank\" rel=\"noopener noreferrer\">Recursos educatius sobre energia<\/a>. Institut Catal\u00e0 d&#8217;Energia<\/p>\n<p><a href=\"https:\/\/www.bellera.cat\/molins\/default.htm\">Constru\u00efm un mol\u00ed de vent<\/a>. ESO. Josep Pujadas<\/p>\n<p><a href=\"http:\/\/eoliccat.net\/espai-per-nens-i-joves\/material-educatiu\/material-educatiu-eso\/introduccio\/\" target=\"_blank\" rel=\"noopener noreferrer\">Recursos educatius sobre energia e\u00f2lica<\/a>. ESO. EolicCat<\/p>\n<p><a href=\"http:\/\/eoliccat.net\/espai-per-nens-i-joves\/material-educatiu\/material-educatiu-batxillerat\/introduccio\/\" target=\"_blank\" rel=\"noopener noreferrer\">Recursos educatius sobre energia e\u00f2lica<\/a>. Batxillerat. EolicCat<\/p>\n<p><em><a href=\"https:\/\/www.golabz.eu\/lab\/wind-energy-simulation\" target=\"_blank\" rel=\"noopener noreferrer\">Wind Energy Simulation<\/a><\/em>. Simulador de parc e\u00f2lic. GoLab<\/p>\n<p><a href=\"https:\/\/sites.google.com\/xtec.cat\/terbaix\/inici\">#TERbaix. L\u2019educaci\u00f3 per al nou paradigma energ\u00e8tic<\/a>. Materials de la Jornada 06.09.2019<\/p>\n<p><a href=\"http:\/\/www.xtec.cat\/aulatec\/jornades\/jornades2\/PDFs_II_Jornades\/PART%20TECNICA%20caseta%20verda.pdf\">La caseta verda<\/a>. Criteris bioclim\u00e0tics. <em>Kit Green House<\/em>.<\/p>\n<hr \/>\n<h4><strong>Processos tecnol\u00f2gics<\/strong><\/h4>\n<p><a href=\"https:\/\/www.mnactec.cat\/educa\/\" target=\"_blank\" rel=\"noopener noreferrer\">Un proc\u00e9s tecnol\u00f2gic i hum\u00e0: el t\u00e8xtil<\/a>. Activitats interactives. Museu Nacional de la Ci\u00e8ncia i de la T\u00e8cnica de Catalunya<\/p>\n<p><a href=\"https:\/\/sites.google.com\/xtec.cat\/cesire-matematiques-campanyes\/inici\/impressi%C3%B3-3d-i-matem%C3%A0tiques\" target=\"_blank\" rel=\"noopener noreferrer\">Impressi\u00f3 3D i matem\u00e0tiques<\/a>. Activitats d&#8217;aula. CESIRE, \u00e0mbit matem\u00e0tic.<\/p>\n<hr \/>\n<h4><strong>Tecnologia per al Desenvolupament Hum\u00e0 i Sostenible (TpDHS)<\/strong><\/h4>\n<p><a href=\"http:\/\/edukalboan.alboan.org\/itinerario-para-convertirse-en-una-organizacion-promotora-de-tecnologia-libre-de-conflicto-novedades-para-comenzar-bien-el-curso\/\" target=\"_blank\" rel=\"noopener noreferrer\"><em>Tecnologia Libre de Conflicto<\/em><\/a><strong>.<\/strong> Propostes did\u00e0ctiques Edukalboan<\/p>\n<p><a href=\"http:\/\/www.eduglobalstem.cat\/\">EduGlobalSTEM<\/a>. Grup de treball de l&#8217;Escola Cultura de la Pau de la UAB<\/p>\n<hr \/>\n<h4><strong>Programaci\u00f3 i rob\u00f2tica<\/strong><\/h4>\n<p><a href=\"https:\/\/ca.wikibooks.org\/wiki\/Python_3_per_a_no_programadors\" target=\"_blank\" rel=\"noopener noreferrer\">Phyton per a no programadors<\/a>. Viquillibres<\/p>\n<p><a href=\"http:\/\/ateneu.xtec.cat\/wikiform\/wikiexport\/materials\/scl\/scl1\/index\" target=\"_blank\" rel=\"noopener noreferrer\">Aprenentatge creatiu amb Snap!<\/a>. Ateneu XTEC<\/p>\n<p><a href=\"http:\/\/ateneu.xtec.cat\/wikiform\/wikiexport\/materials\/scl\/snap4arduino\/m1\/index\">Comen\u00e7ant amb Snap4Arduino<\/a>. Ateneu XTEC<\/p>\n<hr \/>\n<h4><strong>Pneum\u00e0tica<\/strong><\/h4>\n<p><a href=\"http:\/\/ateneu.xtec.cat\/wikiform\/wikiexport\/cursos\/curriculum\/eso_btx\/pnte\/guia\">Curs d\u2019autoformaci\u00f3 per a l\u2019\u00fas de l\u2019equip de pneum\u00e0tica<\/a><strong>.<\/strong> Ateneu XTEC<\/p>\n<hr \/>\n<h4><strong>Mec\u00e0nica<\/strong><\/h4>\n<p><a href=\"http:\/\/www.gearsket.ch\/\" target=\"_blank\" rel=\"noopener noreferrer\">Simulador de transmissions amb rodes dentades<\/a><\/p>\n<hr \/>\n<p>&nbsp;<\/p>\n<h4><strong>Habitatge<\/strong><\/h4>\n<p><a href=\"https:\/\/floorplanner.com\/\" target=\"_blank\" rel=\"noopener noreferrer\"><em>Floorplaner<\/em><\/a>. CAD de disseny arquitect\u00f2nic 2D i 3D<\/p>\n<p><a href=\"http:\/\/www.sweethome3d.com\/es\/index.jsp\" target=\"_blank\" rel=\"noopener noreferrer\"><em>Sweet Home 3D<\/em><\/a>. CAD de disseny arquitect\u00f2nic 3D<\/p>\n<p><a href=\"http:\/\/www.xtec.cat\/aulatec\/jornades\/jornades2\/PDFs_II_Jornades\/PART%20TECNICA%20caseta%20verda.pdf\">La caseta verda<\/a>. Criteris bioclim\u00e0tics. <em>Kit Green House<\/em>.<\/p>\n<hr \/>\n<h4><strong>Estructures<\/strong><\/h4>\n<p><em><a href=\"http:\/\/bridgedesigner.org\/about\/\" target=\"_blank\" rel=\"noopener noreferrer\">Bridge designer<\/a><\/em>. Simulador d&#8217;estructures de ponts<\/p>\n<p><a href=\"http:\/\/www.engineering.com\/GamesPuzzles\/BridgeBuilder\/tabid\/5172\/Default.aspx\" target=\"_blank\" rel=\"noopener noreferrer\"><em>Bridge builder<\/em><\/a>. Joc-simulador d&#8217;estructures de ponts<\/p>\n<p><a href=\"http:\/\/www.engineering.com\/content\/g12\/cargo_bridge.html\" target=\"_blank\" rel=\"noopener noreferrer\"><em>Cargo bridge<\/em><\/a>. Joc-simulador d&#8217;estructures de ponts<\/p>\n<hr \/>\n<h4><strong>Electricitat \/ Electr\u00f2nica<\/strong><\/h4>\n<p><a href=\"https:\/\/www.tinkercad.com\/learn\/circuits\" target=\"_blank\" rel=\"noopener noreferrer\"><em>Tinkercad Circuits<\/em><\/a>. Disseny i simulaci\u00f3 de circuits electr\u00f2nics<\/p>\n<hr \/>\n<div>\n<div>\n<div>\n<div>\n<h4><b><span style=\"font-size: large;\">Normativa: Unitats i simbologia. Redacci\u00f3 d&#8217;informes<\/span><\/b><\/h4>\n<\/div>\n<p><b> <\/b><b style=\"font-family: inherit; font-size: 1em;\"><span style=\"font-size: medium;\">Unitats legals i Sistema Internacional d&#8217;Unitats<\/span><\/b><\/p>\n<\/div>\n<\/div>\n<div>\n<div><span style=\"font-size: medium;\"><br \/>\nEscriptura correcta de valors num\u00e8rics i les unitats de mesura. Correcci\u00f3 de les faltes d&#8217;ortografia t\u00e8cniques.<\/span><\/div>\n<div><\/div>\n<div>\n<ul>\n<li style=\"list-style-type: none;\">\n<ul>\n<li><span style=\"font-size: medium;\"><a href=\"https:\/\/em.upc.edu\/ca\/docencia\/pagines-docents\/etseib-tmm\/monografies-i-normes\/magnituds-i-unitats-si\/@@download\/file\/TMUnitats.pdf\" target=\"_blank\" rel=\"noopener noreferrer\">Magnituds i unitats. Sistema Internacional (SI) de mesures<\/a>. Salvador Cardona i Llu\u00efsa Jordi. UPC<\/span><\/li>\n<\/ul>\n<\/li>\n<\/ul>\n<ul>\n<li style=\"list-style-type: none;\">\n<ul>\n<li><span style=\"font-size: medium;\"><span style=\"font-size: medium;\"><a href=\"https:\/\/www.boe.es\/diario_boe\/txt.php?id=BOE-A-2010-927\" target=\"_blank\" rel=\"noopener noreferrer\">Real Decreto 2032\/2009<\/a>, de 30 de diciembre, por el que se establecen las unidades legales de medidada. BOE<\/span><\/span><\/li>\n<\/ul>\n<ul>\n<li><a href=\"https:\/\/www.metric-conversions.org\/es\/\" target=\"_blank\" rel=\"noopener noreferrer\">Convertidor d&#8217;unitats<\/a><\/li>\n<\/ul>\n<\/li>\n<\/ul>\n<\/div>\n<\/div>\n<\/div>\n<div>\n<p><b><span style=\"font-size: medium;\">Simbologia normalitzada<\/span><\/b><\/p>\n<\/div>\n<ul>\n<li style=\"list-style-type: none;\">\n<ul>\n<li><span style=\"font-size: medium;\"><a href=\"https:\/\/em.upc.edu\/ca\/docencia\/pagines-docents\/etseib-tmm\/calaix\/normes-i-simbologia-per-a-circuits-de-fluids\/view\" target=\"_blank\" rel=\"noopener noreferrer\">Normes i simbologia per a circuits de fluids<\/a>. Salvador Cardona i Llu\u00efsa Jordi. UPC<\/span><\/li>\n<\/ul>\n<\/li>\n<\/ul>\n<ul>\n<li style=\"list-style-type: none;\">\n<ul>\n<li><span style=\"font-size: medium;\"><a href=\"https:\/\/em.upc.edu\/ca\/docencia\/pagines-docents\/etseib-tmm\/monografies-i-normes\/representacio-de-maquines-i-mecanismes.-esquemes-de-simbols\/view\" target=\"_blank\" rel=\"noopener noreferrer\">Representaci\u00f3 de m\u00e0quines i mecanismes. Esquemes de s\u00edmbols<\/a>. <\/span><span style=\"font-size: medium;\"> Salvador Cardona i Llu\u00efsa Jordi. UPC<\/span><\/li>\n<\/ul>\n<\/li>\n<\/ul>\n<ul>\n<li style=\"list-style-type: none;\">\n<ul>\n<li><span style=\"font-size: medium;\"><a href=\"https:\/\/em.upc.edu\/ca\/docencia\/pagines-docents\/etseib-tmm\/calaix\/simbols-i-grafics-per-a-esquemes-electrics-i-funcions-logiques\/view\" target=\"_blank\" rel=\"noopener noreferrer\">S\u00edmbols gr\u00e0fics per a esquemes el\u00e8ctrics i funcions l\u00f2giques<\/a>. Diversos. UPC<\/span><\/li>\n<\/ul>\n<\/li>\n<\/ul>\n<div><b><span style=\"font-size: medium;\">Redacci\u00f3 d&#8217;informes<\/span><\/b><\/div>\n<div><\/div>\n<div>\n<ul>\n<li style=\"list-style-type: none;\">\n<ul>\n<li><span style=\"font-size: medium;\"><a href=\"https:\/\/em.upc.edu\/ca\/docencia\/pagines-docents\/etseib-tmm\/monografies-i-normes\/presentacio-dinformes\/view\" target=\"_blank\" rel=\"noopener noreferrer\">Resum per facilitar la redacci\u00f3 i presentaci\u00f3 d&#8217;informes<\/a>. Salvador Cardona i Llu\u00efsa Jordi. UPC<\/span><\/li>\n<\/ul>\n<\/li>\n<\/ul>\n<p>&nbsp;<\/p>\n<ul>\n<li style=\"list-style-type: none;\"><\/li>\n<\/ul>\n<\/div>\n","protected":false},"excerpt":{"rendered":"<p>Gen\u00e8rics. Activitats, projectes i simulacions<br \/>\n<a href=\"http:\/\/apliense.xtec.cat\/arc\/\" target=\"_blank\" rel=\"noopener noreferrer\">Apl<\/a><a href=\"http:\/\/apliense.xtec.cat\/arc\/\" target=\"_blank\" rel=\"noopener noreferrer\">icaci\u00f3<\/a><a href=\"http:\/\/apliense.xtec.cat\/arc\/\" target=\"_blank\" rel=\"noopener noreferrer\"> de Recursos al<\/a><a href=\"http:\/\/apliense.xtec.cat\/arc\/\" target=\"_blank\" rel=\"noopener noreferrer\"> Curr\u00edc<\/a><a href=\"http:\/\/apliense.xtec.cat\/arc\/\" target=\"_blank\" rel=\"noopener noreferrer\">ulum<\/a><a href=\"http:\/\/apliense.xtec.cat\/arc\/\" target=\"_blank\" rel=\"noopener noreferrer\"> (ARC)<\/a> Repositori de propostes did\u00e0ctiques. CESIRE<br \/>\n<a href=\"https:\/\/www.instructables.com\/teachers\/\" target=\"_blank\" rel=\"noopener noreferrer\">Projects for your&hellip;  <a href=\"https:\/\/agora.xtec.cat\/cesire_historic\/ambit-tecnologic\/recursos-per-a-laula\/\" title=\"Read Recursos per a l&#8217;aula\">Llegeix m\u00e9s\u00bb<\/a><\/p>\n","protected":false},"author":1,"featured_media":0,"parent":4628,"menu_order":1,"comment_status":"closed","ping_status":"closed","template":"page-templates\/side-menu.php","meta":{"_bbp_topic_count":0,"_bbp_reply_count":0,"_bbp_total_topic_count":0,"_bbp_total_reply_count":0,"_bbp_voice_count":0,"_bbp_anonymous_reply_count":0,"_bbp_topic_count_hidden":0,"_bbp_reply_count_hidden":0,"_bbp_forum_subforum_count":0,"footnotes":""},"class_list":["post-4631","page","type-page","status-publish","hentry"],"post_mailing_queue_ids":[],"_links":{"self":[{"href":"https:\/\/agora.xtec.cat\/cesire_historic\/wp-json\/wp\/v2\/pages\/4631","targetHints":{"allow":["GET"]}}],"collection":[{"href":"https:\/\/agora.xtec.cat\/cesire_historic\/wp-json\/wp\/v2\/pages"}],"about":[{"href":"https:\/\/agora.xtec.cat\/cesire_historic\/wp-json\/wp\/v2\/types\/page"}],"author":[{"embeddable":true,"href":"https:\/\/agora.xtec.cat\/cesire_historic\/wp-json\/wp\/v2\/users\/1"}],"replies":[{"embeddable":true,"href":"https:\/\/agora.xtec.cat\/cesire_historic\/wp-json\/wp\/v2\/comments?post=4631"}],"version-history":[{"count":4,"href":"https:\/\/agora.xtec.cat\/cesire_historic\/wp-json\/wp\/v2\/pages\/4631\/revisions"}],"predecessor-version":[{"id":9999,"href":"https:\/\/agora.xtec.cat\/cesire_historic\/wp-json\/wp\/v2\/pages\/4631\/revisions\/9999"}],"up":[{"embeddable":true,"href":"https:\/\/agora.xtec.cat\/cesire_historic\/wp-json\/wp\/v2\/pages\/4628"}],"wp:attachment":[{"href":"https:\/\/agora.xtec.cat\/cesire_historic\/wp-json\/wp\/v2\/media?parent=4631"}],"curies":[{"name":"wp","href":"https:\/\/api.w.org\/{rel}","templated":true}]}}