{"id":4607,"date":"2019-02-04T16:17:16","date_gmt":"2019-02-04T15:17:16","guid":{"rendered":"http:\/\/agora.xtec.cat\/cesire_historic\/\/?page_id=4607"},"modified":"2019-07-11T12:27:16","modified_gmt":"2019-07-11T10:27:16","slug":"ambit-social-i-cultural","status":"publish","type":"page","link":"https:\/\/agora.xtec.cat\/cesire_historic\/ambit-social-i-cultural\/","title":{"rendered":"\u00c0mbit social, cultural i medi"},"content":{"rendered":"<p>&nbsp;<\/p>\n<p style=\"text-align: center;\"><img loading=\"lazy\" decoding=\"async\" class=\"alignnone wp-image-6165\" src=\"https:\/\/agora.xtec.cat\/cesire_historic\/\/wp-content\/uploads\/usu397\/2019\/05\/PORTADA-1.jpg\" alt=\"\" width=\"877\" height=\"137\" srcset=\"https:\/\/agora.xtec.cat\/cesire_historic\/wp-content\/uploads\/usu397\/2019\/05\/PORTADA-1.jpg 756w, https:\/\/agora.xtec.cat\/cesire_historic\/wp-content\/uploads\/usu397\/2019\/05\/PORTADA-1-300x47.jpg 300w\" sizes=\"auto, (max-width: 877px) 100vw, 877px\" \/><\/p>\n<p style=\"text-align: center;\">Materials, recursos, documents, v\u00eddeos,&#8230; relacionats amb l&#8217;educaci\u00f3 de les ci\u00e8ncies socials<\/p>\n<p style=\"text-align: center;\"><a href=\"https:\/\/sites.google.com\/site\/cerescesire\/\">Web antic CESIRE- CERES<\/a><\/p>\n","protected":false},"excerpt":{"rendered":"<p>&nbsp;<\/p>\n<p>Materials, recursos, documents, v\u00eddeos,&#8230; relacionats amb l&#8217;educaci\u00f3 de les ci\u00e8ncies socials<br \/>\n<a href=\"https:\/\/sites.google.com\/site\/cerescesire\/\">Web antic CESIRE- CERES<\/a><\/p>\n","protected":false},"author":1,"featured_media":0,"parent":0,"menu_order":0,"comment_status":"closed","ping_status":"closed","template":"page-templates\/side-menu.php","meta":{"_bbp_topic_count":0,"_bbp_reply_count":0,"_bbp_total_topic_count":0,"_bbp_total_reply_count":0,"_bbp_voice_count":0,"_bbp_anonymous_reply_count":0,"_bbp_topic_count_hidden":0,"_bbp_reply_count_hidden":0,"_bbp_forum_subforum_count":0,"footnotes":""},"class_list":["post-4607","page","type-page","status-publish","hentry"],"post_mailing_queue_ids":[],"_links":{"self":[{"href":"https:\/\/agora.xtec.cat\/cesire_historic\/wp-json\/wp\/v2\/pages\/4607","targetHints":{"allow":["GET"]}}],"collection":[{"href":"https:\/\/agora.xtec.cat\/cesire_historic\/wp-json\/wp\/v2\/pages"}],"about":[{"href":"https:\/\/agora.xtec.cat\/cesire_historic\/wp-json\/wp\/v2\/types\/page"}],"author":[{"embeddable":true,"href":"https:\/\/agora.xtec.cat\/cesire_historic\/wp-json\/wp\/v2\/users\/1"}],"replies":[{"embeddable":true,"href":"https:\/\/agora.xtec.cat\/cesire_historic\/wp-json\/wp\/v2\/comments?post=4607"}],"version-history":[{"count":3,"href":"https:\/\/agora.xtec.cat\/cesire_historic\/wp-json\/wp\/v2\/pages\/4607\/revisions"}],"predecessor-version":[{"id":6717,"href":"https:\/\/agora.xtec.cat\/cesire_historic\/wp-json\/wp\/v2\/pages\/4607\/revisions\/6717"}],"wp:attachment":[{"href":"https:\/\/agora.xtec.cat\/cesire_historic\/wp-json\/wp\/v2\/media?parent=4607"}],"curies":[{"name":"wp","href":"https:\/\/api.w.org\/{rel}","templated":true}]}}