{"id":4576,"date":"2019-02-04T11:57:22","date_gmt":"2019-02-04T10:57:22","guid":{"rendered":"http:\/\/agora.xtec.cat\/cesire_historic\/\/?page_id=4576"},"modified":"2019-03-26T09:08:52","modified_gmt":"2019-03-26T08:08:52","slug":"ambit-linguistic","status":"publish","type":"page","link":"https:\/\/agora.xtec.cat\/cesire_historic\/ambit-linguistic\/","title":{"rendered":"\u00c0mbit ling\u00fc\u00edstic"},"content":{"rendered":"<p style=\"text-align: center;\">Materials, recursos, documents, v\u00eddeos, concursos\u2026 relacionats amb l&#8217;educaci\u00f3 ling\u00fc\u00edstica i liter\u00e0ria<\/p>\n<p style=\"text-align: center;\"><a href=\"http:\/\/srvcnpbs.xtec.cat\/cirel\/cirel\/\" target=\"_blank\" rel=\"noopener\">Web antiga CESIRE-CIREL<\/a><\/p>\n<p><img loading=\"lazy\" decoding=\"async\" class=\"aligncenter wp-image-5074 size-full\" src=\"https:\/\/agora.xtec.cat\/cesire_historic\/\/wp-content\/uploads\/usu397\/2019\/03\/banner_cirel.jpg\" alt=\"\" width=\"1000\" height=\"100\" srcset=\"https:\/\/agora.xtec.cat\/cesire_historic\/wp-content\/uploads\/usu397\/2019\/03\/banner_cirel.jpg 1000w, https:\/\/agora.xtec.cat\/cesire_historic\/wp-content\/uploads\/usu397\/2019\/03\/banner_cirel-300x30.jpg 300w, https:\/\/agora.xtec.cat\/cesire_historic\/wp-content\/uploads\/usu397\/2019\/03\/banner_cirel-768x77.jpg 768w\" sizes=\"auto, (max-width: 1000px) 100vw, 1000px\" \/><\/p>\n","protected":false},"excerpt":{"rendered":"<p>Materials, recursos, documents, v\u00eddeos, concursos\u2026 relacionats amb l&#8217;educaci\u00f3 ling\u00fc\u00edstica i liter\u00e0ria<br \/>\n<a href=\"http:\/\/srvcnpbs.xtec.cat\/cirel\/cirel\/\" target=\"_blank\" rel=\"noopener\">Web antiga CESIRE-CIREL<\/a><\/p>\n","protected":false},"author":1,"featured_media":0,"parent":0,"menu_order":0,"comment_status":"closed","ping_status":"closed","template":"page-templates\/side-menu.php","meta":{"_bbp_topic_count":0,"_bbp_reply_count":0,"_bbp_total_topic_count":0,"_bbp_total_reply_count":0,"_bbp_voice_count":0,"_bbp_anonymous_reply_count":0,"_bbp_topic_count_hidden":0,"_bbp_reply_count_hidden":0,"_bbp_forum_subforum_count":0,"footnotes":""},"class_list":["post-4576","page","type-page","status-publish","hentry"],"post_mailing_queue_ids":[],"_links":{"self":[{"href":"https:\/\/agora.xtec.cat\/cesire_historic\/wp-json\/wp\/v2\/pages\/4576","targetHints":{"allow":["GET"]}}],"collection":[{"href":"https:\/\/agora.xtec.cat\/cesire_historic\/wp-json\/wp\/v2\/pages"}],"about":[{"href":"https:\/\/agora.xtec.cat\/cesire_historic\/wp-json\/wp\/v2\/types\/page"}],"author":[{"embeddable":true,"href":"https:\/\/agora.xtec.cat\/cesire_historic\/wp-json\/wp\/v2\/users\/1"}],"replies":[{"embeddable":true,"href":"https:\/\/agora.xtec.cat\/cesire_historic\/wp-json\/wp\/v2\/comments?post=4576"}],"version-history":[{"count":2,"href":"https:\/\/agora.xtec.cat\/cesire_historic\/wp-json\/wp\/v2\/pages\/4576\/revisions"}],"predecessor-version":[{"id":5075,"href":"https:\/\/agora.xtec.cat\/cesire_historic\/wp-json\/wp\/v2\/pages\/4576\/revisions\/5075"}],"wp:attachment":[{"href":"https:\/\/agora.xtec.cat\/cesire_historic\/wp-json\/wp\/v2\/media?parent=4576"}],"curies":[{"name":"wp","href":"https:\/\/api.w.org\/{rel}","templated":true}]}}