{"id":4287,"date":"2019-01-25T10:31:25","date_gmt":"2019-01-25T09:31:25","guid":{"rendered":"http:\/\/agora.xtec.cat\/cesire_historic\/\/?page_id=4287"},"modified":"2020-07-07T12:23:14","modified_gmt":"2020-07-07T10:23:14","slug":"suport_professorat_mat","status":"publish","type":"page","link":"https:\/\/agora.xtec.cat\/cesire_historic\/ambit-matematic\/suport_professorat_mat\/","title":{"rendered":"Suport professorat"},"content":{"rendered":"<p>En aquesta secci\u00f3 es recullen documents externs i d&#8217;elaboraci\u00f3 pr\u00f2pia, enlla\u00e7os&#8230; que poden ser d&#8217;utilitat al professorat en el plantejament i desenvolupament de les seves classes de matem\u00e0tiques.\u00a0 Hi trobareu de car\u00e0cter general o documentaci\u00f3 m\u00e9s espec\u00edfica com la del SEP.<\/p>\n<p style=\"text-align: center;\"><img loading=\"lazy\" decoding=\"async\" class=\"aligncenter size-medium wp-image-4288\" src=\"https:\/\/agora.xtec.cat\/cesire_historic\/\/wp-content\/uploads\/usu397\/2019\/01\/Poliedros-300x169.jpg\" alt=\"\" width=\"300\" height=\"169\" srcset=\"https:\/\/agora.xtec.cat\/cesire_historic\/wp-content\/uploads\/usu397\/2019\/01\/Poliedros-300x169.jpg 300w, https:\/\/agora.xtec.cat\/cesire_historic\/wp-content\/uploads\/usu397\/2019\/01\/Poliedros.jpg 630w\" sizes=\"auto, (max-width: 300px) 100vw, 300px\" \/><\/p>\n<p style=\"text-align: center;\"><a title=\"Documents de suport al professorat\" href=\"https:\/\/agora.xtec.cat\/cesire_historic\/\/ambit-matematic\/suport_professorat_mat\/documents-de-suport-al-professorat\/\">Documents de suport al professorat<\/a><\/p>\n<p style=\"text-align: center;\"><a title=\"SEP\" href=\"https:\/\/agora.xtec.cat\/cesire_historic\/\/ambit-matematic\/suport_professorat_mat\/sep\/\">SEP<\/a><\/p>\n<p style=\"text-align: center;\"><a title=\"Nou Biaix - El rac\u00f3 del CREAMAT\" href=\"https:\/\/agora.xtec.cat\/cesire_historic\/\/ambit-matematic\/suport_professorat_mat\/nou-biaix-el-raco-del-creamat\/\">Nou Biaix &#8211; El rac\u00f3 del CREAMAT<\/a><\/p>\n<p style=\"text-align: center;\"><a title=\"Revistes de matem\u00e0tiques i did\u00e0ctica de les matem\u00e0tiques\" href=\"https:\/\/agora.xtec.cat\/cesire_historic\/\/ambit-matematic\/suport_professorat_mat\/revistes-de-matematiques-i-didactica-de-les-matematiques\/\">Revistes de matem\u00e0tiques i did\u00e0ctica de les matem\u00e0tiques<\/a><\/p>\n<p style=\"text-align: center;\"><a title=\"Altres documents\" href=\"https:\/\/agora.xtec.cat\/cesire_historic\/\/ambit-matematic\/suport_professorat_mat\/altres-documents\/\">Altres documents<\/a><\/p>\n","protected":false},"excerpt":{"rendered":"<p>En aquesta secci\u00f3 es recullen documents externs i d&#8217;elaboraci\u00f3 pr\u00f2pia, enlla\u00e7os&#8230; que poden ser d&#8217;utilitat al professorat en el plantejament i desenvolupament de les seves classes de matem\u00e0tiques.\u00a0 Hi trobareu de car\u00e0cter general o documentaci\u00f3 m\u00e9s espec\u00edfica com la del SEP.<\/p>\n<p><a title=\"Documents de suport al&hellip;  <a href=\"https:\/\/agora.xtec.cat\/cesire_historic\/ambit-matematic\/suport_professorat_mat\/\" title=\"Read Suport professorat\">Llegeix m\u00e9s\u00bb<\/a><\/p>\n","protected":false},"author":1,"featured_media":0,"parent":4281,"menu_order":2,"comment_status":"closed","ping_status":"closed","template":"page-templates\/side-menu.php","meta":{"_bbp_topic_count":0,"_bbp_reply_count":0,"_bbp_total_topic_count":0,"_bbp_total_reply_count":0,"_bbp_voice_count":0,"_bbp_anonymous_reply_count":0,"_bbp_topic_count_hidden":0,"_bbp_reply_count_hidden":0,"_bbp_forum_subforum_count":0,"footnotes":""},"class_list":["post-4287","page","type-page","status-publish","hentry"],"post_mailing_queue_ids":[],"_links":{"self":[{"href":"https:\/\/agora.xtec.cat\/cesire_historic\/wp-json\/wp\/v2\/pages\/4287","targetHints":{"allow":["GET"]}}],"collection":[{"href":"https:\/\/agora.xtec.cat\/cesire_historic\/wp-json\/wp\/v2\/pages"}],"about":[{"href":"https:\/\/agora.xtec.cat\/cesire_historic\/wp-json\/wp\/v2\/types\/page"}],"author":[{"embeddable":true,"href":"https:\/\/agora.xtec.cat\/cesire_historic\/wp-json\/wp\/v2\/users\/1"}],"replies":[{"embeddable":true,"href":"https:\/\/agora.xtec.cat\/cesire_historic\/wp-json\/wp\/v2\/comments?post=4287"}],"version-history":[{"count":3,"href":"https:\/\/agora.xtec.cat\/cesire_historic\/wp-json\/wp\/v2\/pages\/4287\/revisions"}],"predecessor-version":[{"id":9872,"href":"https:\/\/agora.xtec.cat\/cesire_historic\/wp-json\/wp\/v2\/pages\/4287\/revisions\/9872"}],"up":[{"embeddable":true,"href":"https:\/\/agora.xtec.cat\/cesire_historic\/wp-json\/wp\/v2\/pages\/4281"}],"wp:attachment":[{"href":"https:\/\/agora.xtec.cat\/cesire_historic\/wp-json\/wp\/v2\/media?parent=4287"}],"curies":[{"name":"wp","href":"https:\/\/api.w.org\/{rel}","templated":true}]}}