{"id":4034,"date":"2018-09-28T09:42:32","date_gmt":"2018-09-28T07:42:32","guid":{"rendered":"http:\/\/agora.xtec.cat\/cesire_historic\/\/?page_id=4034"},"modified":"2019-06-11T10:20:27","modified_gmt":"2019-06-11T08:20:27","slug":"ambit-artistic","status":"publish","type":"page","link":"https:\/\/agora.xtec.cat\/cesire_historic\/ambit-artistic\/","title":{"rendered":"\u00c0mbit art\u00edstic"},"content":{"rendered":"<h3><img loading=\"lazy\" decoding=\"async\" class=\"alignright\" src=\"https:\/\/agora.xtec.cat\/cesire_historic\/\/wp-content\/uploads\/usu397\/2018\/05\/CAPC\u0327ALERA-enquesta-C3.png\" alt=\"\" width=\"132\" height=\"44\" \/><\/h3>\n<h3><img loading=\"lazy\" decoding=\"async\" class=\"alignright\" src=\"https:\/\/agora.xtec.cat\/cesire_historic\/\/wp-content\/uploads\/usu397\/2018\/05\/cesire_art.png\" alt=\"\" width=\"105\" height=\"31\" \/><\/h3>\n<h3 style=\"text-align: right;\"><\/h3>\n<h3><\/h3>\n<h3 style=\"text-align: left;\">\u00c0mbit Art\u00edstic<\/h3>\n<p>Materials, recursos, documents, v\u00eddeos, concursos\u2026 relacionats amb l\u2019educaci\u00f3 art\u00edstica.<\/p>\n<p><a href=\"http:\/\/agora.xtec.cat\/cesire_historic\/\/wp-content\/uploads\/usu397\/2018\/05\/banda.jpg\"><img loading=\"lazy\" decoding=\"async\" class=\"alignnone wp-image-3150\" src=\"http:\/\/agora.xtec.cat\/cesire_historic\/\/wp-content\/uploads\/usu397\/2018\/05\/banda-1024x41.jpg\" alt=\"\" width=\"100\" height=\"4\" srcset=\"https:\/\/agora.xtec.cat\/cesire_historic\/wp-content\/uploads\/usu397\/2018\/05\/banda-1024x41.jpg 1024w, https:\/\/agora.xtec.cat\/cesire_historic\/wp-content\/uploads\/usu397\/2018\/05\/banda-300x12.jpg 300w, https:\/\/agora.xtec.cat\/cesire_historic\/wp-content\/uploads\/usu397\/2018\/05\/banda-768x31.jpg 768w, https:\/\/agora.xtec.cat\/cesire_historic\/wp-content\/uploads\/usu397\/2018\/05\/banda.jpg 1434w\" sizes=\"auto, (max-width: 100px) 100vw, 100px\" \/><\/a> <strong>Pilotem nous models formatius<\/strong>: <a href=\"https:\/\/agora.xtec.cat\/cesire_historic\/\/ambit-artistic\/itineraris-artistics\/\">Itineraris Art\u00edstics Autoplanificats<\/a><\/p>\n<p><strong><a href=\"http:\/\/agora.xtec.cat\/cesire_historic\/\/wp-content\/uploads\/usu397\/2018\/05\/banda.jpg\"><img loading=\"lazy\" decoding=\"async\" class=\"alignnone wp-image-3150\" src=\"http:\/\/agora.xtec.cat\/cesire_historic\/\/wp-content\/uploads\/usu397\/2018\/05\/banda-1024x41.jpg\" alt=\"\" width=\"100\" height=\"4\" srcset=\"https:\/\/agora.xtec.cat\/cesire_historic\/wp-content\/uploads\/usu397\/2018\/05\/banda-1024x41.jpg 1024w, https:\/\/agora.xtec.cat\/cesire_historic\/wp-content\/uploads\/usu397\/2018\/05\/banda-300x12.jpg 300w, https:\/\/agora.xtec.cat\/cesire_historic\/wp-content\/uploads\/usu397\/2018\/05\/banda-768x31.jpg 768w, https:\/\/agora.xtec.cat\/cesire_historic\/wp-content\/uploads\/usu397\/2018\/05\/banda.jpg 1434w\" sizes=\"auto, (max-width: 100px) 100vw, 100px\" \/><\/a> Som un equip en Xarxa<\/strong>: <a href=\"https:\/\/agora.xtec.cat\/cesire_historic\/\/ambit-artistic\/itineraris-artistics\/xarxa-de-persones-formadores\/\">equip de persones col\u00b7laboradores<\/a><\/p>\n<p><a href=\"http:\/\/agora.xtec.cat\/cesire_historic\/\/wp-content\/uploads\/usu397\/2018\/05\/banda.jpg\"><img loading=\"lazy\" decoding=\"async\" class=\"alignnone wp-image-3150\" src=\"http:\/\/agora.xtec.cat\/cesire_historic\/\/wp-content\/uploads\/usu397\/2018\/05\/banda-1024x41.jpg\" alt=\"\" width=\"100\" height=\"4\" srcset=\"https:\/\/agora.xtec.cat\/cesire_historic\/wp-content\/uploads\/usu397\/2018\/05\/banda-1024x41.jpg 1024w, https:\/\/agora.xtec.cat\/cesire_historic\/wp-content\/uploads\/usu397\/2018\/05\/banda-300x12.jpg 300w, https:\/\/agora.xtec.cat\/cesire_historic\/wp-content\/uploads\/usu397\/2018\/05\/banda-768x31.jpg 768w, https:\/\/agora.xtec.cat\/cesire_historic\/wp-content\/uploads\/usu397\/2018\/05\/banda.jpg 1434w\" sizes=\"auto, (max-width: 100px) 100vw, 100px\" \/><\/a> <strong>Dissenyem, pilotem, avaluem i compartim<\/strong>: <a href=\"https:\/\/agora.xtec.cat\/cesire_historic\/\/ambit-artistic\/itineraris-artistics\/sessions-itineraris-artistics\/\">Materials de formaci\u00f3 de l&#8217;\u00e0mbit art\u00edstic<\/a><\/p>\n<p><img loading=\"lazy\" decoding=\"async\" class=\"alignnone wp-image-3150\" src=\"http:\/\/agora.xtec.cat\/cesire_historic\/\/wp-content\/uploads\/usu397\/2018\/05\/banda-1024x41.jpg\" alt=\"\" width=\"100\" height=\"4\" srcset=\"https:\/\/agora.xtec.cat\/cesire_historic\/wp-content\/uploads\/usu397\/2018\/05\/banda-1024x41.jpg 1024w, https:\/\/agora.xtec.cat\/cesire_historic\/wp-content\/uploads\/usu397\/2018\/05\/banda-300x12.jpg 300w, https:\/\/agora.xtec.cat\/cesire_historic\/wp-content\/uploads\/usu397\/2018\/05\/banda-768x31.jpg 768w, https:\/\/agora.xtec.cat\/cesire_historic\/wp-content\/uploads\/usu397\/2018\/05\/banda.jpg 1434w\" sizes=\"auto, (max-width: 100px) 100vw, 100px\" \/> <strong>Col.laborem i cooperem amb altres \u00e0mbits<\/strong><a href=\"https:\/\/agora.xtec.cat\/cesire_historic\/\/ambit-artistic\/integracio-de-coneixements\/\">: <\/a><a href=\"https:\/\/agora.xtec.cat\/cesire_historic\/\/ambit-artistic\/integracio-de-coneixements\/\">Integraci\u00f3 de coneixements<\/a><\/p>\n<p><img loading=\"lazy\" decoding=\"async\" class=\"alignnone wp-image-3150\" src=\"http:\/\/agora.xtec.cat\/cesire_historic\/\/wp-content\/uploads\/usu397\/2018\/05\/banda-1024x41.jpg\" alt=\"\" width=\"100\" height=\"4\" srcset=\"https:\/\/agora.xtec.cat\/cesire_historic\/wp-content\/uploads\/usu397\/2018\/05\/banda-1024x41.jpg 1024w, https:\/\/agora.xtec.cat\/cesire_historic\/wp-content\/uploads\/usu397\/2018\/05\/banda-300x12.jpg 300w, https:\/\/agora.xtec.cat\/cesire_historic\/wp-content\/uploads\/usu397\/2018\/05\/banda-768x31.jpg 768w, https:\/\/agora.xtec.cat\/cesire_historic\/wp-content\/uploads\/usu397\/2018\/05\/banda.jpg 1434w\" sizes=\"auto, (max-width: 100px) 100vw, 100px\" \/> <strong>Dialoguem i Constru\u00efm<\/strong>: <a href=\"https:\/\/agora.xtec.cat\/cesire_historic\/\/ambit-artistic\/suport-professorat-art\/\">Jornades i Trobades<\/a><\/p>\n<p><img loading=\"lazy\" decoding=\"async\" class=\"alignnone wp-image-3150\" src=\"http:\/\/agora.xtec.cat\/cesire_historic\/\/wp-content\/uploads\/usu397\/2018\/05\/banda-1024x41.jpg\" alt=\"\" width=\"100\" height=\"4\" srcset=\"https:\/\/agora.xtec.cat\/cesire_historic\/wp-content\/uploads\/usu397\/2018\/05\/banda-1024x41.jpg 1024w, https:\/\/agora.xtec.cat\/cesire_historic\/wp-content\/uploads\/usu397\/2018\/05\/banda-300x12.jpg 300w, https:\/\/agora.xtec.cat\/cesire_historic\/wp-content\/uploads\/usu397\/2018\/05\/banda-768x31.jpg 768w, https:\/\/agora.xtec.cat\/cesire_historic\/wp-content\/uploads\/usu397\/2018\/05\/banda.jpg 1434w\" sizes=\"auto, (max-width: 100px) 100vw, 100px\" \/> <strong>Col.laborem amb els Centres i l&#8217;Alumnat<\/strong> <a href=\"https:\/\/agora.xtec.cat\/cesire_historic\/\/ambit-artistic\/transformem-els-centres-deducacio-infantil-i-primaria-amb-les-arts\/\">en codi art\u00edstic<\/a><\/p>\n<p><img loading=\"lazy\" decoding=\"async\" class=\"alignnone wp-image-3150\" src=\"http:\/\/agora.xtec.cat\/cesire_historic\/\/wp-content\/uploads\/usu397\/2018\/05\/banda-1024x41.jpg\" alt=\"\" width=\"100\" height=\"4\" srcset=\"https:\/\/agora.xtec.cat\/cesire_historic\/wp-content\/uploads\/usu397\/2018\/05\/banda-1024x41.jpg 1024w, https:\/\/agora.xtec.cat\/cesire_historic\/wp-content\/uploads\/usu397\/2018\/05\/banda-300x12.jpg 300w, https:\/\/agora.xtec.cat\/cesire_historic\/wp-content\/uploads\/usu397\/2018\/05\/banda-768x31.jpg 768w, https:\/\/agora.xtec.cat\/cesire_historic\/wp-content\/uploads\/usu397\/2018\/05\/banda.jpg 1434w\" sizes=\"auto, (max-width: 100px) 100vw, 100px\" \/> <strong>Fem visible <\/strong>la <a href=\"https:\/\/agora.xtec.cat\/cesire_historic\/\/categoria\/projectes\/connectat-a-la-recerca\/\">Investigaci\u00f3 i la Recerca<\/a><\/p>\n<p><strong>\u00a0<\/strong><\/p>\n<p><strong>Qui som? Des d&#8217;on parlem?<\/strong><\/p>\n<p style=\"text-align: center;\"><iframe loading=\"lazy\" src=\"\/\/www.youtube.com\/embed\/OsWOpYAK4Vo\" width=\"560\" height=\"314\" allowfullscreen=\"allowfullscreen\"><\/iframe><\/p>\n<p style=\"text-align: center;\">Julio P\u00e9rez. <em>Director<\/em>\u00a0 . Ester Forn\u00e9. <em>\u00c0mbit Art\u00edstic.<\/em><\/p>\n<p><strong>On ens pots trobar? <\/strong>Avinguda de les Drassanes,10. (08001) Barcelona. <a href=\"https:\/\/www.google.com\/maps\/place\/CESIRE\/@41.3767965,2.1744749,15z\/data=!4m2!3m1!1s0x0:0x339477a5bc8a5efd?sa=X&amp;ved=2ahUKEwiZ7on0uM_hAhUgAWMBHd8AArwQ_BIwCnoECAoQCA\">MAPA<\/a><\/p>\n<p style=\"text-align: center;\">\r\n\t<div class=\"slideshow_container slideshow_container_style-light\" style=\"height: 300px; \" data-slideshow-id=\"5271\" data-style-name=\"style-light\" data-style-version=\"2.3.1\" >\r\n\r\n\t\t\t\t\t<div class=\"slideshow_loading_icon\"><\/div>\r\n\t\t\r\n\t\t<div class=\"slideshow_content\" style=\"display: none;\">\r\n\r\n\t\t\t<div class=\"slideshow_view\">\r\n\t\t\t\t<div class=\"slideshow_slide slideshow_slide_image\">\r\n\t\t\t\t\t\t\t\t\t\t\t<img src=\"https:\/\/agora.xtec.cat\/cesire_historic\/wp-content\/uploads\/usu397\/2018\/05\/IMG_1323-1.jpg\" alt=\"IMG_1323\" width=\"640\" height=\"480\" \/>\r\n\t\t\t\t\t\t\t\t\t\t<div class=\"slideshow_description_box slideshow_transparent\">\r\n\t\t\t\t\t\t<div class=\"slideshow_title\">IMG_1323<\/div>\t\t\t\t\t\t\t\t\t\t\t<\/div>\r\n\t\t\t\t<\/div>\r\n\r\n\t\t\t\t\t\t<div style=\"clear: both;\"><\/div><\/div><div class=\"slideshow_view\">\r\n\t\t\t\t<div class=\"slideshow_slide slideshow_slide_image\">\r\n\t\t\t\t\t\t\t\t\t\t\t<img src=\"https:\/\/agora.xtec.cat\/cesire_historic\/wp-content\/uploads\/usu397\/2018\/05\/IMG_1370.jpg\" alt=\"IMG_1370\" width=\"480\" height=\"640\" \/>\r\n\t\t\t\t\t\t\t\t\t\t<div class=\"slideshow_description_box slideshow_transparent\">\r\n\t\t\t\t\t\t<div class=\"slideshow_title\">IMG_1370<\/div>\t\t\t\t\t\t\t\t\t\t\t<\/div>\r\n\t\t\t\t<\/div>\r\n\r\n\t\t\t\t\t\t<div style=\"clear: both;\"><\/div><\/div><div class=\"slideshow_view\">\r\n\t\t\t\t<div class=\"slideshow_slide slideshow_slide_image\">\r\n\t\t\t\t\t\t\t\t\t\t\t<img src=\"https:\/\/agora.xtec.cat\/cesire_historic\/wp-content\/uploads\/usu397\/2018\/05\/Espais-CESIRE-1-1.jpg\" alt=\"Espais CESIRE 1\" width=\"1057\" height=\"723\" \/>\r\n\t\t\t\t\t\t\t\t\t\t<div class=\"slideshow_description_box slideshow_transparent\">\r\n\t\t\t\t\t\t<div class=\"slideshow_title\">Espais CESIRE 1<\/div>\t\t\t\t\t\t\t\t\t\t\t<\/div>\r\n\t\t\t\t<\/div>\r\n\r\n\t\t\t\t\t\t<div style=\"clear: both;\"><\/div><\/div><div class=\"slideshow_view\">\r\n\t\t\t\t<div class=\"slideshow_slide slideshow_slide_image\">\r\n\t\t\t\t\t\t\t\t\t\t\t<img src=\"https:\/\/agora.xtec.cat\/cesire_historic\/wp-content\/uploads\/usu397\/2018\/05\/espais-cesire-2.jpg\" alt=\"espais-cesire-2\" width=\"3988\" height=\"3988\" \/>\r\n\t\t\t\t\t\t\t\t\t\t<div class=\"slideshow_description_box slideshow_transparent\">\r\n\t\t\t\t\t\t<div class=\"slideshow_title\">espais-cesire-2<\/div>\t\t\t\t\t\t\t\t\t\t\t<\/div>\r\n\t\t\t\t<\/div>\r\n\r\n\t\t\t\t\t\t<div style=\"clear: both;\"><\/div><\/div><div class=\"slideshow_view\">\r\n\t\t\t\t<div class=\"slideshow_slide slideshow_slide_image\">\r\n\t\t\t\t\t\t\t\t\t\t\t<img src=\"https:\/\/agora.xtec.cat\/cesire_historic\/wp-content\/uploads\/usu397\/2018\/05\/espais-cesire-3.jpg\" alt=\"espais-cesire-3\" width=\"3988\" height=\"3988\" \/>\r\n\t\t\t\t\t\t\t\t\t\t<div class=\"slideshow_description_box slideshow_transparent\">\r\n\t\t\t\t\t\t<div class=\"slideshow_title\">espais-cesire-3<\/div>\t\t\t\t\t\t\t\t\t\t\t<\/div>\r\n\t\t\t\t<\/div>\r\n\r\n\t\t\t\t\t\t<div style=\"clear: both;\"><\/div><\/div><div class=\"slideshow_view\">\r\n\t\t\t\t<div class=\"slideshow_slide slideshow_slide_image\">\r\n\t\t\t\t\t\t\t\t\t\t\t<img src=\"https:\/\/agora.xtec.cat\/cesire_historic\/wp-content\/uploads\/usu397\/2018\/07\/2-2.jpg\" alt=\"2\" width=\"923\" height=\"689\" \/>\r\n\t\t\t\t\t\t\t\t\t\t<div class=\"slideshow_description_box slideshow_transparent\">\r\n\t\t\t\t\t\t<div class=\"slideshow_title\">2<\/div>\t\t\t\t\t\t\t\t\t\t\t<\/div>\r\n\t\t\t\t<\/div>\r\n\r\n\t\t\t\t\t\t<div style=\"clear: both;\"><\/div><\/div><div class=\"slideshow_view\">\r\n\t\t\t\t<div class=\"slideshow_slide slideshow_slide_image\">\r\n\t\t\t\t\t\t\t\t\t\t\t<img src=\"https:\/\/agora.xtec.cat\/cesire_historic\/wp-content\/uploads\/usu397\/2019\/04\/c3.png\" alt=\"c3\" width=\"599\" height=\"398\" \/>\r\n\t\t\t\t\t\t\t\t\t\t<div class=\"slideshow_description_box slideshow_transparent\">\r\n\t\t\t\t\t\t<div class=\"slideshow_title\">c3<\/div>\t\t\t\t\t\t\t\t\t\t\t<\/div>\r\n\t\t\t\t<\/div>\r\n\r\n\t\t\t\t\t\t<div style=\"clear: both;\"><\/div><\/div><div class=\"slideshow_view\">\r\n\t\t\t\t<div class=\"slideshow_slide slideshow_slide_image\">\r\n\t\t\t\t\t\t\t\t\t\t\t<img src=\"https:\/\/agora.xtec.cat\/cesire_historic\/wp-content\/uploads\/usu397\/2019\/04\/c2.png\" alt=\"c2\" width=\"602\" height=\"338\" \/>\r\n\t\t\t\t\t\t\t\t\t\t<div class=\"slideshow_description_box slideshow_transparent\">\r\n\t\t\t\t\t\t<div class=\"slideshow_title\">c2<\/div>\t\t\t\t\t\t\t\t\t\t\t<\/div>\r\n\t\t\t\t<\/div>\r\n\r\n\t\t\t\t\t\t<div style=\"clear: both;\"><\/div><\/div><div class=\"slideshow_view\">\r\n\t\t\t\t<div class=\"slideshow_slide slideshow_slide_image\">\r\n\t\t\t\t\t\t\t\t\t\t\t<img src=\"https:\/\/agora.xtec.cat\/cesire_historic\/wp-content\/uploads\/usu397\/2019\/04\/c1.png\" alt=\"c1\" width=\"563\" height=\"397\" \/>\r\n\t\t\t\t\t\t\t\t\t\t<div class=\"slideshow_description_box slideshow_transparent\">\r\n\t\t\t\t\t\t<div class=\"slideshow_title\">c1<\/div>\t\t\t\t\t\t\t\t\t\t\t<\/div>\r\n\t\t\t\t<\/div>\r\n\r\n\t\t\t\t\t\t<div style=\"clear: both;\"><\/div><\/div>\r\n\t\t<\/div>\r\n\r\n\t\t<div class=\"slideshow_controlPanel slideshow_transparent\" style=\"display: none;\"><ul><li class=\"slideshow_togglePlay\" data-play-text=\"Visualitza\" data-pause-text=\"Pausa\"><\/li><\/ul><\/div>\r\n\r\n\t\t<div class=\"slideshow_button slideshow_previous slideshow_transparent\" role=\"button\" data-previous-text=\"Anterior\" style=\"display: none;\"><\/div>\r\n\t\t<div class=\"slideshow_button slideshow_next slideshow_transparent\" role=\"button\" data-next-text=\"Seg\u00fcent\" style=\"display: none;\"><\/div>\r\n\r\n\t\t<div class=\"slideshow_pagination\" style=\"display: none;\" data-go-to-text=\"V\u00e9s a la diapositiva\"><div class=\"slideshow_pagination_center\"><\/div><\/div>\r\n\r\n\t\t<!-- WordPress Slideshow Version 2.3.1 -->\r\n\r\n\t\t\t<\/div>\r\n\r\n<\/p>\n","protected":false},"excerpt":{"rendered":"<p>\u00c0mbit Art\u00edstic<br \/>\nMaterials, recursos, documents, v\u00eddeos, concursos\u2026 relacionats amb l\u2019educaci\u00f3 art\u00edstica.<br \/>\n<a href=\"http:\/\/agora.xtec.cat\/cesire_historic\/\/wp-content\/uploads\/usu397\/2018\/05\/banda.jpg\"><\/a> Pilotem nous models formatius: <a href=\"https:\/\/agora.xtec.cat\/cesire_historic\/\/ambit-artistic\/itineraris-artistics\/\">Itineraris Art\u00edstics Autoplanificats<\/a><br \/>\n<a href=\"http:\/\/agora.xtec.cat\/cesire_historic\/\/wp-content\/uploads\/usu397\/2018\/05\/banda.jpg\"><\/a> Som un equip en Xarxa: <a href=\"https:\/\/agora.xtec.cat\/cesire_historic\/\/ambit-artistic\/itineraris-artistics\/xarxa-de-persones-formadores\/\">equip de persones col\u00b7laboradores<\/a><br \/>\n<a href=\"http:\/\/agora.xtec.cat\/cesire_historic\/\/wp-content\/uploads\/usu397\/2018\/05\/banda.jpg\"><\/a> Dissenyem, pilotem, avaluem i compartim: <a href=\"https:\/\/agora.xtec.cat\/cesire_historic\/\/ambit-artistic\/itineraris-artistics\/sessions-itineraris-artistics\/\">Materials de formaci\u00f3 de l&#8217;\u00e0mbit art\u00edstic<\/a><br \/>\n Col.laborem i&hellip;  <a href=\"https:\/\/agora.xtec.cat\/cesire_historic\/ambit-artistic\/\" title=\"Read \u00c0mbit art\u00edstic\">Llegeix m\u00e9s\u00bb<\/a><\/p>\n","protected":false},"author":12,"featured_media":0,"parent":0,"menu_order":0,"comment_status":"closed","ping_status":"closed","template":"page-templates\/side-menu.php","meta":{"_bbp_topic_count":0,"_bbp_reply_count":0,"_bbp_total_topic_count":0,"_bbp_total_reply_count":0,"_bbp_voice_count":0,"_bbp_anonymous_reply_count":0,"_bbp_topic_count_hidden":0,"_bbp_reply_count_hidden":0,"_bbp_forum_subforum_count":0,"footnotes":""},"class_list":["post-4034","page","type-page","status-publish","hentry"],"post_mailing_queue_ids":[],"_links":{"self":[{"href":"https:\/\/agora.xtec.cat\/cesire_historic\/wp-json\/wp\/v2\/pages\/4034","targetHints":{"allow":["GET"]}}],"collection":[{"href":"https:\/\/agora.xtec.cat\/cesire_historic\/wp-json\/wp\/v2\/pages"}],"about":[{"href":"https:\/\/agora.xtec.cat\/cesire_historic\/wp-json\/wp\/v2\/types\/page"}],"author":[{"embeddable":true,"href":"https:\/\/agora.xtec.cat\/cesire_historic\/wp-json\/wp\/v2\/users\/12"}],"replies":[{"embeddable":true,"href":"https:\/\/agora.xtec.cat\/cesire_historic\/wp-json\/wp\/v2\/comments?post=4034"}],"version-history":[{"count":4,"href":"https:\/\/agora.xtec.cat\/cesire_historic\/wp-json\/wp\/v2\/pages\/4034\/revisions"}],"predecessor-version":[{"id":6406,"href":"https:\/\/agora.xtec.cat\/cesire_historic\/wp-json\/wp\/v2\/pages\/4034\/revisions\/6406"}],"wp:attachment":[{"href":"https:\/\/agora.xtec.cat\/cesire_historic\/wp-json\/wp\/v2\/media?parent=4034"}],"curies":[{"name":"wp","href":"https:\/\/api.w.org\/{rel}","templated":true}]}}