{"id":3763,"date":"2018-07-02T14:11:43","date_gmt":"2018-07-02T12:11:43","guid":{"rendered":"http:\/\/agora.xtec.cat\/cesire_historic\/\/?page_id=3763"},"modified":"2018-07-10T15:15:15","modified_gmt":"2018-07-10T13:15:15","slug":"escola-ferrer-i-guardia-granollers","status":"publish","type":"page","link":"https:\/\/agora.xtec.cat\/cesire_historic\/ambit-artistic\/transformem-els-centres-deducacio-infantil-i-primaria-amb-les-arts\/escola-ferrer-i-guardia-granollers\/","title":{"rendered":"Escola Ferrer i Gu\u00e0rdia. Granollers"},"content":{"rendered":"<p style=\"text-align: center;\"><img loading=\"lazy\" decoding=\"async\" title=\"\" src=\"http:\/\/agora.xtec.cat\/cesire_historic\/\/wp-content\/uploads\/usu397\/2018\/07\/Transformaci\u00f3-centres-Granollers.jpg\" alt=\"\" width=\"740\" height=\"416\" \/><\/p>\n<p style=\"text-align: center;\">L\u2019escola Ferrer i Gu\u00e0rdia \u00e9s una escola de Granollers la qual t\u00e9 l&#8217;educaci\u00f3 art\u00edstica com a tret diferenciador.<\/p>\n<p style=\"text-align: center;\">L\u2019acompanyament de centre es va coordinar des de l\u2019<strong>\u00c0mbit Art\u00edstic del CESIRE<\/strong> i es va dissenyar conjuntament amb l\u2019<strong>equip directiu del centre<\/strong>, el <strong>Servei Educatiu del Vall\u00e8s Oriental I,<\/strong> l&#8217;assessora <strong>Mireia Roca i l&#8217;equip impulsor del centre: Sara Garcia, Montserrat Gabarrella, Inma Rodr\u00edguez i Vanesa Luque.<\/strong><\/p>\n<p style=\"text-align: center;\">El projecte de centre ve donat a partir d&#8217;una decisi\u00f3 consensuada per tot el claustre.\u00a0 Es va dissenyar el projecte art\u00edstic a partir del repte:\u00a0 &#8220;Com millorar la pr\u00e0ctica art\u00edstica a partir i vers la inclusi\u00f3&#8221;.\u00a0 Es varen plantejar les arts com a eix transversal tot fent\u00a0 connexions amb altres \u00e0mbits .<\/p>\n<p style=\"text-align: center;\">\r\n\t<div class=\"slideshow_container slideshow_container_style-light\" style=\"height: 300px; \" data-slideshow-id=\"3702\" data-style-name=\"style-light\" data-style-version=\"2.3.1\" >\r\n\r\n\t\t\t\t\t<div class=\"slideshow_loading_icon\"><\/div>\r\n\t\t\r\n\t\t<div class=\"slideshow_content\" style=\"display: none;\">\r\n\r\n\t\t\t<div class=\"slideshow_view\">\r\n\t\t\t\t<div class=\"slideshow_slide slideshow_slide_image\">\r\n\t\t\t\t\t\t\t\t\t\t\t<img src=\"https:\/\/agora.xtec.cat\/cesire_historic\/wp-content\/uploads\/usu397\/2018\/07\/7.jpg\" alt=\"7\" width=\"916\" height=\"684\" \/>\r\n\t\t\t\t\t\t\t\t\t\t<div class=\"slideshow_description_box slideshow_transparent\">\r\n\t\t\t\t\t\t<div class=\"slideshow_title\">7<\/div>\t\t\t\t\t\t\t\t\t\t\t<\/div>\r\n\t\t\t\t<\/div>\r\n\r\n\t\t\t\t\t\t<div style=\"clear: both;\"><\/div><\/div><div class=\"slideshow_view\">\r\n\t\t\t\t<div class=\"slideshow_slide slideshow_slide_image\">\r\n\t\t\t\t\t\t\t\t\t\t\t<img src=\"https:\/\/agora.xtec.cat\/cesire_historic\/wp-content\/uploads\/usu397\/2018\/07\/6.jpg\" alt=\"6\" width=\"991\" height=\"690\" \/>\r\n\t\t\t\t\t\t\t\t\t\t<div class=\"slideshow_description_box slideshow_transparent\">\r\n\t\t\t\t\t\t<div class=\"slideshow_title\">6<\/div>\t\t\t\t\t\t\t\t\t\t\t<\/div>\r\n\t\t\t\t<\/div>\r\n\r\n\t\t\t\t\t\t<div style=\"clear: both;\"><\/div><\/div><div class=\"slideshow_view\">\r\n\t\t\t\t<div class=\"slideshow_slide slideshow_slide_image\">\r\n\t\t\t\t\t\t\t\t\t\t\t<img src=\"https:\/\/agora.xtec.cat\/cesire_historic\/wp-content\/uploads\/usu397\/2018\/07\/5.jpg\" alt=\"5\" width=\"987\" height=\"577\" \/>\r\n\t\t\t\t\t\t\t\t\t\t<div class=\"slideshow_description_box slideshow_transparent\">\r\n\t\t\t\t\t\t<div class=\"slideshow_title\">5<\/div>\t\t\t\t\t\t\t\t\t\t\t<\/div>\r\n\t\t\t\t<\/div>\r\n\r\n\t\t\t\t\t\t<div style=\"clear: both;\"><\/div><\/div><div class=\"slideshow_view\">\r\n\t\t\t\t<div class=\"slideshow_slide slideshow_slide_image\">\r\n\t\t\t\t\t\t\t\t\t\t\t<img src=\"https:\/\/agora.xtec.cat\/cesire_historic\/wp-content\/uploads\/usu397\/2018\/07\/4.jpg\" alt=\"4\" width=\"985\" height=\"686\" \/>\r\n\t\t\t\t\t\t\t\t\t\t<div class=\"slideshow_description_box slideshow_transparent\">\r\n\t\t\t\t\t\t<div class=\"slideshow_title\">4<\/div>\t\t\t\t\t\t\t\t\t\t\t<\/div>\r\n\t\t\t\t<\/div>\r\n\r\n\t\t\t\t\t\t<div style=\"clear: both;\"><\/div><\/div><div class=\"slideshow_view\">\r\n\t\t\t\t<div class=\"slideshow_slide slideshow_slide_image\">\r\n\t\t\t\t\t\t\t\t\t\t\t<img src=\"https:\/\/agora.xtec.cat\/cesire_historic\/wp-content\/uploads\/usu397\/2018\/07\/3.jpg\" alt=\"3\" width=\"980\" height=\"686\" \/>\r\n\t\t\t\t\t\t\t\t\t\t<div class=\"slideshow_description_box slideshow_transparent\">\r\n\t\t\t\t\t\t<div class=\"slideshow_title\">3<\/div>\t\t\t\t\t\t\t\t\t\t\t<\/div>\r\n\t\t\t\t<\/div>\r\n\r\n\t\t\t\t\t\t<div style=\"clear: both;\"><\/div><\/div><div class=\"slideshow_view\">\r\n\t\t\t\t<div class=\"slideshow_slide slideshow_slide_image\">\r\n\t\t\t\t\t\t\t\t\t\t\t<img src=\"https:\/\/agora.xtec.cat\/cesire_historic\/wp-content\/uploads\/usu397\/2018\/07\/2.jpg\" alt=\"2\" width=\"520\" height=\"616\" \/>\r\n\t\t\t\t\t\t\t\t\t\t<div class=\"slideshow_description_box slideshow_transparent\">\r\n\t\t\t\t\t\t<div class=\"slideshow_title\">2<\/div>\t\t\t\t\t\t\t\t\t\t\t<\/div>\r\n\t\t\t\t<\/div>\r\n\r\n\t\t\t\t\t\t<div style=\"clear: both;\"><\/div><\/div><div class=\"slideshow_view\">\r\n\t\t\t\t<div class=\"slideshow_slide slideshow_slide_image\">\r\n\t\t\t\t\t\t\t\t\t\t\t<img src=\"https:\/\/agora.xtec.cat\/cesire_historic\/wp-content\/uploads\/usu397\/2018\/07\/EWCG2277.jpg\" alt=\"EWCG2277\" width=\"1600\" height=\"1200\" \/>\r\n\t\t\t\t\t\t\t\t\t\t<div class=\"slideshow_description_box slideshow_transparent\">\r\n\t\t\t\t\t\t<div class=\"slideshow_title\">EWCG2277<\/div>\t\t\t\t\t\t\t\t\t\t\t<\/div>\r\n\t\t\t\t<\/div>\r\n\r\n\t\t\t\t\t\t<div style=\"clear: both;\"><\/div><\/div><div class=\"slideshow_view\">\r\n\t\t\t\t<div class=\"slideshow_slide slideshow_slide_image\">\r\n\t\t\t\t\t\t\t\t\t\t\t<img src=\"https:\/\/agora.xtec.cat\/cesire_historic\/wp-content\/uploads\/usu397\/2018\/07\/DRGM6928.jpg\" alt=\"DRGM6928\" width=\"1600\" height=\"1200\" \/>\r\n\t\t\t\t\t\t\t\t\t\t<div class=\"slideshow_description_box slideshow_transparent\">\r\n\t\t\t\t\t\t<div class=\"slideshow_title\">DRGM6928<\/div>\t\t\t\t\t\t\t\t\t\t\t<\/div>\r\n\t\t\t\t<\/div>\r\n\r\n\t\t\t\t\t\t<div style=\"clear: both;\"><\/div><\/div><div class=\"slideshow_view\">\r\n\t\t\t\t<div class=\"slideshow_slide slideshow_slide_image\">\r\n\t\t\t\t\t\t\t\t\t\t\t<img src=\"https:\/\/agora.xtec.cat\/cesire_historic\/wp-content\/uploads\/usu397\/2018\/07\/Captura.jpg\" alt=\"Captura\" width=\"916\" height=\"680\" \/>\r\n\t\t\t\t\t\t\t\t\t\t<div class=\"slideshow_description_box slideshow_transparent\">\r\n\t\t\t\t\t\t<div class=\"slideshow_title\">Captura<\/div>\t\t\t\t\t\t\t\t\t\t\t<\/div>\r\n\t\t\t\t<\/div>\r\n\r\n\t\t\t\t\t\t<div style=\"clear: both;\"><\/div><\/div><div class=\"slideshow_view\">\r\n\t\t\t\t<div class=\"slideshow_slide slideshow_slide_image\">\r\n\t\t\t\t\t\t\t\t\t\t\t<img src=\"https:\/\/agora.xtec.cat\/cesire_historic\/wp-content\/uploads\/usu397\/2018\/07\/BBLM8870.jpg\" alt=\"BBLM8870\" width=\"1600\" height=\"1200\" \/>\r\n\t\t\t\t\t\t\t\t\t\t<div class=\"slideshow_description_box slideshow_transparent\">\r\n\t\t\t\t\t\t<div class=\"slideshow_title\">BBLM8870<\/div>\t\t\t\t\t\t\t\t\t\t\t<\/div>\r\n\t\t\t\t<\/div>\r\n\r\n\t\t\t\t\t\t<div style=\"clear: both;\"><\/div><\/div>\r\n\t\t<\/div>\r\n\r\n\t\t<div class=\"slideshow_controlPanel slideshow_transparent\" style=\"display: none;\"><ul><li class=\"slideshow_togglePlay\" data-play-text=\"Visualitza\" data-pause-text=\"Pausa\"><\/li><\/ul><\/div>\r\n\r\n\t\t<div class=\"slideshow_button slideshow_previous slideshow_transparent\" role=\"button\" data-previous-text=\"Anterior\" style=\"display: none;\"><\/div>\r\n\t\t<div class=\"slideshow_button slideshow_next slideshow_transparent\" role=\"button\" data-next-text=\"Seg\u00fcent\" style=\"display: none;\"><\/div>\r\n\r\n\t\t<div class=\"slideshow_pagination\" style=\"display: none;\" data-go-to-text=\"V\u00e9s a la diapositiva\"><div class=\"slideshow_pagination_center\"><\/div><\/div>\r\n\r\n\t\t<!-- WordPress Slideshow Version 2.3.1 -->\r\n\r\n\t\t\t<\/div>\r\n\r\n<\/p>\n<table style=\"width: 892px; height: 454px;\">\n<tbody>\n<tr style=\"height: 169px;\">\n<td style=\"height: 169px; width: 268.25px;\"><img loading=\"lazy\" decoding=\"async\" class=\"\" title=\"\" src=\"http:\/\/agora.xtec.cat\/cesire_historic\/\/wp-content\/uploads\/usu397\/2018\/07\/1-1.jpg\" alt=\"\" width=\"174\" height=\"164\" \/><\/td>\n<td style=\"height: 169px; width: 268.25px;\">PROJECTE DE CINEMA<\/td>\n<td style=\"height: 169px; width: 615.75px;\">\n<ul>\n<li><a href=\"http:\/\/agora.xtec.cat\/escferreriguardiagranollers\/infantil\/taula-de-llum\/\" target=\"_blank\" rel=\"noopener noreferrer\">Projecte llum i ombres<br \/>\n<\/a><a href=\"http:\/\/agora.xtec.cat\/escferreriguardiagranollers\/infantil\/projecte-de-cinema-a-educacio-infantil-llum-i-ombres\/\" target=\"_blank\" rel=\"noopener noreferrer\">Educaci\u00f3 Infantil<\/a><\/li>\n<li><a href=\"http:\/\/agora.xtec.cat\/escferreriguardiagranollers\/portada\/participacio-al-festival-de-cinema-panoramic\/\" target=\"_blank\" rel=\"noopener noreferrer\">Participaci\u00f3 en el Festival de Cinema Panor\u00e0mic<\/a><a href=\"http:\/\/agora.xtec.cat\/escferreriguardiagranollers\/infantil\/taula-de-llum\/\" target=\"_blank\" rel=\"noopener noreferrer\"><br \/>\n<\/a><a href=\"http:\/\/agora.xtec.cat\/escferreriguardiagranollers\/portada\/taller-de-cinema-a-3r-i-4t-croma\/\" target=\"_blank\" rel=\"noopener noreferrer\">Taller de cinema de 3r i 4t<\/a><\/li>\n<li><a href=\"http:\/\/agora.xtec.cat\/escferreriguardiagranollers\/primaria\/5e-i-6e\/stop-motion-de-plastica\/\" target=\"_blank\" rel=\"noopener noreferrer\">Taller de cinema de 5\u00e8 i 6\u00e8<\/a><\/li>\n<\/ul>\n<\/td>\n<\/tr>\n<tr style=\"height: 102px;\">\n<td style=\"height: 102px; width: 268.25px;\"><img loading=\"lazy\" decoding=\"async\" title=\"\" src=\"http:\/\/agora.xtec.cat\/cesire_historic\/\/wp-content\/uploads\/usu397\/2018\/07\/2-3.jpg\" alt=\"\" width=\"176\" height=\"158\" \/><\/td>\n<td style=\"height: 102px; width: 268.25px;\">ART en MOVIMENTS<\/td>\n<td style=\"height: 102px; width: 615.75px;\">\n<ul>\n<li><a href=\"http:\/\/agora.xtec.cat\/escferreriguardiagranollers\/portada\/taller-dart-1r-i-2n-artistic-moviment\/\" target=\"_blank\" rel=\"noopener noreferrer\">Cicle Inicial: art\u00edstic i moviment<\/a><\/li>\n<li><a href=\"http:\/\/agora.xtec.cat\/escferreriguardiagranollers\/portada\/taller-de-cinema-a-3r-i-4t-croma\/\" target=\"_blank\" rel=\"noopener noreferrer\">Cicle Mitj\u00e0: croma<\/a><\/li>\n<li><a href=\"http:\/\/agora.xtec.cat\/escferreriguardiagranollers\/portada\/pop-art-taller-5e-i-6e-english\/\" target=\"_blank\" rel=\"noopener noreferrer\">Cicle Superior: English<\/a><\/li>\n<\/ul>\n<\/td>\n<\/tr>\n<tr style=\"height: 33px;\">\n<td style=\"height: 33px; width: 268.25px;\"><img decoding=\"async\" src=\"http:\/\/agora.xtec.cat\/cesire_historic\/\/wp-content\/uploads\/usu397\/2018\/07\/3-2.jpg\" \/><\/td>\n<td style=\"height: 33px; width: 268.25px;\">PROJECTE ART I ESCOLA<\/td>\n<td style=\"height: 33px; width: 615.75px;\">\n<ul>\n<li><a href=\"http:\/\/agora.xtec.cat\/escferreriguardiagranollers\/portada\/projecte-art-i-escola-el-tabu\/\" target=\"_blank\" rel=\"noopener noreferrer\">TAB\u00da<\/a><\/li>\n<\/ul>\n<\/td>\n<\/tr>\n<tr style=\"height: 33px;\">\n<td style=\"height: 33px; text-align: center; width: 268.25px;\"><img decoding=\"async\" src=\"http:\/\/agora.xtec.cat\/cesire_historic\/\/wp-content\/uploads\/usu397\/2018\/07\/4-2.jpg\" \/><\/td>\n<td style=\"height: 33px; text-align: center; width: 268.25px;\">PROJECTE DE L&#8217;ENTORN CULTURAL<\/td>\n<td style=\"height: 33px; width: 615.75px;\">\n<ul>\n<li style=\"text-align: left;\"><a href=\"http:\/\/agora.xtec.cat\/escferreriguardiagranollers\/infantil\/p3\/participacio-a-la-mau\/\" target=\"_blank\" rel=\"noopener noreferrer\">ART URB\u00c0 F\u00e0brica de les Arts Roca Umbert<\/a><\/li>\n<li style=\"text-align: left;\"><a href=\"http:\/\/agora.xtec.cat\/escferreriguardiagranollers\/infantil\/taller-al-museu-de-granollers\/\" target=\"_blank\" rel=\"noopener noreferrer\">Museu de Granollers<\/a><\/li>\n<\/ul>\n<\/td>\n<\/tr>\n<\/tbody>\n<\/table>\n<p>&nbsp;<\/p>\n","protected":false},"excerpt":{"rendered":"<p>L\u2019escola Ferrer i Gu\u00e0rdia \u00e9s una escola de Granollers la qual t\u00e9 l&#8217;educaci\u00f3 art\u00edstica com a tret diferenciador.<br \/>\nL\u2019acompanyament de centre es va coordinar des de l\u2019\u00c0mbit Art\u00edstic del CESIRE i es va dissenyar conjuntament amb l\u2019equip directiu del centre, el Servei Educatiu del Vall\u00e8s Oriental&hellip;  <a href=\"https:\/\/agora.xtec.cat\/cesire_historic\/ambit-artistic\/transformem-els-centres-deducacio-infantil-i-primaria-amb-les-arts\/escola-ferrer-i-guardia-granollers\/\" title=\"Read Escola Ferrer i Gu\u00e0rdia. Granollers\">Llegeix m\u00e9s\u00bb<\/a><\/p>\n","protected":false},"author":9,"featured_media":0,"parent":3648,"menu_order":0,"comment_status":"closed","ping_status":"closed","template":"page-templates\/side-menu.php","meta":{"_bbp_topic_count":0,"_bbp_reply_count":0,"_bbp_total_topic_count":0,"_bbp_total_reply_count":0,"_bbp_voice_count":0,"_bbp_anonymous_reply_count":0,"_bbp_topic_count_hidden":0,"_bbp_reply_count_hidden":0,"_bbp_forum_subforum_count":0,"footnotes":""},"class_list":["post-3763","page","type-page","status-publish","hentry"],"post_mailing_queue_ids":[],"_links":{"self":[{"href":"https:\/\/agora.xtec.cat\/cesire_historic\/wp-json\/wp\/v2\/pages\/3763","targetHints":{"allow":["GET"]}}],"collection":[{"href":"https:\/\/agora.xtec.cat\/cesire_historic\/wp-json\/wp\/v2\/pages"}],"about":[{"href":"https:\/\/agora.xtec.cat\/cesire_historic\/wp-json\/wp\/v2\/types\/page"}],"author":[{"embeddable":true,"href":"https:\/\/agora.xtec.cat\/cesire_historic\/wp-json\/wp\/v2\/users\/9"}],"replies":[{"embeddable":true,"href":"https:\/\/agora.xtec.cat\/cesire_historic\/wp-json\/wp\/v2\/comments?post=3763"}],"version-history":[{"count":3,"href":"https:\/\/agora.xtec.cat\/cesire_historic\/wp-json\/wp\/v2\/pages\/3763\/revisions"}],"predecessor-version":[{"id":3939,"href":"https:\/\/agora.xtec.cat\/cesire_historic\/wp-json\/wp\/v2\/pages\/3763\/revisions\/3939"}],"up":[{"embeddable":true,"href":"https:\/\/agora.xtec.cat\/cesire_historic\/wp-json\/wp\/v2\/pages\/3648"}],"wp:attachment":[{"href":"https:\/\/agora.xtec.cat\/cesire_historic\/wp-json\/wp\/v2\/media?parent=3763"}],"curies":[{"name":"wp","href":"https:\/\/api.w.org\/{rel}","templated":true}]}}