{"id":3660,"date":"2018-06-26T11:38:38","date_gmt":"2018-06-26T09:38:38","guid":{"rendered":"http:\/\/agora.xtec.cat\/cesire_historic\/\/?page_id=3660"},"modified":"2019-03-20T14:44:06","modified_gmt":"2019-03-20T13:44:06","slug":"transformem-els-centres-deducacio-infantil-i-primaria-avaluacio","status":"publish","type":"page","link":"https:\/\/agora.xtec.cat\/cesire_historic\/ambit-artistic\/transformem-els-centres-deducacio-infantil-i-primaria-amb-les-arts\/transformem-els-centres-deducacio-infantil-i-primaria-avaluacio\/","title":{"rendered":"Transformem els centres d&#8217;educaci\u00f3 infantil i prim\u00e0ria: Avaluaci\u00f3"},"content":{"rendered":"<p>AVALUACI\u00d3<\/p>\n<p>. Recollida dels resultats de l\u2019experi\u00e8ncia als centres<br \/>\n. Documentaci\u00f3 dels processos de treballs: v\u00eddeos, fotografies i documentaci\u00f3.<br \/>\n. Valoraci\u00f3 dels treballs portats a terme.<br \/>\n. Grau de satisfacci\u00f3<br \/>\n. Millora de centre a partir de la documentaci\u00f3 aportada.<br \/>\n. Q\u00fcestionari de satisfacci\u00f3 dels assistents.<\/p>\n","protected":false},"excerpt":{"rendered":"<p>AVALUACI\u00d3<br \/>\n. Recollida dels resultats de l\u2019experi\u00e8ncia als centres<br \/>\n. Documentaci\u00f3 dels processos de treballs: v\u00eddeos, fotografies i documentaci\u00f3.<br \/>\n. Valoraci\u00f3 dels treballs portats a terme.<br \/>\n. Grau de satisfacci\u00f3<br \/>\n. Millora de centre a partir de la documentaci\u00f3 aportada.<br \/>\n. Q\u00fcestionari de satisfacci\u00f3 dels assistents.<\/p>\n","protected":false},"author":9,"featured_media":0,"parent":3648,"menu_order":0,"comment_status":"closed","ping_status":"closed","template":"page-templates\/side-menu.php","meta":{"_bbp_topic_count":0,"_bbp_reply_count":0,"_bbp_total_topic_count":0,"_bbp_total_reply_count":0,"_bbp_voice_count":0,"_bbp_anonymous_reply_count":0,"_bbp_topic_count_hidden":0,"_bbp_reply_count_hidden":0,"_bbp_forum_subforum_count":0,"footnotes":""},"class_list":["post-3660","page","type-page","status-publish","hentry"],"post_mailing_queue_ids":[],"_links":{"self":[{"href":"https:\/\/agora.xtec.cat\/cesire_historic\/wp-json\/wp\/v2\/pages\/3660","targetHints":{"allow":["GET"]}}],"collection":[{"href":"https:\/\/agora.xtec.cat\/cesire_historic\/wp-json\/wp\/v2\/pages"}],"about":[{"href":"https:\/\/agora.xtec.cat\/cesire_historic\/wp-json\/wp\/v2\/types\/page"}],"author":[{"embeddable":true,"href":"https:\/\/agora.xtec.cat\/cesire_historic\/wp-json\/wp\/v2\/users\/9"}],"replies":[{"embeddable":true,"href":"https:\/\/agora.xtec.cat\/cesire_historic\/wp-json\/wp\/v2\/comments?post=3660"}],"version-history":[{"count":1,"href":"https:\/\/agora.xtec.cat\/cesire_historic\/wp-json\/wp\/v2\/pages\/3660\/revisions"}],"predecessor-version":[{"id":3661,"href":"https:\/\/agora.xtec.cat\/cesire_historic\/wp-json\/wp\/v2\/pages\/3660\/revisions\/3661"}],"up":[{"embeddable":true,"href":"https:\/\/agora.xtec.cat\/cesire_historic\/wp-json\/wp\/v2\/pages\/3648"}],"wp:attachment":[{"href":"https:\/\/agora.xtec.cat\/cesire_historic\/wp-json\/wp\/v2\/media?parent=3660"}],"curies":[{"name":"wp","href":"https:\/\/api.w.org\/{rel}","templated":true}]}}