{"id":3039,"date":"2018-04-25T10:07:00","date_gmt":"2018-04-25T08:07:00","guid":{"rendered":"http:\/\/agora.xtec.cat\/cesire_historic\/\/?page_id=3039"},"modified":"2018-10-10T13:37:09","modified_gmt":"2018-10-10T11:37:09","slug":"com-lart-majuda-a-entendre-el-mon","status":"publish","type":"page","link":"https:\/\/agora.xtec.cat\/cesire_historic\/projectes\/integracio-de-coneixements-3-12\/com-lart-majuda-a-entendre-el-mon\/","title":{"rendered":"Com l\u2019ART m\u2019ajuda a entendre el m\u00f3n?"},"content":{"rendered":"<h5 style=\"text-align: left;\"><strong>L&#8217;ART de fer-se preguntes<\/strong><\/h5>\n<p>Com podem integrar la compet\u00e8ncia digital articulant-la a l&#8217;\u00e0mbit art\u00edstic i el medi social?<\/p>\n<p>Seguint la mateixa l\u00ednia de treball, l&#8217;equip de prim\u00e0ria del CESIRE hem dissenyat una activitat que d\u00f3na idees als\/les mestres per a integrar l&#8217;Art i el Medi Social fent \u00fas de diferents aplicacions digitals.\u00a0Compartim en aquest espai la presentaci\u00f3 del taller que\u00a0vam va dur a terme a <a href=\"https:\/\/www.exploratori.org\/index.php\/component\/sppagebuilder\/94-jornada-steam\"><em>ExploraSTEAM a Berga 2018<\/em><\/a> i tamb\u00e9 a\u00a0 <em><a href=\"https:\/\/2018.steamconf.com\/\">STEAMConf Barcelona\u00a02018\u00a0 <\/a><\/em><\/p>\n<p style=\"text-align: center;\"><a href=\"http:\/\/agora.xtec.cat\/cesire_historic\/\/wp-content\/uploads\/usu397\/2018\/04\/Casas.jpg\"><img loading=\"lazy\" decoding=\"async\" class=\"wp-image-3043 aligncenter\" src=\"http:\/\/agora.xtec.cat\/cesire_historic\/\/wp-content\/uploads\/usu397\/2018\/04\/Casas.jpg\" alt=\"\" width=\"351\" height=\"263\" srcset=\"https:\/\/agora.xtec.cat\/cesire_historic\/wp-content\/uploads\/usu397\/2018\/04\/Casas.jpg 835w, https:\/\/agora.xtec.cat\/cesire_historic\/wp-content\/uploads\/usu397\/2018\/04\/Casas-300x224.jpg 300w, https:\/\/agora.xtec.cat\/cesire_historic\/wp-content\/uploads\/usu397\/2018\/04\/Casas-768x574.jpg 768w, https:\/\/agora.xtec.cat\/cesire_historic\/wp-content\/uploads\/usu397\/2018\/04\/Casas-200x150.jpg 200w\" sizes=\"auto, (max-width: 351px) 100vw, 351px\" \/><\/a><cite class=\"iUh30\"><\/cite><\/p>\n<p style=\"text-align: center;\"><a href=\"https:\/\/agora.xtec.cat\/cesire_historic\/\/wp-content\/uploads\/usu397\/2018\/10\/Berga-Presentaci\u00f3-Ramon-Casas.pdf\">Presentaci\u00f3 ART i CONEIXEMENT<\/a><\/p>\n<p>&nbsp;<\/p>\n<p>&nbsp;<\/p>\n","protected":false},"excerpt":{"rendered":"<p>L&#8217;ART de fer-se preguntes<br \/>\nCom podem integrar la compet\u00e8ncia digital articulant-la a l&#8217;\u00e0mbit art\u00edstic i el medi social?<br \/>\nSeguint la mateixa l\u00ednia de treball, l&#8217;equip de prim\u00e0ria del CESIRE hem dissenyat una activitat que d\u00f3na idees als\/les mestres per a integrar l&#8217;Art i el Medi Social fent&hellip;  <a href=\"https:\/\/agora.xtec.cat\/cesire_historic\/projectes\/integracio-de-coneixements-3-12\/com-lart-majuda-a-entendre-el-mon\/\" title=\"Read Com l\u2019ART m\u2019ajuda a entendre el m\u00f3n?\">Llegeix m\u00e9s\u00bb<\/a><\/p>\n","protected":false},"author":9,"featured_media":0,"parent":2183,"menu_order":0,"comment_status":"closed","ping_status":"closed","template":"page-templates\/side-menu.php","meta":{"_bbp_topic_count":0,"_bbp_reply_count":0,"_bbp_total_topic_count":0,"_bbp_total_reply_count":0,"_bbp_voice_count":0,"_bbp_anonymous_reply_count":0,"_bbp_topic_count_hidden":0,"_bbp_reply_count_hidden":0,"_bbp_forum_subforum_count":0,"footnotes":""},"class_list":["post-3039","page","type-page","status-publish","hentry"],"post_mailing_queue_ids":[],"_links":{"self":[{"href":"https:\/\/agora.xtec.cat\/cesire_historic\/wp-json\/wp\/v2\/pages\/3039","targetHints":{"allow":["GET"]}}],"collection":[{"href":"https:\/\/agora.xtec.cat\/cesire_historic\/wp-json\/wp\/v2\/pages"}],"about":[{"href":"https:\/\/agora.xtec.cat\/cesire_historic\/wp-json\/wp\/v2\/types\/page"}],"author":[{"embeddable":true,"href":"https:\/\/agora.xtec.cat\/cesire_historic\/wp-json\/wp\/v2\/users\/9"}],"replies":[{"embeddable":true,"href":"https:\/\/agora.xtec.cat\/cesire_historic\/wp-json\/wp\/v2\/comments?post=3039"}],"version-history":[{"count":3,"href":"https:\/\/agora.xtec.cat\/cesire_historic\/wp-json\/wp\/v2\/pages\/3039\/revisions"}],"predecessor-version":[{"id":4073,"href":"https:\/\/agora.xtec.cat\/cesire_historic\/wp-json\/wp\/v2\/pages\/3039\/revisions\/4073"}],"up":[{"embeddable":true,"href":"https:\/\/agora.xtec.cat\/cesire_historic\/wp-json\/wp\/v2\/pages\/2183"}],"wp:attachment":[{"href":"https:\/\/agora.xtec.cat\/cesire_historic\/wp-json\/wp\/v2\/media?parent=3039"}],"curies":[{"name":"wp","href":"https:\/\/api.w.org\/{rel}","templated":true}]}}

Com l’ART m’ajuda a entendre el món?

<h5 style="text-align: left;"><strong>L&#8217;ART de fer-se preguntes</strong></h5>
<p>Com podem integrar la competència digital articulant-la a l&#8217;àmbit artístic i el medi social?</p>
<p>Seguint la mateixa línia de treball, l&#8217;equip de primària del CESIRE hem dissenyat una activitat que dóna idees als/les mestres per a integrar l&#8217;Art i el Medi Social fent ús de diferents aplicacions digitals. Compartim en aquest espai la presentació del taller que vam va dur a terme a <a href="https://www.exploratori.org/index.php/component/sppagebuilder/94-jornada-steam"><em>ExploraSTEAM a Berga 2018</em></a> i també a  <em><a href="https://2018.steamconf.com/">STEAMConf Barcelona 2018  </a></em></p>
<p style="text-align: center;"><a href="http://agora.xtec.cat/cesire_historic//wp-content/uploads/usu397/2018/04/Casas.jpg"><img loading="lazy" decoding="async" class="wp-image-3043 aligncenter" src="http://agora.xtec.cat/cesire_historic//wp-content/uploads/usu397/2018/04/Casas.jpg" alt="" width="351" height="263" srcset="https://agora.xtec.cat/cesire_historic/wp-content/uploads/usu397/2018/04/Casas.jpg 835w, https://agora.xtec.cat/cesire_historic/wp-content/uploads/usu397/2018/04/Casas-300x224.jpg 300w, https://agora.xtec.cat/cesire_historic/wp-content/uploads/usu397/2018/04/Casas-768x574.jpg 768w, https://agora.xtec.cat/cesire_historic/wp-content/uploads/usu397/2018/04/Casas-200x150.jpg 200w" sizes="auto, (max-width: 351px) 100vw, 351px" /></a><cite class="iUh30"></cite></p>
<p style="text-align: center;"><a href="https://agora.xtec.cat/cesire_historic//wp-content/uploads/usu397/2018/10/Berga-Presentació-Ramon-Casas.pdf">Presentació ART i CONEIXEMENT</a></p>
<p>&nbsp;</p>
<p>&nbsp;</p>

<p>L&#8217;ART de fer-se preguntes<br />
Com podem integrar la competència digital articulant-la a l&#8217;àmbit artístic i el medi social?<br />
Seguint la mateixa línia de treball, l&#8217;equip de primària del CESIRE hem dissenyat una activitat que dóna idees als/les mestres per a integrar l&#8217;Art i el Medi Social fent&hellip;  <a href="https://agora.xtec.cat/cesire_historic/projectes/integracio-de-coneixements-3-12/com-lart-majuda-a-entendre-el-mon/" title="Read Com l’ART m’ajuda a entendre el món?">Llegeix més»</a></p>
