{"id":2954,"date":"2018-03-21T14:13:40","date_gmt":"2018-03-21T13:13:40","guid":{"rendered":"http:\/\/agora.xtec.cat\/cesire_historic\/\/?page_id=2954"},"modified":"2021-06-14T13:13:01","modified_gmt":"2021-06-14T11:13:01","slug":"connectat-a-la-recerca-apropem-la-recerca-educativa-a-les-aules","status":"publish","type":"page","link":"https:\/\/agora.xtec.cat\/cesire_historic\/projectes\/connectat-a-la-recerca-apropem-la-recerca-educativa-a-les-aules\/","title":{"rendered":"Connecta\u2019t a la recerca"},"content":{"rendered":"<h3 style=\"text-align: center;\"><img loading=\"lazy\" decoding=\"async\" class=\"alignnone wp-image-2962\" src=\"http:\/\/agora.xtec.cat\/cesire_historic\/\/wp-content\/uploads\/usu397\/2018\/03\/logo_connecta_def-1024x441.jpg\" alt=\"\" width=\"600\" height=\"280\" \/><\/h3>\n<p><span style=\"font-weight: 400;\">Una de les tasques del\u00a0CESIRE \u00e9s la de donar suport a la recerca educativa. En aquest sentit engeguem una nova iniciativa per afavorir la transfer\u00e8ncia de la recerca educativa actual a les aules d\u2019Educaci\u00f3 Infantil, Prim\u00e0ria i Secund\u00e0ria.<\/span><\/p>\n<p><em>Connecta\u2019t a la recerca<\/em> es concreta en una s\u00e8rie de sessions de treball al llarg del curs on es pret\u00e9n posar en contacte investigadors i professionals de l\u2019ensenyament per tal d\u2019afavorir l\u2019intercanvi d\u2019idees i necessitats entre els dos col\u00b7lectius.<\/p>\n<p>Les sessions abastaran tem\u00e0tiques diferents i \u00a0seran independents entre si, amb la intenci\u00f3 que aquest primer contacte pugui continuar m\u00e9s enll\u00e0 de la sessi\u00f3 i consolidar col\u00b7laboracions a m\u00e9s llarg termini.<\/p>\n<header class=\"entry-header\"><\/header>\n<ul class=\"side-nav\">\n<li style=\"text-align: center;\"><a href=\"https:\/\/agora.xtec.cat\/cesire_historic\/\/projectes\/connectat-a-la-recerca-apropem-la-recerca-educativa-a-les-aules\/les-practiques-de-lenginyeria-a-laula\/\" target=\"_blank\" rel=\"noopener noreferrer\">Les pr\u00e0ctiques de l&#8217;enginyeria a l&#8217;aula<\/a><\/li>\n<li style=\"text-align: center;\"><a href=\"https:\/\/agora.xtec.cat\/cesire_historic\/\/general\/conferencia-entre-el-dibuix-i-les-matematiques-a-primaria-i-secundaria\/\" target=\"_blank\" rel=\"noopener noreferrer\">Entre el dibuix i les matem\u00e0tiques a prim\u00e0ria i secund\u00e0ria<\/a><\/li>\n<li style=\"text-align: center;\"><a href=\"https:\/\/agora.xtec.cat\/cesire_historic\/\/wp-admin\/post.php?post=11510&amp;action=edit&amp;classic-editor\" target=\"_blank\" rel=\"noopener noreferrer\">Jugar la ficci\u00f3. El v\u00eddeojoc com a forma de cultura en l&#8217;educaci\u00f3 liter\u00e0ria de la inf\u00e0ncia i la joventut.<\/a><\/li>\n<li style=\"text-align: center;\"><a href=\"https:\/\/agora.xtec.cat\/cesire_historic\/\/wp-admin\/post.php?post=11561&amp;action=edit&amp;classic-editor\" target=\"_blank\" rel=\"noopener noreferrer\">Inclusi\u00f3 de g\u00e8nere en l&#8217;ensenyament de les ci\u00e8ncies<\/a><\/li>\n<li style=\"text-align: center;\"><a title=\"Mapes de llocs que encara no existeixen. Design Fiction en projectes STEAM a prim\u00e0ria\" href=\"https:\/\/agora.xtec.cat\/cesire_historic\/\/projectes\/connectat-a-la-recerca-apropem-la-recerca-educativa-a-les-aules\/com-ens-ajuda-la-llengua-en-laprenentatge-de-les-diferents-materies-curriculars\/\" target=\"_blank\" rel=\"noopener noreferrer\">Com ens ajuda la llengua en l&#8217;aprenentatge de les diferents mat\u00e8ries curriculars?<\/a><\/li>\n<li style=\"text-align: center;\"><a href=\"https:\/\/agora.xtec.cat\/cesire_historic\/\/projectes\/connectat-a-la-recerca-apropem-la-recerca-educativa-a-les-aules\/entre-el-dibuix-i-les-matematiques-a-primaria-i-secundaria\/\" target=\"_blank\" rel=\"noopener noreferrer\">Entre el dibuix i les matem\u00e0tiques a prim\u00e0ria i a secund\u00e0ria<\/a><\/li>\n<li style=\"text-align: center;\"><a title=\"Mapes de llocs que encara no existeixen. Design Fiction en projectes STEAM a prim\u00e0ria\" href=\"https:\/\/agora.xtec.cat\/cesire_historic\/\/projectes\/connectat-a-la-recerca-apropem-la-recerca-educativa-a-les-aules\/mapes-de-llocs-que-encara-no-existeixen-design-fiction-en-projectes-steam-a-primaria\/\">Mapes de llocs que encara no existeixen. Design Fiction en projectes STEAM a prim\u00e0ria<\/a><\/li>\n<li style=\"text-align: center;\"><a title=\"Literacitat cr\u00edtica i ensenyament de les ci\u00e8ncies socials\" href=\"https:\/\/agora.xtec.cat\/cesire_historic\/\/projectes\/connectat-a-la-recerca-apropem-la-recerca-educativa-a-les-aules\/literacitat-critica-i-ensenyament-de-les-ciencies-socials\/\">Literacitat cr\u00edtica i ensenyament de les ci\u00e8ncies socials<\/a><\/li>\n<li style=\"text-align: center;\"><a title=\"Parlar de matem\u00e0tiques per aprendre'n\" href=\"https:\/\/agora.xtec.cat\/cesire_historic\/\/projectes\/connectat-a-la-recerca-apropem-la-recerca-educativa-a-les-aules\/parlar-de-matematiques-per-aprendren\/\">Parlar de matem\u00e0tiques per aprendre&#8217;n<\/a><\/li>\n<li class=\"page_item page-item-4867\" style=\"text-align: center;\"><a title=\"Express Yourself. A trav\u00e9s dels altres ens convertim en nosaltres mateixos.\" href=\"https:\/\/agora.xtec.cat\/cesire_historic\/\/projectes\/connectat-a-la-recerca-apropem-la-recerca-educativa-a-les-aules\/express-yourself-a-traves-dels-altres-ens-convertim-en-nosaltres-mateixos\/\">Express Yourself. A trav\u00e9s dels altres ens convertim en nosaltres mateixos.<\/a><\/li>\n<li class=\"page_item page-item-4829\" style=\"text-align: center;\"><a title=\"Situacions d\u2019aprenentatge a l\u2019Educaci\u00f3 F\u00edsica mitjan\u00e7ant la col\u00b7laboraci\u00f3 docent\" href=\"https:\/\/agora.xtec.cat\/cesire_historic\/\/projectes\/connectat-a-la-recerca-apropem-la-recerca-educativa-a-les-aules\/situacions-daprenentatge-a-leducacio-fisica-mitjancant-la-collaboracio-docent\/\">Situacions d\u2019aprenentatge a l\u2019Educaci\u00f3 F\u00edsica mitjan\u00e7ant la col\u00b7laboraci\u00f3 docent<\/a><\/li>\n<li class=\"page_item page-item-4214\" style=\"text-align: center;\"><a title=\"La funci\u00f3 de la taula peri\u00f2dica en l\u2019ensenyament de la qu\u00edmica: analitzar i millorar propostes d\u2019aula\" href=\"https:\/\/agora.xtec.cat\/cesire_historic\/\/projectes\/connectat-a-la-recerca-apropem-la-recerca-educativa-a-les-aules\/la-funcio-de-la-taula-periodica-en-lensenyament-de-la-quimica-analitzar-i-millorar-propostes-daula\/\">La funci\u00f3 de la taula peri\u00f2dica en l\u2019ensenyament de la qu\u00edmica: analitzar i millorar propostes d\u2019aula<\/a><\/li>\n<li class=\"page_item page-item-4151\" style=\"text-align: center;\"><a title=\"Imaginaris de futur dels joves\" href=\"https:\/\/agora.xtec.cat\/cesire_historic\/\/projectes\/connectat-a-la-recerca-apropem-la-recerca-educativa-a-les-aules\/imaginaris-de-futur-dels-joves\/\">Imaginaris de futur dels joves<\/a><\/li>\n<li class=\"page_item page-item-4005\" style=\"text-align: center;\"><a title=\"Com millorar les explicacions cient\u00edfiques dels alumnes\" href=\"https:\/\/agora.xtec.cat\/cesire_historic\/\/projectes\/connectat-a-la-recerca-apropem-la-recerca-educativa-a-les-aules\/com-millorar-les-explicacions-cientifiques-dels-alumnes\/\">Com millorar les explicacions cient\u00edfiques dels alumnes<\/a><\/li>\n<li class=\"page_item page-item-3054\" style=\"text-align: center;\"><a title=\"Activitats d\u2019aprenentatge i d\u2019avaluaci\u00f3 en la resoluci\u00f3 de problemes\" href=\"https:\/\/agora.xtec.cat\/cesire_historic\/\/projectes\/connectat-a-la-recerca-apropem-la-recerca-educativa-a-les-aules\/activitats-daprenentatge-i-davaluacio-en-la-resolucio-de-problemes\/\">Activitats d\u2019aprenentatge i d\u2019avaluaci\u00f3 en la resoluci\u00f3 de problemes<\/a><\/li>\n<li class=\"page_item page-item-2956\" style=\"text-align: center;\"><a title=\"La novel\u00b7la com a context en l\u2019educaci\u00f3 cient\u00edfica\" href=\"https:\/\/agora.xtec.cat\/cesire_historic\/\/projectes\/connectat-a-la-recerca-apropem-la-recerca-educativa-a-les-aules\/la-novella-com-a-context-en-leducacio-cientifica\/\">La novel\u00b7la com a context en l\u2019educaci\u00f3 cient\u00edfica<\/a><\/li>\n<\/ul>\n","protected":false},"excerpt":{"rendered":"<p>Una de les tasques del\u00a0CESIRE \u00e9s la de donar suport a la recerca educativa. En aquest sentit engeguem una nova iniciativa per afavorir la transfer\u00e8ncia de la recerca educativa actual a les aules d\u2019Educaci\u00f3 Infantil, Prim\u00e0ria i Secund\u00e0ria.<br \/>\nConnecta\u2019t a la recerca es concreta en una&hellip;  <a href=\"https:\/\/agora.xtec.cat\/cesire_historic\/projectes\/connectat-a-la-recerca-apropem-la-recerca-educativa-a-les-aules\/\" title=\"Read Connecta\u2019t a la recerca\">Llegeix m\u00e9s\u00bb<\/a><\/p>\n","protected":false},"author":12,"featured_media":0,"parent":57,"menu_order":0,"comment_status":"closed","ping_status":"closed","template":"page-templates\/side-menu.php","meta":{"_bbp_topic_count":0,"_bbp_reply_count":0,"_bbp_total_topic_count":0,"_bbp_total_reply_count":0,"_bbp_voice_count":0,"_bbp_anonymous_reply_count":0,"_bbp_topic_count_hidden":0,"_bbp_reply_count_hidden":0,"_bbp_forum_subforum_count":0,"footnotes":""},"class_list":["post-2954","page","type-page","status-publish","hentry"],"post_mailing_queue_ids":[],"_links":{"self":[{"href":"https:\/\/agora.xtec.cat\/cesire_historic\/wp-json\/wp\/v2\/pages\/2954","targetHints":{"allow":["GET"]}}],"collection":[{"href":"https:\/\/agora.xtec.cat\/cesire_historic\/wp-json\/wp\/v2\/pages"}],"about":[{"href":"https:\/\/agora.xtec.cat\/cesire_historic\/wp-json\/wp\/v2\/types\/page"}],"author":[{"embeddable":true,"href":"https:\/\/agora.xtec.cat\/cesire_historic\/wp-json\/wp\/v2\/users\/12"}],"replies":[{"embeddable":true,"href":"https:\/\/agora.xtec.cat\/cesire_historic\/wp-json\/wp\/v2\/comments?post=2954"}],"version-history":[{"count":4,"href":"https:\/\/agora.xtec.cat\/cesire_historic\/wp-json\/wp\/v2\/pages\/2954\/revisions"}],"predecessor-version":[{"id":11563,"href":"https:\/\/agora.xtec.cat\/cesire_historic\/wp-json\/wp\/v2\/pages\/2954\/revisions\/11563"}],"up":[{"embeddable":true,"href":"https:\/\/agora.xtec.cat\/cesire_historic\/wp-json\/wp\/v2\/pages\/57"}],"wp:attachment":[{"href":"https:\/\/agora.xtec.cat\/cesire_historic\/wp-json\/wp\/v2\/media?parent=2954"}],"curies":[{"name":"wp","href":"https:\/\/api.w.org\/{rel}","templated":true}]}}

<h3 style="text-align: center;"><img loading="lazy" decoding="async" class="alignnone wp-image-2962" src="http://agora.xtec.cat/cesire_historic//wp-content/uploads/usu397/2018/03/logo_connecta_def-1024x441.jpg" alt="" width="600" height="280" /></h3>
<p><span style="font-weight: 400;">Una de les tasques del CESIRE és la de donar suport a la recerca educativa. En aquest sentit engeguem una nova iniciativa per afavorir la transferència de la recerca educativa actual a les aules d’Educació Infantil, Primària i Secundària.</span></p>
<p><em>Connecta’t a la recerca</em> es concreta en una sèrie de sessions de treball al llarg del curs on es pretén posar en contacte investigadors i professionals de l’ensenyament per tal d’afavorir l’intercanvi d’idees i necessitats entre els dos col·lectius.</p>
<p>Les sessions abastaran temàtiques diferents i  seran independents entre si, amb la intenció que aquest primer contacte pugui continuar més enllà de la sessió i consolidar col·laboracions a més llarg termini.</p>
<header class="entry-header"></header>
<ul class="side-nav">
<li style="text-align: center;"><a href="https://agora.xtec.cat/cesire_historic//projectes/connectat-a-la-recerca-apropem-la-recerca-educativa-a-les-aules/les-practiques-de-lenginyeria-a-laula/" target="_blank" rel="noopener noreferrer">Les pràctiques de l&#8217;enginyeria a l&#8217;aula</a></li>
<li style="text-align: center;"><a href="https://agora.xtec.cat/cesire_historic//general/conferencia-entre-el-dibuix-i-les-matematiques-a-primaria-i-secundaria/" target="_blank" rel="noopener noreferrer">Entre el dibuix i les matemàtiques a primària i secundària</a></li>
<li style="text-align: center;"><a href="https://agora.xtec.cat/cesire_historic//wp-admin/post.php?post=11510&amp;action=edit&amp;classic-editor" target="_blank" rel="noopener noreferrer">Jugar la ficció. El vídeojoc com a forma de cultura en l&#8217;educació literària de la infància i la joventut.</a></li>
<li style="text-align: center;"><a href="https://agora.xtec.cat/cesire_historic//wp-admin/post.php?post=11561&amp;action=edit&amp;classic-editor" target="_blank" rel="noopener noreferrer">Inclusió de gènere en l&#8217;ensenyament de les ciències</a></li>
<li style="text-align: center;"><a title="Mapes de llocs que encara no existeixen. Design Fiction en projectes STEAM a primària" href="https://agora.xtec.cat/cesire_historic//projectes/connectat-a-la-recerca-apropem-la-recerca-educativa-a-les-aules/com-ens-ajuda-la-llengua-en-laprenentatge-de-les-diferents-materies-curriculars/" target="_blank" rel="noopener noreferrer">Com ens ajuda la llengua en l&#8217;aprenentatge de les diferents matèries curriculars?</a></li>
<li style="text-align: center;"><a href="https://agora.xtec.cat/cesire_historic//projectes/connectat-a-la-recerca-apropem-la-recerca-educativa-a-les-aules/entre-el-dibuix-i-les-matematiques-a-primaria-i-secundaria/" target="_blank" rel="noopener noreferrer">Entre el dibuix i les matemàtiques a primària i a secundària</a></li>
<li style="text-align: center;"><a title="Mapes de llocs que encara no existeixen. Design Fiction en projectes STEAM a primària" href="https://agora.xtec.cat/cesire_historic//projectes/connectat-a-la-recerca-apropem-la-recerca-educativa-a-les-aules/mapes-de-llocs-que-encara-no-existeixen-design-fiction-en-projectes-steam-a-primaria/">Mapes de llocs que encara no existeixen. Design Fiction en projectes STEAM a primària</a></li>
<li style="text-align: center;"><a title="Literacitat crítica i ensenyament de les ciències socials" href="https://agora.xtec.cat/cesire_historic//projectes/connectat-a-la-recerca-apropem-la-recerca-educativa-a-les-aules/literacitat-critica-i-ensenyament-de-les-ciencies-socials/">Literacitat crítica i ensenyament de les ciències socials</a></li>
<li style="text-align: center;"><a title="Parlar de matemàtiques per aprendre'n" href="https://agora.xtec.cat/cesire_historic//projectes/connectat-a-la-recerca-apropem-la-recerca-educativa-a-les-aules/parlar-de-matematiques-per-aprendren/">Parlar de matemàtiques per aprendre&#8217;n</a></li>
<li class="page_item page-item-4867" style="text-align: center;"><a title="Express Yourself. A través dels altres ens convertim en nosaltres mateixos." href="https://agora.xtec.cat/cesire_historic//projectes/connectat-a-la-recerca-apropem-la-recerca-educativa-a-les-aules/express-yourself-a-traves-dels-altres-ens-convertim-en-nosaltres-mateixos/">Express Yourself. A través dels altres ens convertim en nosaltres mateixos.</a></li>
<li class="page_item page-item-4829" style="text-align: center;"><a title="Situacions d’aprenentatge a l’Educació Física mitjançant la col·laboració docent" href="https://agora.xtec.cat/cesire_historic//projectes/connectat-a-la-recerca-apropem-la-recerca-educativa-a-les-aules/situacions-daprenentatge-a-leducacio-fisica-mitjancant-la-collaboracio-docent/">Situacions d’aprenentatge a l’Educació Física mitjançant la col·laboració docent</a></li>
<li class="page_item page-item-4214" style="text-align: center;"><a title="La funció de la taula periòdica en l’ensenyament de la química: analitzar i millorar propostes d’aula" href="https://agora.xtec.cat/cesire_historic//projectes/connectat-a-la-recerca-apropem-la-recerca-educativa-a-les-aules/la-funcio-de-la-taula-periodica-en-lensenyament-de-la-quimica-analitzar-i-millorar-propostes-daula/">La funció de la taula periòdica en l’ensenyament de la química: analitzar i millorar propostes d’aula</a></li>
<li class="page_item page-item-4151" style="text-align: center;"><a title="Imaginaris de futur dels joves" href="https://agora.xtec.cat/cesire_historic//projectes/connectat-a-la-recerca-apropem-la-recerca-educativa-a-les-aules/imaginaris-de-futur-dels-joves/">Imaginaris de futur dels joves</a></li>
<li class="page_item page-item-4005" style="text-align: center;"><a title="Com millorar les explicacions científiques dels alumnes" href="https://agora.xtec.cat/cesire_historic//projectes/connectat-a-la-recerca-apropem-la-recerca-educativa-a-les-aules/com-millorar-les-explicacions-cientifiques-dels-alumnes/">Com millorar les explicacions científiques dels alumnes</a></li>
<li class="page_item page-item-3054" style="text-align: center;"><a title="Activitats d’aprenentatge i d’avaluació en la resolució de problemes" href="https://agora.xtec.cat/cesire_historic//projectes/connectat-a-la-recerca-apropem-la-recerca-educativa-a-les-aules/activitats-daprenentatge-i-davaluacio-en-la-resolucio-de-problemes/">Activitats d’aprenentatge i d’avaluació en la resolució de problemes</a></li>
<li class="page_item page-item-2956" style="text-align: center;"><a title="La novel·la com a context en l’educació científica" href="https://agora.xtec.cat/cesire_historic//projectes/connectat-a-la-recerca-apropem-la-recerca-educativa-a-les-aules/la-novella-com-a-context-en-leducacio-cientifica/">La novel·la com a context en l’educació científica</a></li>
</ul>

<p>Una de les tasques del CESIRE és la de donar suport a la recerca educativa. En aquest sentit engeguem una nova iniciativa per afavorir la transferència de la recerca educativa actual a les aules d’Educació Infantil, Primària i Secundària.<br />
Connecta’t a la recerca es concreta en una&hellip;  <a href="https://agora.xtec.cat/cesire_historic/projectes/connectat-a-la-recerca-apropem-la-recerca-educativa-a-les-aules/" title="Read Connecta’t a la recerca">Llegeix més»</a></p>
