{"id":2830,"date":"2018-02-02T11:58:39","date_gmt":"2018-02-02T10:58:39","guid":{"rendered":"http:\/\/agora.xtec.cat\/cesire_historic\/\/?page_id=2830"},"modified":"2018-11-26T09:43:21","modified_gmt":"2018-11-26T08:43:21","slug":"tindrem-sempre-laigua-que-necessitem-per-viure-una-proposta-dintegracio-de-coneixement-del-medi-i-llengua-a-leducacio-primaria","status":"publish","type":"page","link":"https:\/\/agora.xtec.cat\/cesire_historic\/projectes\/integracio-de-coneixements-3-12\/tindrem-sempre-laigua-que-necessitem-per-viure-una-proposta-dintegracio-de-coneixement-del-medi-i-llengua-a-leducacio-primaria\/","title":{"rendered":"Tindrem sempre l\u2019aigua que necessitem per viure? Una proposta d\u2019integraci\u00f3 de coneixement del medi i llengua a l\u2019educaci\u00f3 prim\u00e0ria"},"content":{"rendered":"<p>La feina que presentem en aquest document respon, principalment, a la necessitat d\u2019aplicar les reflexions sobre la integraci\u00f3 de coneixements fetes en el grup de prim\u00e0ria del CESIRE, en un context escolar real.<\/p>\n<p>La proposta que us presentem a continuaci\u00f3 reflecteix l&#8217;experi\u00e8ncia que es va dur a terme amb alumnes de 3r de prim\u00e0ria de l&#8217;escola Ferran Sunyer de Barcelona. A partir de la pregunta \u201cTindrem sempre l&#8217;aigua que necessitem per viure?\u201d es van treballar, de manera integrada, continguts de les \u00e0rees de coneixement del medi natural, social i cultural i de llengua.<\/p>\n<p style=\"text-align: center;\"><a href=\"http:\/\/agora.xtec.cat\/cesire_historic\/\/wp-content\/uploads\/usu397\/2018\/02\/imatge_fs.jpg\"><img loading=\"lazy\" decoding=\"async\" class=\"alignnone size-full wp-image-2831\" src=\"http:\/\/agora.xtec.cat\/cesire_historic\/\/wp-content\/uploads\/usu397\/2018\/02\/imatge_fs.jpg\" alt=\"\" width=\"355\" height=\"342\" srcset=\"https:\/\/agora.xtec.cat\/cesire_historic\/wp-content\/uploads\/usu397\/2018\/02\/imatge_fs.jpg 355w, https:\/\/agora.xtec.cat\/cesire_historic\/wp-content\/uploads\/usu397\/2018\/02\/imatge_fs-300x289.jpg 300w\" sizes=\"auto, (max-width: 355px) 100vw, 355px\" \/><\/a><\/p>\n<p style=\"text-align: center;\"><a href=\"http:\/\/agora.xtec.cat\/cesire_historic\/\/wp-content\/uploads\/usu397\/2018\/02\/Laigua.pdf\" target=\"_blank\" rel=\"noopener noreferrer\">Document complet on es descriu l&#8217;experi\u00e8ncia<\/a><br \/>\n<a href=\"https:\/\/agora.xtec.cat\/cesire_historic\/\/wp-content\/uploads\/usu397\/2018\/11\/Esquema-aigua.pdf\" target=\"_blank\" rel=\"noopener noreferrer\">Document 1<\/a>. <a href=\"http:\/\/agora.xtec.cat\/cesire_historic\/\/wp-content\/uploads\/usu397\/2018\/02\/Esquema.-Doc-2.pdf\" target=\"_blank\" rel=\"noopener noreferrer\">Document 2<\/a>. <a href=\"http:\/\/agora.xtec.cat\/cesire_historic\/\/wp-content\/uploads\/usu397\/2018\/02\/Estructura-noticia-Doc-3.pdf\" target=\"_blank\" rel=\"noopener noreferrer\">Document 3<\/a>. <a href=\"http:\/\/agora.xtec.cat\/cesire_historic\/\/wp-content\/uploads\/usu397\/2018\/02\/Estructura-i-connectors.-Doc-4.pdf\" target=\"_blank\" rel=\"noopener noreferrer\">Document 4<\/a><br \/>\n<a href=\"http:\/\/agora.xtec.cat\/cesire_historic\/\/wp-content\/uploads\/usu397\/2018\/02\/S\u00edntesi-del-projecte.pdf\" target=\"_blank\" rel=\"noopener noreferrer\">Presentaci\u00f3: S\u00edntesi del Projecte<\/a><\/p>\n","protected":false},"excerpt":{"rendered":"<p>La feina que presentem en aquest document respon, principalment, a la necessitat d\u2019aplicar les reflexions sobre la integraci\u00f3 de coneixements fetes en el grup de prim\u00e0ria del CESIRE, en un context escolar real.<br \/>\nLa proposta que us presentem a continuaci\u00f3 reflecteix l&#8217;experi\u00e8ncia que es va dur&hellip;  <a href=\"https:\/\/agora.xtec.cat\/cesire_historic\/projectes\/integracio-de-coneixements-3-12\/tindrem-sempre-laigua-que-necessitem-per-viure-una-proposta-dintegracio-de-coneixement-del-medi-i-llengua-a-leducacio-primaria\/\" title=\"Read Tindrem sempre l\u2019aigua que necessitem per viure? Una proposta d\u2019integraci\u00f3 de coneixement del medi i llengua a l\u2019educaci\u00f3 prim\u00e0ria\">Llegeix m\u00e9s\u00bb<\/a><\/p>\n","protected":false},"author":12,"featured_media":0,"parent":2183,"menu_order":1,"comment_status":"closed","ping_status":"closed","template":"page-templates\/side-menu.php","meta":{"_bbp_topic_count":0,"_bbp_reply_count":0,"_bbp_total_topic_count":0,"_bbp_total_reply_count":0,"_bbp_voice_count":0,"_bbp_anonymous_reply_count":0,"_bbp_topic_count_hidden":0,"_bbp_reply_count_hidden":0,"_bbp_forum_subforum_count":0,"footnotes":""},"class_list":["post-2830","page","type-page","status-publish","hentry"],"post_mailing_queue_ids":[],"_links":{"self":[{"href":"https:\/\/agora.xtec.cat\/cesire_historic\/wp-json\/wp\/v2\/pages\/2830","targetHints":{"allow":["GET"]}}],"collection":[{"href":"https:\/\/agora.xtec.cat\/cesire_historic\/wp-json\/wp\/v2\/pages"}],"about":[{"href":"https:\/\/agora.xtec.cat\/cesire_historic\/wp-json\/wp\/v2\/types\/page"}],"author":[{"embeddable":true,"href":"https:\/\/agora.xtec.cat\/cesire_historic\/wp-json\/wp\/v2\/users\/12"}],"replies":[{"embeddable":true,"href":"https:\/\/agora.xtec.cat\/cesire_historic\/wp-json\/wp\/v2\/comments?post=2830"}],"version-history":[{"count":3,"href":"https:\/\/agora.xtec.cat\/cesire_historic\/wp-json\/wp\/v2\/pages\/2830\/revisions"}],"predecessor-version":[{"id":4172,"href":"https:\/\/agora.xtec.cat\/cesire_historic\/wp-json\/wp\/v2\/pages\/2830\/revisions\/4172"}],"up":[{"embeddable":true,"href":"https:\/\/agora.xtec.cat\/cesire_historic\/wp-json\/wp\/v2\/pages\/2183"}],"wp:attachment":[{"href":"https:\/\/agora.xtec.cat\/cesire_historic\/wp-json\/wp\/v2\/media?parent=2830"}],"curies":[{"name":"wp","href":"https:\/\/api.w.org\/{rel}","templated":true}]}}