{"id":2164,"date":"2017-10-20T08:37:00","date_gmt":"2017-10-20T06:37:00","guid":{"rendered":"http:\/\/agora.xtec.cat\/cesire_historic\/\/?page_id=2164"},"modified":"2020-11-13T11:52:42","modified_gmt":"2020-11-13T10:52:42","slug":"motxilla-bioclimatica","status":"publish","type":"page","link":"https:\/\/agora.xtec.cat\/cesire_historic\/projectes\/stem-steam\/motxilla-bioclimatica\/","title":{"rendered":"Motxilla bioclim\u00e0tica"},"content":{"rendered":"<header class=\"archive-header\">\n<div class=\"archive-meta\">\n<p>La <b>motxilla bioclim\u00e0tica<\/b> \u00e9s un programa educatiu que t\u00e9 com a finalitat apropar l\u2019alumnat a l\u2019aprenentatge de les ci\u00e8ncies i la tecnologia en q\u00fcestions tant rellevants socialment i significatives com s\u00f3n la limitaci\u00f3 de recursos f\u00f2ssils, la seguretat energ\u00e8tica, el canvi clim\u00e0tic i la salut, des d\u2019una \u00f2ptica experimental i vivencial. La motxilla bioclim\u00e0tica parteix del material elaborat pels professionals del camp d\u2019aprenentatge \u201cLes Obagues\u201d de Juneda.<\/p>\n<p><b>Objectius<\/b><\/p>\n<p>Els objectius que es proposa el programa educatiu de \u00a0s\u00f3n:<\/p>\n<p>1.Promoure l\u2019experimentaci\u00f3 directa per disposar d\u2019arguments per tal d\u2019incorporar la gesti\u00f3 de l\u2019energia a la vida quotidiana.<\/p>\n<p>2.Viure la relaci\u00f3 entre la salut i la qualitat de l\u2019ambient a l\u2019aula, el seu impacte energ\u00e8tic i la nostra activitat di\u00e0ria.<\/p>\n<p>3.Recon\u00e8ixer els elements i les aplicacions pr\u00f2pies en l\u2019\u00e0mbit de l\u2019arquitectura bioclim\u00e0tica i apreciar-ne la seva efici\u00e8ncia.<\/p>\n<p><b>Proposta did\u00e0ctica<\/b><\/p>\n<p>La proposta did\u00e0ctica basada en aquest recurs, ofereix la possibilitat d\u2019aprendre a utilitzar un conjunt d\u2019aparells de mesura que permeten fer una <b>auditoria bioclim\u00e0tica<\/b> d\u2019una aula i\/o centre educatiu, relacionades amb l\u2019efici\u00e8ncia energ\u00e8tica i clim\u00e0tica, la qualitat de l\u2019aire i la salut. \u00a0El programa did\u00e0ctic \u00e9s una aportaci\u00f3 sobretot de caire metodol\u00f2gic, pensat per millorar les compet\u00e8ncies i el rendiment acad\u00e8mic en ci\u00e8ncies i tecnologia de l\u2019alumnat.<\/p>\n<p><b>Els aparells de mesura<\/b><\/p>\n<p>La motxilla est\u00e0 constitu\u00efda per un conjunt d\u2019aparells de mesura professionals que permeten la mesura de variables ambientals a partir de les quals es fonamenta el treball experimental i l\u2019an\u00e0lisi de resultats.<\/p>\n<p><a href=\"http:\/\/agora.xtec.cat\/cesire_historic\/\/wp-content\/uploads\/usu397\/2016\/04\/Motxilla_Web_2.png\"><img loading=\"lazy\" decoding=\"async\" class=\"aligncenter size-full wp-image-653\" src=\"http:\/\/agora.xtec.cat\/cesire_historic\/\/wp-content\/uploads\/usu397\/2016\/04\/Motxilla_Web_2.png\" alt=\"Motxilla_Web_2\" width=\"733\" height=\"264\" srcset=\"https:\/\/agora.xtec.cat\/cesire_historic\/wp-content\/uploads\/usu397\/2016\/04\/Motxilla_Web_2.png 733w, https:\/\/agora.xtec.cat\/cesire_historic\/wp-content\/uploads\/usu397\/2016\/04\/Motxilla_Web_2-300x108.png 300w\" sizes=\"auto, (max-width: 733px) 100vw, 733px\" \/><\/a><\/p>\n<\/div>\n<\/header>\n","protected":false},"excerpt":{"rendered":"<p>La motxilla bioclim\u00e0tica \u00e9s un programa educatiu que t\u00e9 com a finalitat apropar l\u2019alumnat a l\u2019aprenentatge de les ci\u00e8ncies i la tecnologia en q\u00fcestions tant rellevants socialment i significatives com s\u00f3n la limitaci\u00f3 de recursos f\u00f2ssils, la seguretat energ\u00e8tica, el canvi clim\u00e0tic i la salut,&hellip;  <a href=\"https:\/\/agora.xtec.cat\/cesire_historic\/projectes\/stem-steam\/motxilla-bioclimatica\/\" title=\"Read Motxilla bioclim\u00e0tica\">Llegeix m\u00e9s\u00bb<\/a><\/p>\n","protected":false},"author":1,"featured_media":0,"parent":2158,"menu_order":5,"comment_status":"closed","ping_status":"closed","template":"page-templates\/side-menu.php","meta":{"_bbp_topic_count":0,"_bbp_reply_count":0,"_bbp_total_topic_count":0,"_bbp_total_reply_count":0,"_bbp_voice_count":0,"_bbp_anonymous_reply_count":0,"_bbp_topic_count_hidden":0,"_bbp_reply_count_hidden":0,"_bbp_forum_subforum_count":0,"footnotes":""},"class_list":["post-2164","page","type-page","status-publish","hentry"],"post_mailing_queue_ids":[],"_links":{"self":[{"href":"https:\/\/agora.xtec.cat\/cesire_historic\/wp-json\/wp\/v2\/pages\/2164","targetHints":{"allow":["GET"]}}],"collection":[{"href":"https:\/\/agora.xtec.cat\/cesire_historic\/wp-json\/wp\/v2\/pages"}],"about":[{"href":"https:\/\/agora.xtec.cat\/cesire_historic\/wp-json\/wp\/v2\/types\/page"}],"author":[{"embeddable":true,"href":"https:\/\/agora.xtec.cat\/cesire_historic\/wp-json\/wp\/v2\/users\/1"}],"replies":[{"embeddable":true,"href":"https:\/\/agora.xtec.cat\/cesire_historic\/wp-json\/wp\/v2\/comments?post=2164"}],"version-history":[{"count":1,"href":"https:\/\/agora.xtec.cat\/cesire_historic\/wp-json\/wp\/v2\/pages\/2164\/revisions"}],"predecessor-version":[{"id":2165,"href":"https:\/\/agora.xtec.cat\/cesire_historic\/wp-json\/wp\/v2\/pages\/2164\/revisions\/2165"}],"up":[{"embeddable":true,"href":"https:\/\/agora.xtec.cat\/cesire_historic\/wp-json\/wp\/v2\/pages\/2158"}],"wp:attachment":[{"href":"https:\/\/agora.xtec.cat\/cesire_historic\/wp-json\/wp\/v2\/media?parent=2164"}],"curies":[{"name":"wp","href":"https:\/\/api.w.org\/{rel}","templated":true}]}}