{"id":2160,"date":"2017-10-20T08:34:14","date_gmt":"2017-10-20T06:34:14","guid":{"rendered":"http:\/\/agora.xtec.cat\/cesire_historic\/\/?page_id=2160"},"modified":"2020-11-13T11:53:43","modified_gmt":"2020-11-13T10:53:43","slug":"ctm","status":"publish","type":"page","link":"https:\/\/agora.xtec.cat\/cesire_historic\/projectes\/stem-steam\/ctm\/","title":{"rendered":"Treball i avaluaci\u00f3 competencial en les \u00e0rees CTM"},"content":{"rendered":"<header class=\"archive-header\">\n<div class=\"archive-meta\">\n<p style=\"text-align: justify;\">El curs 2012 \u2013 2013, el Departament d\u2019Ensenyament de la Generalitat de Catalunya va iniciar el <a href=\"http:\/\/xtec.gencat.cat\/ca\/formacio\/formaciogeneralprofessorat\/actualitzacio_cientifica_didactica\/ctm\/\" target=\"_blank\" rel=\"noopener noreferrer\">programa d\u2019actualitzaci\u00f3 sobre Ci\u00e8ncia, Tecnologia i Matem\u00e0tiques (CTM)<\/a> per als professors d\u2019ensenyament secundari, amb la col\u00b7laboraci\u00f3 dels Instituts de Ci\u00e8ncies de l\u2019Educaci\u00f3 (ICE) de diverses universitats (UPC, UdG, UdL, URV). El programa pret\u00e9n fomentar el coneixement i la did\u00e0ctica actualitzada de la ci\u00e8ncia, la tecnologia i les matem\u00e0tiques dels professors, per tal de millorar l\u2019ensenyament d\u2019aquestes mat\u00e8ries i el desenvolupament de compet\u00e8ncies dels estudiants.<\/p>\n<p style=\"text-align: justify;\">En l\u2019actualitat, el curs de <em>Treball i avaluaci\u00f3 competencials en les \u00e0rees CTM<\/em> \u00e9s una nova proposta formativa orientada a l\u2019an\u00e0lisi i el disseny d\u2019activitats d\u2019aprenentatge i d\u2019avaluaci\u00f3 competencials des de la mirada cientificotecnol\u00f2gica i matem\u00e0tica, planificat perqu\u00e8 el pugui realitzar tant el professorat que ha participat en la formaci\u00f3 CTM dels cursos passats com el que no ho ha fet.<\/p>\n<p style=\"text-align: justify;\">El programa de formaci\u00f3 CTM es desenvolupa a Catalunya en el marc de la iniciativa STEM que es porta a terme a nivell internacional. \u00c9s una formaci\u00f3 organitzada pel Departament d&#8217;Ensenyament amb la col\u00b7laboraci\u00f3 dels Instituts de Ci\u00e8ncies de l&#8217;Educaci\u00f3 de la UPC, la UdG, la UdL i la URV, que t\u00e9 com a finalitat principal afavorir la formaci\u00f3 cient\u00edfica, tecnol\u00f2gica, matem\u00e0tica i did\u00e0ctica del professorat amb l\u2019objectiu de millorar l\u2019aprenentatge competencial i els resultats de l\u2019alumnat, augmentant alhora el seu inter\u00e8s per la ci\u00e8ncia i la tecnologia.<\/p>\n<p style=\"text-align: justify;\">A m\u00e9s, el professorat participant assisteix a sessions sobre les activitats proposades per diferents <a href=\"http:\/\/cerca.cat\/en\/\" target=\"_blank\" rel=\"noopener noreferrer\">centres i institucions de recerca <\/a>per actualitzar i enriquir el seu ensenyament amb la introducci\u00f3 de noves din\u00e0miques escolars i propostes de formaci\u00f3 que promouen l\u2019inter\u00e8s per la ci\u00e8ncia i la tecnologia i el foment de la investigaci\u00f3 i la creativitat dels alumnes.<\/p>\n<p style=\"text-align: justify;\">A m\u00e9s, el professorat i els centres participants en aquesta formaci\u00f3 tindran acc\u00e9s al <em>Programa de suport a la realitzaci\u00f3 de treballs de recerca d\u2019alumnat de batxillerat en col\u00b7laboraci\u00f3 amb personal investigador d\u2019entitats de recerca.<\/em><\/p>\n<div align=\"center\">\n<table border=\"1\" width=\"80%\" cellspacing=\"0\" cellpadding=\"0\">\n<tbody>\n<tr>\n<td width=\"50%\">\u00a0<a href=\"http:\/\/agora.xtec.cat\/cesire_historic\/\/wp-content\/uploads\/usu397\/2016\/04\/IMG_8396.jpg\"><img loading=\"lazy\" decoding=\"async\" class=\" wp-image-649 aligncenter\" src=\"http:\/\/agora.xtec.cat\/cesire_historic\/\/wp-content\/uploads\/usu397\/2016\/04\/IMG_8396-300x225.jpg\" alt=\"IMG_8396\" width=\"351\" height=\"263\" srcset=\"https:\/\/agora.xtec.cat\/cesire_historic\/wp-content\/uploads\/usu397\/2016\/04\/IMG_8396-300x225.jpg 300w, https:\/\/agora.xtec.cat\/cesire_historic\/wp-content\/uploads\/usu397\/2016\/04\/IMG_8396-1024x768.jpg 1024w, https:\/\/agora.xtec.cat\/cesire_historic\/wp-content\/uploads\/usu397\/2016\/04\/IMG_8396-200x150.jpg 200w\" sizes=\"auto, (max-width: 351px) 100vw, 351px\" \/><\/a><\/td>\n<td width=\"50%\">\u00a0<a href=\"http:\/\/agora.xtec.cat\/cesire_historic\/\/wp-content\/uploads\/usu397\/2015\/09\/IMG_2626.jpg\"><img loading=\"lazy\" decoding=\"async\" class=\" wp-image-646 aligncenter\" src=\"http:\/\/agora.xtec.cat\/cesire_historic\/\/wp-content\/uploads\/usu397\/2015\/09\/IMG_2626-300x224.jpg\" alt=\"Grups de treball CTM\" width=\"350\" height=\"261\" srcset=\"https:\/\/agora.xtec.cat\/cesire_historic\/wp-content\/uploads\/usu397\/2015\/09\/IMG_2626-300x224.jpg 300w, https:\/\/agora.xtec.cat\/cesire_historic\/wp-content\/uploads\/usu397\/2015\/09\/IMG_2626-1024x765.jpg 1024w, https:\/\/agora.xtec.cat\/cesire_historic\/wp-content\/uploads\/usu397\/2015\/09\/IMG_2626-200x150.jpg 200w\" sizes=\"auto, (max-width: 350px) 100vw, 350px\" \/><\/a><\/td>\n<\/tr>\n<\/tbody>\n<\/table>\n<\/div>\n<\/div>\n<\/header>\n","protected":false},"excerpt":{"rendered":"<p>El curs 2012 \u2013 2013, el Departament d\u2019Ensenyament de la Generalitat de Catalunya va iniciar el <a href=\"http:\/\/xtec.gencat.cat\/ca\/formacio\/formaciogeneralprofessorat\/actualitzacio_cientifica_didactica\/ctm\/\" target=\"_blank\" rel=\"noopener noreferrer\">programa d\u2019actualitzaci\u00f3 sobre Ci\u00e8ncia, Tecnologia i Matem\u00e0tiques (CTM)<\/a> per als professors d\u2019ensenyament secundari, amb la col\u00b7laboraci\u00f3 dels Instituts de Ci\u00e8ncies de l\u2019Educaci\u00f3 (ICE) de diverses&hellip;  <a href=\"https:\/\/agora.xtec.cat\/cesire_historic\/projectes\/stem-steam\/ctm\/\" title=\"Read Treball i avaluaci\u00f3 competencial en les \u00e0rees CTM\">Llegeix m\u00e9s\u00bb<\/a><\/p>\n","protected":false},"author":1,"featured_media":0,"parent":2158,"menu_order":6,"comment_status":"closed","ping_status":"closed","template":"page-templates\/side-menu.php","meta":{"_bbp_topic_count":0,"_bbp_reply_count":0,"_bbp_total_topic_count":0,"_bbp_total_reply_count":0,"_bbp_voice_count":0,"_bbp_anonymous_reply_count":0,"_bbp_topic_count_hidden":0,"_bbp_reply_count_hidden":0,"_bbp_forum_subforum_count":0,"footnotes":""},"class_list":["post-2160","page","type-page","status-publish","hentry"],"post_mailing_queue_ids":[],"_links":{"self":[{"href":"https:\/\/agora.xtec.cat\/cesire_historic\/wp-json\/wp\/v2\/pages\/2160","targetHints":{"allow":["GET"]}}],"collection":[{"href":"https:\/\/agora.xtec.cat\/cesire_historic\/wp-json\/wp\/v2\/pages"}],"about":[{"href":"https:\/\/agora.xtec.cat\/cesire_historic\/wp-json\/wp\/v2\/types\/page"}],"author":[{"embeddable":true,"href":"https:\/\/agora.xtec.cat\/cesire_historic\/wp-json\/wp\/v2\/users\/1"}],"replies":[{"embeddable":true,"href":"https:\/\/agora.xtec.cat\/cesire_historic\/wp-json\/wp\/v2\/comments?post=2160"}],"version-history":[{"count":2,"href":"https:\/\/agora.xtec.cat\/cesire_historic\/wp-json\/wp\/v2\/pages\/2160\/revisions"}],"predecessor-version":[{"id":2427,"href":"https:\/\/agora.xtec.cat\/cesire_historic\/wp-json\/wp\/v2\/pages\/2160\/revisions\/2427"}],"up":[{"embeddable":true,"href":"https:\/\/agora.xtec.cat\/cesire_historic\/wp-json\/wp\/v2\/pages\/2158"}],"wp:attachment":[{"href":"https:\/\/agora.xtec.cat\/cesire_historic\/wp-json\/wp\/v2\/media?parent=2160"}],"curies":[{"name":"wp","href":"https:\/\/api.w.org\/{rel}","templated":true}]}}