{"id":2158,"date":"2017-10-20T08:33:18","date_gmt":"2017-10-20T06:33:18","guid":{"rendered":"http:\/\/agora.xtec.cat\/cesire_historic\/\/?page_id=2158"},"modified":"2020-11-13T11:47:07","modified_gmt":"2020-11-13T10:47:07","slug":"stem-steam","status":"publish","type":"page","link":"https:\/\/agora.xtec.cat\/cesire_historic\/projectes\/stem-steam\/","title":{"rendered":"STEM \/ STEAM"},"content":{"rendered":"<p><a href=\"http:\/\/agora.xtec.cat\/cesire_historic\/\/wp-content\/uploads\/usu397\/2017\/10\/stem-2.jpg\"><img loading=\"lazy\" decoding=\"async\" class=\"aligncenter wp-image-2113 \" src=\"http:\/\/agora.xtec.cat\/cesire_historic\/\/wp-content\/uploads\/usu397\/2017\/10\/stem-2.jpg\" alt=\"\" width=\"507\" height=\"332\" \/><\/a><\/p>\n<p>L\u2019\u00e0mbit CTEM o STEM (per les seves sigles en angl\u00e8s) engloba les \u00e0rees de Ci\u00e8ncies, Tecnologia, Enginyeria i Matem\u00e0tica. Essent cada vegada m\u00e9s present en els curr\u00edculums internacionals i en les pol\u00edtiques del pa\u00eds (Pla <a href=\"http:\/\/web.gencat.cat\/ca\/actualitat\/detall\/Pla-STEMcat-de-vocacions-cientifiques-i-tecnologiques\" target=\"_blank\" rel=\"noopener noreferrer\">STEMCat<\/a>), la perspectiva d\u2019integrar i refor\u00e7ar l\u2019ensenyament de les \u00e0rees cient\u00edfic-tecnol\u00f2giques es considera una eina crucial per dos motius: d\u2019una banda, enriquir la cultura cient\u00edfic-tecnol\u00f2gica i dotar de pensament cr\u00edtic als nostres estudiants, ciutadans presents i futurs, en un m\u00f3n on la ci\u00e8ncia i la tecnologia cada vegada tenen m\u00e9s impacte en les seves vides i el seu entorn. En segon lloc, possibilitar la formaci\u00f3 de professionals d\u2019aquest \u00e0mbit m\u00e9s diversos (equitat), de m\u00e9s qualitat (compet\u00e8ncia), amb m\u00e9s valors (\u00e8tica) i en m\u00e9s quantitat (inter\u00e8s i vocacions), per aconseguir els reptes que com a societat afrontem tant pel que fa a la ind\u00fastria com a la recerca b\u00e0sica.<\/p>\n<p style=\"text-align: center;\"><a href=\"http:\/\/agora.xtec.cat\/cesire_historic\/\/projectes\/stem-steam\/medi_steam-per-un-futur-possible\/\" target=\"_blank\" rel=\"noopener noreferrer\">Medi_STEAM per un futur possible<\/a><\/p>\n<p style=\"text-align: center;\"><a href=\"http:\/\/agora.xtec.cat\/cesire_historic\/\/projectes\/stem-steam\/medi-steam\/\" target=\"_blank\" rel=\"noopener noreferrer\">MEDI_STEAM per comprendre el m\u00f3n<\/a><\/p>\n<p style=\"text-align: center;\"><a title=\"STEM a l'espai\" href=\"https:\/\/agora.xtec.cat\/cesire_historic\/\/projectes\/stem-steam\/steam-a-lespai\/\">STEM a l&#8217;espai<\/a><\/p>\n<p style=\"text-align: center;\"><a title=\"Nanotecnologia\" href=\"https:\/\/agora.xtec.cat\/cesire_historic\/\/projectes\/stem-steam\/nanotecnologia\/\">Nanotecnologia<\/a><\/p>\n<p style=\"text-align: center;\"><a title=\"Tecnologia creativa\" href=\"https:\/\/agora.xtec.cat\/cesire_historic\/\/projectes\/stem-steam\/tecnologia-creativa\/\">Tecnologia creativa<\/a><\/p>\n<p style=\"text-align: center;\"><a title=\"Motxilla bioclim\u00e0tica\" href=\"https:\/\/agora.xtec.cat\/cesire_historic\/\/projectes\/stem-steam\/motxilla-bioclimatica\/\">Motxilla bioclim\u00e0tica<\/a><\/p>\n<p style=\"text-align: center;\"><a title=\"Treball i avaluaci\u00f3 competencial en les \u00e0rees CTM\" href=\"https:\/\/agora.xtec.cat\/cesire_historic\/\/projectes\/stem-steam\/ctm\/\">Treball i avaluaci\u00f3 competencial en les \u00e0rees CTM<\/a><\/p>\n<p style=\"text-align: center;\"><a title=\"'STEM #ABP: Treball per projectes en \u00e0mbits STEM\" href=\"https:\/\/agora.xtec.cat\/cesire_historic\/\/projectes\/stem-steam\/stem-abp-treball-per-projectes-en-ambits-stem\/\">&#8216;STEM #ABP: Treball per projectes en \u00e0mbits STEM<\/a><\/p>\n","protected":false},"excerpt":{"rendered":"<p><a href=\"http:\/\/agora.xtec.cat\/cesire_historic\/\/wp-content\/uploads\/usu397\/2017\/10\/stem-2.jpg\"><\/a><br \/>\nL\u2019\u00e0mbit CTEM o STEM (per les seves sigles en angl\u00e8s) engloba les \u00e0rees de Ci\u00e8ncies, Tecnologia, Enginyeria i Matem\u00e0tica. Essent cada vegada m\u00e9s present en els curr\u00edculums internacionals i en les pol\u00edtiques del pa\u00eds (Pla <a href=\"http:\/\/web.gencat.cat\/ca\/actualitat\/detall\/Pla-STEMcat-de-vocacions-cientifiques-i-tecnologiques\" target=\"_blank\" rel=\"noopener noreferrer\">STEMCat<\/a>), la perspectiva d\u2019integrar i&hellip;  <a href=\"https:\/\/agora.xtec.cat\/cesire_historic\/projectes\/stem-steam\/\" title=\"Read STEM \/ STEAM\">Llegeix m\u00e9s\u00bb<\/a><\/p>\n","protected":false},"author":1,"featured_media":0,"parent":57,"menu_order":5,"comment_status":"closed","ping_status":"closed","template":"page-templates\/side-menu.php","meta":{"_bbp_topic_count":0,"_bbp_reply_count":0,"_bbp_total_topic_count":0,"_bbp_total_reply_count":0,"_bbp_voice_count":0,"_bbp_anonymous_reply_count":0,"_bbp_topic_count_hidden":0,"_bbp_reply_count_hidden":0,"_bbp_forum_subforum_count":0,"footnotes":""},"class_list":["post-2158","page","type-page","status-publish","hentry"],"post_mailing_queue_ids":[],"_links":{"self":[{"href":"https:\/\/agora.xtec.cat\/cesire_historic\/wp-json\/wp\/v2\/pages\/2158","targetHints":{"allow":["GET"]}}],"collection":[{"href":"https:\/\/agora.xtec.cat\/cesire_historic\/wp-json\/wp\/v2\/pages"}],"about":[{"href":"https:\/\/agora.xtec.cat\/cesire_historic\/wp-json\/wp\/v2\/types\/page"}],"author":[{"embeddable":true,"href":"https:\/\/agora.xtec.cat\/cesire_historic\/wp-json\/wp\/v2\/users\/1"}],"replies":[{"embeddable":true,"href":"https:\/\/agora.xtec.cat\/cesire_historic\/wp-json\/wp\/v2\/comments?post=2158"}],"version-history":[{"count":3,"href":"https:\/\/agora.xtec.cat\/cesire_historic\/wp-json\/wp\/v2\/pages\/2158\/revisions"}],"predecessor-version":[{"id":10200,"href":"https:\/\/agora.xtec.cat\/cesire_historic\/wp-json\/wp\/v2\/pages\/2158\/revisions\/10200"}],"up":[{"embeddable":true,"href":"https:\/\/agora.xtec.cat\/cesire_historic\/wp-json\/wp\/v2\/pages\/57"}],"wp:attachment":[{"href":"https:\/\/agora.xtec.cat\/cesire_historic\/wp-json\/wp\/v2\/media?parent=2158"}],"curies":[{"name":"wp","href":"https:\/\/api.w.org\/{rel}","templated":true}]}}