{"id":2151,"date":"2017-10-19T14:17:23","date_gmt":"2017-10-19T12:17:23","guid":{"rendered":"http:\/\/agora.xtec.cat\/cesire_historic\/\/?page_id=2151"},"modified":"2017-10-20T09:25:22","modified_gmt":"2017-10-20T07:25:22","slug":"llengua-a-totes-les-arees","status":"publish","type":"page","link":"https:\/\/agora.xtec.cat\/cesire_historic\/projectes\/llengua-a-totes-les-arees\/","title":{"rendered":"Llengua a totes les \u00e0rees"},"content":{"rendered":"<p><b>Infusionem la llengua a les \u00e0rees<\/b><\/p>\n<p>L\u2019objectiu del grup \u00e9s fomentar el treball sistem\u00e0tic de la llengua a les \u00e0rees no ling\u00fc\u00edstiques, perqu\u00e8 la compet\u00e8ncia comunicativa i ling\u00fc\u00edstica ajudi l\u2019alumnat a desenvolupar el projecte de vida personal, acad\u00e8mic i professional. Aquesta compet\u00e8ncia s\u2019adquireix quan els centres treballen la llengua com un objectiu compartit, i per fer-ho tenen en compte els factors d\u2019\u00e8xit seg\u00fcents:<\/p>\n<ul>\n<li>La llengua s\u2019usa en tasques i material aut\u00e8ntic, tant a les \u00e0rees ling\u00fc\u00edstiques com a les no ling\u00fc\u00edstiques, que per elles mateixes constitueixen contextos \u00f2ptims per al seu aprenentatge.<\/li>\n<li>Els equips docents s\u2019organitzen per treballar de manera integrada la llengua:\n<ul>\n<li>Coordinant la programaci\u00f3 de les \u00e0rees ling\u00fc\u00edstiques (L1-L2)<\/li>\n<li>Incorporant el tractament integrat de llengua i contingut (TILC) a partir dels g\u00e8neres textuals afins a l\u2019\u00e0rea<\/li>\n<li>Incorporant projectes CLIL<\/li>\n<li>Treballant amb projectes interdisciplinaris amb una pres\u00e8ncia significativa de la compet\u00e8ncia comunicativa<\/li>\n<\/ul>\n<\/li>\n<\/ul>\n<p>Les l\u00ednies de treball del grup s\u2019organitzen al voltant dels factors que hem esmentat. Les accions i recerques del grup volen donar respostes did\u00e0ctiques i organitzatives per millorar la compet\u00e8ncia comunicativa i pluriling\u00fce de l\u2019alumnat.<\/p>\n<p><a href=\"http:\/\/agora.xtec.cat\/cesire_historic\/\/wp-content\/uploads\/usu397\/2016\/03\/infisionar_llengues.png\"><img loading=\"lazy\" decoding=\"async\" class=\"size-full wp-image-605 aligncenter\" src=\"http:\/\/agora.xtec.cat\/cesire_historic\/\/wp-content\/uploads\/usu397\/2016\/03\/infisionar_llengues.png\" alt=\"infisionar_llengues\" width=\"200\" height=\"216\" \/><\/a><\/p>\n","protected":false},"excerpt":{"rendered":"<p>Infusionem la llengua a les \u00e0rees<br \/>\nL\u2019objectiu del grup \u00e9s fomentar el treball sistem\u00e0tic de la llengua a les \u00e0rees no ling\u00fc\u00edstiques, perqu\u00e8 la compet\u00e8ncia comunicativa i ling\u00fc\u00edstica ajudi l\u2019alumnat a desenvolupar el projecte de vida personal, acad\u00e8mic i professional. Aquesta compet\u00e8ncia s\u2019adquireix quan els centres&hellip;  <a href=\"https:\/\/agora.xtec.cat\/cesire_historic\/projectes\/llengua-a-totes-les-arees\/\" title=\"Read Llengua a totes les \u00e0rees\">Llegeix m\u00e9s\u00bb<\/a><\/p>\n","protected":false},"author":1,"featured_media":0,"parent":57,"menu_order":2,"comment_status":"closed","ping_status":"closed","template":"page-templates\/side-menu.php","meta":{"_bbp_topic_count":0,"_bbp_reply_count":0,"_bbp_total_topic_count":0,"_bbp_total_reply_count":0,"_bbp_voice_count":0,"_bbp_anonymous_reply_count":0,"_bbp_topic_count_hidden":0,"_bbp_reply_count_hidden":0,"_bbp_forum_subforum_count":0,"footnotes":""},"class_list":["post-2151","page","type-page","status-publish","hentry"],"post_mailing_queue_ids":[],"_links":{"self":[{"href":"https:\/\/agora.xtec.cat\/cesire_historic\/wp-json\/wp\/v2\/pages\/2151","targetHints":{"allow":["GET"]}}],"collection":[{"href":"https:\/\/agora.xtec.cat\/cesire_historic\/wp-json\/wp\/v2\/pages"}],"about":[{"href":"https:\/\/agora.xtec.cat\/cesire_historic\/wp-json\/wp\/v2\/types\/page"}],"author":[{"embeddable":true,"href":"https:\/\/agora.xtec.cat\/cesire_historic\/wp-json\/wp\/v2\/users\/1"}],"replies":[{"embeddable":true,"href":"https:\/\/agora.xtec.cat\/cesire_historic\/wp-json\/wp\/v2\/comments?post=2151"}],"version-history":[{"count":2,"href":"https:\/\/agora.xtec.cat\/cesire_historic\/wp-json\/wp\/v2\/pages\/2151\/revisions"}],"predecessor-version":[{"id":2155,"href":"https:\/\/agora.xtec.cat\/cesire_historic\/wp-json\/wp\/v2\/pages\/2151\/revisions\/2155"}],"up":[{"embeddable":true,"href":"https:\/\/agora.xtec.cat\/cesire_historic\/wp-json\/wp\/v2\/pages\/57"}],"wp:attachment":[{"href":"https:\/\/agora.xtec.cat\/cesire_historic\/wp-json\/wp\/v2\/media?parent=2151"}],"curies":[{"name":"wp","href":"https:\/\/api.w.org\/{rel}","templated":true}]}}