{"id":11543,"date":"2021-06-10T12:59:34","date_gmt":"2021-06-10T10:59:34","guid":{"rendered":"http:\/\/agora.xtec.cat\/cesire_historic\/\/?page_id=11543"},"modified":"2021-06-14T12:46:52","modified_gmt":"2021-06-14T10:46:52","slug":"jugar-la-ficcio-el-videojoc-com-a-forma-de-cultura-en-leducacio-literaria-de-la-infancia-i-la-joventut","status":"publish","type":"page","link":"https:\/\/agora.xtec.cat\/cesire_historic\/projectes\/connectat-a-la-recerca-apropem-la-recerca-educativa-a-les-aules\/jugar-la-ficcio-el-videojoc-com-a-forma-de-cultura-en-leducacio-literaria-de-la-infancia-i-la-joventut\/","title":{"rendered":"Jugar la ficci\u00f3. El v\u00eddeojoc com a forma de cultura en l&#8217;educaci\u00f3 liter\u00e0ria de la inf\u00e0ncia i la joventut"},"content":{"rendered":"<p style=\"text-align: center;\"><img loading=\"lazy\" decoding=\"async\" class=\"aligncenter wp-image-10457\" src=\"https:\/\/agora.xtec.cat\/cesire_historic\/\/wp-content\/uploads\/usu397\/2020\/12\/joystick-4321216_640.jpg\" alt=\"\" width=\"313\" height=\"208\" srcset=\"https:\/\/agora.xtec.cat\/cesire_historic\/wp-content\/uploads\/usu397\/2020\/12\/joystick-4321216_640.jpg 640w, https:\/\/agora.xtec.cat\/cesire_historic\/wp-content\/uploads\/usu397\/2020\/12\/joystick-4321216_640-300x199.jpg 300w\" sizes=\"auto, (max-width: 313px) 100vw, 313px\" \/><\/p>\n<p>Segona confer\u00e8ncia virtual les sessions que durant aquest curs formaran part del projecte <strong>&#8220;Connecta&#8217;t a la recerca&#8221;<\/strong> adre\u00e7at a docents de diferents nivells educatius.<\/p>\n<p>En aquesta confer\u00e8ncia <strong>Lucas Ramada Prieto\u00a0<\/strong> parlar\u00e0 de les possibilitats comunicatives que aquesta mena d\u2019obres presenten a l\u2019hora d\u2019oferir educaci\u00f3 liter\u00e0ria a l&#8217;alumnat, i com des de l&#8217;aula podem fer que adquireixin tot un seguit d\u2019eines cr\u00edtiques amb les quals poder valorar de manera cr\u00edtica les obres, seleccionar-les segons els seus contextos educatius, i tamb\u00e9 comen\u00e7ar a pensar maneres d\u2019introduir-les a l\u2019aula i a la biblioteca del centre. Tamb\u00e9 vol ser una presentaci\u00f3 de la<a href=\"https:\/\/agora.xtec.cat\/cesire_historic\/\/ambits\/formacio-jugar-la-ficcio-el-videojoc-com-a-forma-de-cultura-en-leducacio-literaria-de-la-infancia-i-la-joventut\/\" target=\"_blank\" rel=\"noopener noreferrer\"> formaci\u00f3 <\/a>que far\u00e0 tamb\u00e9 el mateix Lucas des del CESIRE a partir de l&#8217;abril.<\/p>\n<p>Data: <strong>18 de febrer de 2021\u00a0<\/strong><\/p>\n<p>Horari<strong>: de 18 a 20 h<\/strong><\/p>\n<p>Destinataris: <strong>professorat educaci\u00f3 infantil, prim\u00e0ria i secund\u00e0ria<\/strong><\/p>\n<p><a href=\"https:\/\/meet.google.com\/keg-axep-qas\" target=\"_blank\" rel=\"noopener noreferrer\">Enlla\u00e7 a la confer\u00e8ncia<\/a> (disponible en la data i hores de realitzaci\u00f3 de la confer\u00e8ncia)<\/p>\n<p><a href=\"https:\/\/aplicacions.gestioeducativa.gencat.cat\/pls\/soloas\/pk_for_mod_ins.p_for_detall_activitat?p_codi=9004000532&amp;p_curs=2020-2021&amp;p_es_inscr=S\" target=\"_blank\" rel=\"noopener noreferrer\">Inscripci\u00f3<\/a><\/p>\n<p><a href=\"https:\/\/aplicacions.gestioeducativa.gencat.cat\/pls\/soloas\/pk_for_mod_ins.p_for_exhaustiu_activitat?p_header=Detall%20d%27activitat^pk_for_mod_ins.p_for_detall_activitat?p_codi=9004000532%26p_curs=2020-2021%26p_es_inscr=S&amp;p_codi=9004000532&amp;p_curs=2020-2021&amp;p_es_inscr=S\" target=\"_blank\" rel=\"noopener noreferrer\">M\u00e9s informaci\u00f3<\/a><\/p>\n<p><a href=\"https:\/\/agora.xtec.cat\/cesire_historic\/\/wp-content\/uploads\/usu397\/2021\/03\/Confer%C3%A8ncia_-%E2%80%9CJugar-la-ficci%C3%B3.-El-v%C3%ADdeojoc-com-a-forma-de-cultura-en-l%E2%80%99educaci%C3%B3-liter%C3%A0ria-de-la-inf%C3%A0ncia-i-la-joventut%E2%80%9D-.docx.pdf\" target=\"_blank\" rel=\"noopener noreferrer\">Cr\u00f2nica de la sessi\u00f3<\/a><\/p>\n<p>&nbsp;<\/p>\n","protected":false},"excerpt":{"rendered":"<p>Segona confer\u00e8ncia virtual les sessions que durant aquest curs formaran part del projecte &#8220;Connecta&#8217;t a la recerca&#8221; adre\u00e7at a docents de diferents nivells educatius.<br \/>\nEn aquesta confer\u00e8ncia Lucas Ramada Prieto\u00a0 parlar\u00e0 de les possibilitats comunicatives que aquesta mena d\u2019obres presenten a l\u2019hora d\u2019oferir educaci\u00f3 liter\u00e0ria a&hellip;  <a href=\"https:\/\/agora.xtec.cat\/cesire_historic\/projectes\/connectat-a-la-recerca-apropem-la-recerca-educativa-a-les-aules\/jugar-la-ficcio-el-videojoc-com-a-forma-de-cultura-en-leducacio-literaria-de-la-infancia-i-la-joventut\/\" title=\"Read Jugar la ficci\u00f3. El v\u00eddeojoc com a forma de cultura en l&#8217;educaci\u00f3 liter\u00e0ria de la inf\u00e0ncia i la joventut\">Llegeix m\u00e9s\u00bb<\/a><\/p>\n","protected":false},"author":1,"featured_media":0,"parent":2954,"menu_order":2,"comment_status":"closed","ping_status":"closed","template":"page-templates\/side-menu.php","meta":{"_bbp_topic_count":0,"_bbp_reply_count":0,"_bbp_total_topic_count":0,"_bbp_total_reply_count":0,"_bbp_voice_count":0,"_bbp_anonymous_reply_count":0,"_bbp_topic_count_hidden":0,"_bbp_reply_count_hidden":0,"_bbp_forum_subforum_count":0,"footnotes":""},"class_list":["post-11543","page","type-page","status-publish","hentry"],"post_mailing_queue_ids":[],"_links":{"self":[{"href":"https:\/\/agora.xtec.cat\/cesire_historic\/wp-json\/wp\/v2\/pages\/11543","targetHints":{"allow":["GET"]}}],"collection":[{"href":"https:\/\/agora.xtec.cat\/cesire_historic\/wp-json\/wp\/v2\/pages"}],"about":[{"href":"https:\/\/agora.xtec.cat\/cesire_historic\/wp-json\/wp\/v2\/types\/page"}],"author":[{"embeddable":true,"href":"https:\/\/agora.xtec.cat\/cesire_historic\/wp-json\/wp\/v2\/users\/1"}],"replies":[{"embeddable":true,"href":"https:\/\/agora.xtec.cat\/cesire_historic\/wp-json\/wp\/v2\/comments?post=11543"}],"version-history":[{"count":1,"href":"https:\/\/agora.xtec.cat\/cesire_historic\/wp-json\/wp\/v2\/pages\/11543\/revisions"}],"predecessor-version":[{"id":11544,"href":"https:\/\/agora.xtec.cat\/cesire_historic\/wp-json\/wp\/v2\/pages\/11543\/revisions\/11544"}],"up":[{"embeddable":true,"href":"https:\/\/agora.xtec.cat\/cesire_historic\/wp-json\/wp\/v2\/pages\/2954"}],"wp:attachment":[{"href":"https:\/\/agora.xtec.cat\/cesire_historic\/wp-json\/wp\/v2\/media?parent=11543"}],"curies":[{"name":"wp","href":"https:\/\/api.w.org\/{rel}","templated":true}]}}