{"id":10350,"date":"2020-11-29T19:35:17","date_gmt":"2020-11-29T18:35:17","guid":{"rendered":"http:\/\/agora.xtec.cat\/cesire_historic\/\/?page_id=10350"},"modified":"2020-11-29T19:35:17","modified_gmt":"2020-11-29T18:35:17","slug":"efemerides-matematiques","status":"publish","type":"page","link":"https:\/\/agora.xtec.cat\/cesire_historic\/ambit-matematic\/recursos_mat\/efemerides-matematiques\/","title":{"rendered":"Efem\u00e8rides matem\u00e0tiques"},"content":{"rendered":"<p>L&#8217;amic Anton Aubanell, gran aficionat a les efem\u00e8rides, ens fa arribat algunes propostes que us poden ser \u00fatils per l&#8217;aula.<\/p>\n<p>12 de maig. <a href=\"https:\/\/agora.xtec.cat\/cesire_historic\/\/wp-content\/uploads\/usu397\/2020\/11\/12_maig_Florence_Nightingale.pdf\" target=\"_blank\" rel=\"noopener noreferrer\">Florence Nightingale<\/a><\/p>\n<p>27 de novembre. Ada Augusta Lovelace, filla de Lord Byron.<\/p>\n<p>30 de novembre. <a href=\"http:\/\/agora.xtec.cat\/cesire_historic\/\/ambits\/matematic\/30-de-novembre-ernst-chladni\/\" target=\"_blank\" rel=\"noopener noreferrer\">Ernst Chladni.<\/a><\/p>\n","protected":false},"excerpt":{"rendered":"<p>L&#8217;amic Anton Aubanell, gran aficionat a les efem\u00e8rides, ens fa arribat algunes propostes que us poden ser \u00fatils per l&#8217;aula.<br \/>\n12 de maig. <a href=\"https:\/\/agora.xtec.cat\/cesire_historic\/\/wp-content\/uploads\/usu397\/2020\/11\/12_maig_Florence_Nightingale.pdf\" target=\"_blank\" rel=\"noopener noreferrer\">Florence Nightingale<\/a><br \/>\n27 de novembre. Ada Augusta Lovelace, filla de Lord Byron.<br \/>\n30 de novembre. <a href=\"http:\/\/agora.xtec.cat\/cesire_historic\/\/ambits\/matematic\/30-de-novembre-ernst-chladni\/\" target=\"_blank\" rel=\"noopener noreferrer\">Ernst Chladni.<\/a><\/p>\n","protected":false},"author":118,"featured_media":0,"parent":4283,"menu_order":0,"comment_status":"closed","ping_status":"closed","template":"","meta":{"_bbp_topic_count":0,"_bbp_reply_count":0,"_bbp_total_topic_count":0,"_bbp_total_reply_count":0,"_bbp_voice_count":0,"_bbp_anonymous_reply_count":0,"_bbp_topic_count_hidden":0,"_bbp_reply_count_hidden":0,"_bbp_forum_subforum_count":0,"footnotes":""},"class_list":["post-10350","page","type-page","status-publish","hentry"],"post_mailing_queue_ids":[],"_links":{"self":[{"href":"https:\/\/agora.xtec.cat\/cesire_historic\/wp-json\/wp\/v2\/pages\/10350","targetHints":{"allow":["GET"]}}],"collection":[{"href":"https:\/\/agora.xtec.cat\/cesire_historic\/wp-json\/wp\/v2\/pages"}],"about":[{"href":"https:\/\/agora.xtec.cat\/cesire_historic\/wp-json\/wp\/v2\/types\/page"}],"author":[{"embeddable":true,"href":"https:\/\/agora.xtec.cat\/cesire_historic\/wp-json\/wp\/v2\/users\/118"}],"replies":[{"embeddable":true,"href":"https:\/\/agora.xtec.cat\/cesire_historic\/wp-json\/wp\/v2\/comments?post=10350"}],"version-history":[{"count":2,"href":"https:\/\/agora.xtec.cat\/cesire_historic\/wp-json\/wp\/v2\/pages\/10350\/revisions"}],"predecessor-version":[{"id":10354,"href":"https:\/\/agora.xtec.cat\/cesire_historic\/wp-json\/wp\/v2\/pages\/10350\/revisions\/10354"}],"up":[{"embeddable":true,"href":"https:\/\/agora.xtec.cat\/cesire_historic\/wp-json\/wp\/v2\/pages\/4283"}],"wp:attachment":[{"href":"https:\/\/agora.xtec.cat\/cesire_historic\/wp-json\/wp\/v2\/media?parent=10350"}],"curies":[{"name":"wp","href":"https:\/\/api.w.org\/{rel}","templated":true}]}}