{"id":73,"date":"2014-09-18T14:01:51","date_gmt":"2014-09-18T13:01:51","guid":{"rendered":"http:\/\/agora.xtec.cat\/ceipxarau\/?page_id=73"},"modified":"2024-04-25T10:10:51","modified_gmt":"2024-04-25T08:10:51","slug":"menjador-escolar","status":"publish","type":"page","link":"https:\/\/agora.xtec.cat\/ceipxarau\/serveis\/menjador-escolar\/","title":{"rendered":"Menjador escolar"},"content":{"rendered":"<p style=\"text-align: justify;\">En el nostre projecte d&#8217;escola incloem l&#8217;atenci\u00f3 dels infants en l&#8217;horari de migdia, de tal manera que garantim la continu\u00eftat del projecte i la coordinaci\u00f3 amb el personal que aten les criatures.<\/p>\n<p style=\"text-align: justify;\">Per tal de qu\u00e8 aix\u00f2 sigui possible hi ha una comissi\u00f3 mixta (mestres, fam\u00edlies, coordinadora del menjador) que es reuneix peri\u00f2dicament per revisar l&#8217;organitzaci\u00f3, els men\u00fas i les millores proposades.<\/p>\n<p style=\"text-align: justify;\">Aquest espai\u00a0del migdia cal que sigui un temps relaxat, proper i necess\u00e0riament social on es potenci\u00ef l&#8217;autonomia dels infants: s\u00f3n ells els qui paren taula, se serveixen el menjar al plat, recullen i endrecen l&#8217;espai.<\/p>\n<p style=\"text-align: justify;\">Si voleu que el vostre fill\/a utilitzi el servei de menjador us heu d&#8217;adre\u00e7ar a <strong>ROCA GONZ\u00c1LEZ<\/strong><\/p>\n<table style=\"height: 130px; width: 52.2242%;\">\n<tbody>\n<tr style=\"height: 33px;\">\n<td style=\"width: 13.8075%; height: 33px;\"><strong>TEL\u00c8FON<\/strong><\/td>\n<td style=\"width: 85.0767%; height: 33px;\">678 49 18 13<\/td>\n<\/tr>\n<tr style=\"height: 33px;\">\n<td style=\"width: 13.8075%; height: 33px;\"><strong>CORREU<\/strong><\/td>\n<td style=\"width: 85.0767%; height: 33px;\">Correu: espaimigdiaxarau@gmail.com<\/td>\n<\/tr>\n<tr style=\"height: 33px;\">\n<td style=\"width: 13.8075%; height: 33px;\"><strong>PREU<\/strong><\/td>\n<td style=\"width: 85.0767%; height: 33px;\">Usuari fix: 6,91 \u20ac\/dia<\/p>\n<p>Espor\u00e0dic: 7,60 \u20ac\/dia<\/td>\n<\/tr>\n<tr style=\"height: 33px;\">\n<td style=\"width: 98.8842%; height: 33px;\" colspan=\"2\">Es pagar\u00e0 a mes ven\u00e7ut.<\/td>\n<\/tr>\n<tr style=\"height: 33px;\">\n<td style=\"width: 13.8075%; height: 33px;\"><strong>\u00a0DIETES<\/strong><\/td>\n<td style=\"width: 85.0767%; height: 33px;\">Hi ha la possibilitat de demanar una dieta alternativa per qui tinguin una indisposici\u00f3 puntual. Cal donar av\u00eds al n\u00famero 678 49 18 13 i de 9 a 9:30 h<\/td>\n<\/tr>\n<tr style=\"height: 33px;\">\n<td style=\"width: 98.8842%; height: 33px;\" colspan=\"2\">Per motius d&#8217;al\u00b7l\u00e8rgies o intoler\u00e0ncies aliment\u00e0ries es far\u00e0 un men\u00fa espec\u00edfic per a qui aix\u00ed ho acrediti.<\/td>\n<\/tr>\n<tr style=\"height: 33px;\">\n<td style=\"width: 98.8842%; height: 33px;\" colspan=\"2\">Totes les gestions necess\u00e0ries es poden fer a trav\u00e9s de l&#8217;<strong>aplicaci\u00f3 Roca Gonz\u00e1lez.<\/strong><\/td>\n<\/tr>\n<\/tbody>\n<\/table>\n<p>En aquest enlla\u00e7 teniu el <strong>document<\/strong> explicatiu de l&#8217;estona del mig dia a l&#8217;escola.<\/p>\n<p><a href=\"https:\/\/agora.xtec.cat\/ceipxarau\/wp-content\/uploads\/usu1524\/2024\/04\/Lestona-del-mig-dia-a-lescola-Xarau.-document-web-escola-23-24.pdf\"><img loading=\"lazy\" decoding=\"async\" class=\"\" src=\"https:\/\/agora.xtec.cat\/ceipxarau\/wp-content\/uploads\/usu1524\/2024\/04\/portada-projecte-menjador-actualitzat-23-24.jpg\" width=\"369\" height=\"510\" \/><\/a><\/p>\n<p>Al blog de l&#8217;AFA trobareu m\u00e9s informaci\u00f3. <a href=\"https:\/\/ampaxarau.wordpress.com\/menjador\/\">Cliqueu aqu\u00ed<\/a><\/p>\n<p>&nbsp;<\/p>\n<p>&nbsp;<\/p>\n<p>&nbsp;<\/p>\n<p>&nbsp;<\/p>\n<p>&nbsp;<\/p>\n","protected":false},"excerpt":{"rendered":"<p>En el nostre projecte d&#8217;escola incloem l&#8217;atenci\u00f3 dels infants en l&#8217;horari de migdia, de tal manera que garantim la continu\u00eftat del projecte i la coordinaci\u00f3 amb el personal que aten les criatures.<br \/>\nPer tal de qu\u00e8 aix\u00f2 sigui possible hi ha una comissi\u00f3 mixta (mestres, fam\u00edlies,&hellip;  <a href=\"https:\/\/agora.xtec.cat\/ceipxarau\/serveis\/menjador-escolar\/\" title=\"Read Menjador escolar\">Llegeix m\u00e9s\u00bb<\/a><\/p>\n","protected":false},"author":1,"featured_media":0,"parent":66,"menu_order":30,"comment_status":"closed","ping_status":"closed","template":"page-templates\/side-menu.php","meta":{"_bbp_topic_count":0,"_bbp_reply_count":0,"_bbp_total_topic_count":0,"_bbp_total_reply_count":0,"_bbp_voice_count":0,"_bbp_anonymous_reply_count":0,"_bbp_topic_count_hidden":0,"_bbp_reply_count_hidden":0,"_bbp_forum_subforum_count":0,"footnotes":""},"class_list":["post-73","page","type-page","status-publish","hentry"],"post_mailing_queue_ids":[],"_links":{"self":[{"href":"https:\/\/agora.xtec.cat\/ceipxarau\/wp-json\/wp\/v2\/pages\/73","targetHints":{"allow":["GET"]}}],"collection":[{"href":"https:\/\/agora.xtec.cat\/ceipxarau\/wp-json\/wp\/v2\/pages"}],"about":[{"href":"https:\/\/agora.xtec.cat\/ceipxarau\/wp-json\/wp\/v2\/types\/page"}],"author":[{"embeddable":true,"href":"https:\/\/agora.xtec.cat\/ceipxarau\/wp-json\/wp\/v2\/users\/1"}],"replies":[{"embeddable":true,"href":"https:\/\/agora.xtec.cat\/ceipxarau\/wp-json\/wp\/v2\/comments?post=73"}],"version-history":[{"count":6,"href":"https:\/\/agora.xtec.cat\/ceipxarau\/wp-json\/wp\/v2\/pages\/73\/revisions"}],"predecessor-version":[{"id":5776,"href":"https:\/\/agora.xtec.cat\/ceipxarau\/wp-json\/wp\/v2\/pages\/73\/revisions\/5776"}],"up":[{"embeddable":true,"href":"https:\/\/agora.xtec.cat\/ceipxarau\/wp-json\/wp\/v2\/pages\/66"}],"wp:attachment":[{"href":"https:\/\/agora.xtec.cat\/ceipxarau\/wp-json\/wp\/v2\/media?parent=73"}],"curies":[{"name":"wp","href":"https:\/\/api.w.org\/{rel}","templated":true}]}}