{"id":4234,"date":"2021-02-11T08:17:20","date_gmt":"2021-02-11T07:17:20","guid":{"rendered":"http:\/\/agora.xtec.cat\/ceipxarau\/?page_id=4234"},"modified":"2022-01-18T13:44:00","modified_gmt":"2022-01-18T12:44:00","slug":"projectes-linguistic-en-revisio","status":"publish","type":"page","link":"https:\/\/agora.xtec.cat\/ceipxarau\/lescola\/document-de-centre\/projectes-linguistic-en-revisio\/","title":{"rendered":"Projecte ling\u00fc\u00edstic"},"content":{"rendered":"<p>\u00c9s el projecte on es recullen les dades sobre la llengua a l&#8217;escola i com la treballem des del centre.<a href=\"https:\/\/agora.xtec.cat\/ceipxarau\/wp-content\/uploads\/usu1524\/2022\/01\/Projecte-linguistic-Gener-2022.pdf\"><img loading=\"lazy\" decoding=\"async\" class=\"alignleft wp-image-5019 \" src=\"https:\/\/agora.xtec.cat\/ceipxarau\/wp-content\/uploads\/usu1524\/2022\/01\/Portada-Projecte-Linguistic-213x300.jpg\" alt=\"\" width=\"142\" height=\"176\" \/><\/a><\/p>\n<p>(Actualitzat el Gener 2022)<\/p>\n","protected":false},"excerpt":{"rendered":"<p>\u00c9s el projecte on es recullen les dades sobre la llengua a l&#8217;escola i com la treballem des del centre.<a href=\"https:\/\/agora.xtec.cat\/ceipxarau\/wp-content\/uploads\/usu1524\/2022\/01\/Projecte-linguistic-Gener-2022.pdf\"><\/a><br \/>\n(Actualitzat el Gener 2022)<\/p>\n","protected":false},"author":1,"featured_media":0,"parent":2422,"menu_order":0,"comment_status":"closed","ping_status":"closed","template":"","meta":{"_bbp_topic_count":0,"_bbp_reply_count":0,"_bbp_total_topic_count":0,"_bbp_total_reply_count":0,"_bbp_voice_count":0,"_bbp_anonymous_reply_count":0,"_bbp_topic_count_hidden":0,"_bbp_reply_count_hidden":0,"_bbp_forum_subforum_count":0,"footnotes":""},"class_list":["post-4234","page","type-page","status-publish","hentry"],"post_mailing_queue_ids":[],"_links":{"self":[{"href":"https:\/\/agora.xtec.cat\/ceipxarau\/wp-json\/wp\/v2\/pages\/4234","targetHints":{"allow":["GET"]}}],"collection":[{"href":"https:\/\/agora.xtec.cat\/ceipxarau\/wp-json\/wp\/v2\/pages"}],"about":[{"href":"https:\/\/agora.xtec.cat\/ceipxarau\/wp-json\/wp\/v2\/types\/page"}],"author":[{"embeddable":true,"href":"https:\/\/agora.xtec.cat\/ceipxarau\/wp-json\/wp\/v2\/users\/1"}],"replies":[{"embeddable":true,"href":"https:\/\/agora.xtec.cat\/ceipxarau\/wp-json\/wp\/v2\/comments?post=4234"}],"version-history":[{"count":3,"href":"https:\/\/agora.xtec.cat\/ceipxarau\/wp-json\/wp\/v2\/pages\/4234\/revisions"}],"predecessor-version":[{"id":5021,"href":"https:\/\/agora.xtec.cat\/ceipxarau\/wp-json\/wp\/v2\/pages\/4234\/revisions\/5021"}],"up":[{"embeddable":true,"href":"https:\/\/agora.xtec.cat\/ceipxarau\/wp-json\/wp\/v2\/pages\/2422"}],"wp:attachment":[{"href":"https:\/\/agora.xtec.cat\/ceipxarau\/wp-json\/wp\/v2\/media?parent=4234"}],"curies":[{"name":"wp","href":"https:\/\/api.w.org\/{rel}","templated":true}]}}