{"id":2347,"date":"2020-03-20T18:03:09","date_gmt":"2020-03-20T17:03:09","guid":{"rendered":"http:\/\/agora.xtec.cat\/ceipxarau\/?page_id=2347"},"modified":"2020-03-24T18:52:02","modified_gmt":"2020-03-24T17:52:02","slug":"camins-escolar","status":"publish","type":"page","link":"https:\/\/agora.xtec.cat\/ceipxarau\/projecte-educatiu\/camins-escolar\/","title":{"rendered":"Camins escolar"},"content":{"rendered":"<p>La nostra escola participa en el projecte Els Camins Escolars. \u00c9s un projecte de ciutat impulsat per l&#8217;escola Municipal la S\u00ednia, Xarau i Serraparera amb la idea de crear un Cam\u00ed Escolar perqu\u00e8 l&#8217;alumnat pogu\u00e9s anar a l&#8217;escola sol i de manera segura. . Amb la col\u00b7laboraci\u00f3 de les fam\u00edlies, es van elaborar tres itineraris.<\/p>\n<p>El Consell d&#8217;Infants i Adolescents de Cerdanyola (CIAC) van fer una tria dels logos i senyals indicadores dels tres camins. La nostra escola est\u00e0 senyalitzada amb color taronja.<\/p>\n<p>Aquest \u00a0projecte pret\u00e9n plantejar actuacions urban\u00edstiques i que els nostres infants puguin despla\u00e7ar-se de manera segura i un aprenentatge educatiu vial.<\/p>\n<p><iframe loading=\"lazy\" title=\"II Bicicletada de Camins Escolars\" width=\"500\" height=\"281\" src=\"https:\/\/www.youtube.com\/embed\/miTdNYGxobg?feature=oembed\" frameborder=\"0\" allow=\"accelerometer; autoplay; clipboard-write; encrypted-media; gyroscope; picture-in-picture; web-share\" referrerpolicy=\"strict-origin-when-cross-origin\" allowfullscreen><\/iframe><\/p>\n<p>Clicar a l&#8217;enlla\u00e7 per m\u00e9s informaci\u00f3.<\/p>\n<table style=\"height: 51px; width: 166px; border-style: solid; border-color: #000000; background-color: #daf5ce;\">\n<tbody>\n<tr style=\"height: 47px;\">\n<td style=\"width: 160px; height: 47px; text-align: center;\"><a href=\"http:\/\/www.cerdanyola.cat\/educacio\/camins-escolars\">Projecte Ajuntament<\/a><\/td>\n<\/tr>\n<\/tbody>\n<\/table>\n<p>&nbsp;<\/p>\n<p>&nbsp;<\/p>\n<p>&nbsp;<\/p>\n","protected":false},"excerpt":{"rendered":"<p>La nostra escola participa en el projecte Els Camins Escolars. \u00c9s un projecte de ciutat impulsat per l&#8217;escola Municipal la S\u00ednia, Xarau i Serraparera amb la idea de crear un Cam\u00ed Escolar perqu\u00e8 l&#8217;alumnat pogu\u00e9s anar a l&#8217;escola sol i de manera segura. . Amb&hellip;  <a href=\"https:\/\/agora.xtec.cat\/ceipxarau\/projecte-educatiu\/camins-escolar\/\" title=\"Read Camins escolar\">Llegeix m\u00e9s\u00bb<\/a><\/p>\n","protected":false},"author":1,"featured_media":0,"parent":64,"menu_order":45,"comment_status":"closed","ping_status":"closed","template":"page-templates\/side-menu.php","meta":{"_bbp_topic_count":0,"_bbp_reply_count":0,"_bbp_total_topic_count":0,"_bbp_total_reply_count":0,"_bbp_voice_count":0,"_bbp_anonymous_reply_count":0,"_bbp_topic_count_hidden":0,"_bbp_reply_count_hidden":0,"_bbp_forum_subforum_count":0,"footnotes":""},"class_list":["post-2347","page","type-page","status-publish","hentry"],"post_mailing_queue_ids":[],"_links":{"self":[{"href":"https:\/\/agora.xtec.cat\/ceipxarau\/wp-json\/wp\/v2\/pages\/2347","targetHints":{"allow":["GET"]}}],"collection":[{"href":"https:\/\/agora.xtec.cat\/ceipxarau\/wp-json\/wp\/v2\/pages"}],"about":[{"href":"https:\/\/agora.xtec.cat\/ceipxarau\/wp-json\/wp\/v2\/types\/page"}],"author":[{"embeddable":true,"href":"https:\/\/agora.xtec.cat\/ceipxarau\/wp-json\/wp\/v2\/users\/1"}],"replies":[{"embeddable":true,"href":"https:\/\/agora.xtec.cat\/ceipxarau\/wp-json\/wp\/v2\/comments?post=2347"}],"version-history":[{"count":4,"href":"https:\/\/agora.xtec.cat\/ceipxarau\/wp-json\/wp\/v2\/pages\/2347\/revisions"}],"predecessor-version":[{"id":2374,"href":"https:\/\/agora.xtec.cat\/ceipxarau\/wp-json\/wp\/v2\/pages\/2347\/revisions\/2374"}],"up":[{"embeddable":true,"href":"https:\/\/agora.xtec.cat\/ceipxarau\/wp-json\/wp\/v2\/pages\/64"}],"wp:attachment":[{"href":"https:\/\/agora.xtec.cat\/ceipxarau\/wp-json\/wp\/v2\/media?parent=2347"}],"curies":[{"name":"wp","href":"https:\/\/api.w.org\/{rel}","templated":true}]}}