{"id":84,"date":"2014-09-18T14:11:31","date_gmt":"2014-09-18T13:11:31","guid":{"rendered":"http:\/\/agora.xtec.cat\/ceipvistaalegre\/?page_id=84"},"modified":"2023-01-27T11:43:00","modified_gmt":"2023-01-27T10:43:00","slug":"activitats-extraescolars","status":"publish","type":"page","link":"https:\/\/agora.xtec.cat\/ceipvistaalegre\/activitats-extraescolars\/","title":{"rendered":"Activitats extraescolars"},"content":{"rendered":"<p><a href=\"https:\/\/agora.xtec.cat\/ceipvistaalegre\/wp-content\/uploads\/usu1936\/2023\/01\/Logo-Enlleurat.jpg\"><img loading=\"lazy\" decoding=\"async\" class=\"aligncenter wp-image-8262 \" src=\"https:\/\/agora.xtec.cat\/ceipvistaalegre\/wp-content\/uploads\/usu1936\/2023\/01\/Logo-Enlleurat.jpg\" alt=\"\" width=\"197\" height=\"197\" srcset=\"https:\/\/agora.xtec.cat\/ceipvistaalegre\/wp-content\/uploads\/usu1936\/2023\/01\/Logo-Enlleurat.jpg 500w, https:\/\/agora.xtec.cat\/ceipvistaalegre\/wp-content\/uploads\/usu1936\/2023\/01\/Logo-Enlleurat-300x300.jpg 300w, https:\/\/agora.xtec.cat\/ceipvistaalegre\/wp-content\/uploads\/usu1936\/2023\/01\/Logo-Enlleurat-150x150.jpg 150w\" sizes=\"auto, (max-width: 197px) 100vw, 197px\" \/><\/a><\/p>\n<p>L&#8217;AMPA de l\u2019escola, juntament amb l&#8217;associaci\u00f3 <a href=\"https:\/\/enlleurat.org\/\">Enlleura&#8217;t<\/a>, ofereixen a l&#8217;alumnat del centre una gran varietat d&#8217;activitats extraescolars educatives alhora que l\u00fadiques i esportives.<\/p>\n<p>Les activitats extraescolars s\u00f3n un complement de la jornada escolar dels infants i, una manera de conciliaci\u00f3 per a les fam\u00edlies amb una agenda laboral ajustada. Es porten a terme fora de l\u2019horari escolar i contribueixen a despertar inquietuds, a fomentar la creativitat i a desenvolupar valors.<\/p>\n<p>D&#8217;aquesta manera ofereixen a les fam\u00edlies una activitat complement\u00e0ria al treball que realitza l\u2019escola fomentant el companyerisme, potenciant l\u2019h\u00e0bit de compartir i desenvolupant l\u2019esperit del joc com a eina per comunicar-se.<\/p>\n<p>Coordinadora Vista Alegre Enlleura&#8217;t: Al\u00edcia Terradas<\/p>\n<p>Tel\u00e8fon de contacte: 644049881<\/p>\n<p><a href=\"https:\/\/www.instagram.com\/enlleurat\/\">https:\/\/www.instagram.com\/enlleurat\/<\/a><\/p>\n<p><a href=\"https:\/\/agora.xtec.cat\/ceipvistaalegre\/wp-content\/uploads\/usu1936\/2023\/01\/cuina.jpg\"><img loading=\"lazy\" decoding=\"async\" class=\"wp-image-8268 size-thumbnail alignleft\" src=\"https:\/\/agora.xtec.cat\/ceipvistaalegre\/wp-content\/uploads\/usu1936\/2023\/01\/cuina-150x150.jpg\" alt=\"\" width=\"150\" height=\"150\" \/><\/a><\/p>\n<p><a href=\"https:\/\/agora.xtec.cat\/ceipvistaalegre\/wp-content\/uploads\/usu1936\/2023\/01\/esport.jpg\"><img loading=\"lazy\" decoding=\"async\" class=\"wp-image-8269 size-thumbnail alignleft\" src=\"https:\/\/agora.xtec.cat\/ceipvistaalegre\/wp-content\/uploads\/usu1936\/2023\/01\/esport-150x150.jpg\" alt=\"\" width=\"150\" height=\"150\" \/><\/a><\/p>\n<p><a href=\"https:\/\/agora.xtec.cat\/ceipvistaalegre\/wp-content\/uploads\/usu1936\/2023\/01\/pintura.jpg\"><img loading=\"lazy\" decoding=\"async\" class=\"wp-image-8270 size-thumbnail alignleft\" src=\"https:\/\/agora.xtec.cat\/ceipvistaalegre\/wp-content\/uploads\/usu1936\/2023\/01\/pintura-150x150.jpg\" alt=\"\" width=\"150\" height=\"150\" \/><\/a><\/p>\n<p><a href=\"https:\/\/agora.xtec.cat\/ceipvistaalegre\/wp-content\/uploads\/usu1936\/2023\/01\/jocs-escolars.jpg\"><img loading=\"lazy\" decoding=\"async\" class=\"alignleft wp-image-8271 size-thumbnail\" src=\"https:\/\/agora.xtec.cat\/ceipvistaalegre\/wp-content\/uploads\/usu1936\/2023\/01\/jocs-escolars-150x150.jpg\" alt=\"\" width=\"150\" height=\"150\" \/><\/a><\/p>\n","protected":false},"excerpt":{"rendered":"<p><a href=\"https:\/\/agora.xtec.cat\/ceipvistaalegre\/wp-content\/uploads\/usu1936\/2023\/01\/Logo-Enlleurat.jpg\"><\/a><br \/>\nL&#8217;AMPA de l\u2019escola, juntament amb l&#8217;associaci\u00f3 <a href=\"https:\/\/enlleurat.org\/\">Enlleura&#8217;t<\/a>, ofereixen a l&#8217;alumnat del centre una gran varietat d&#8217;activitats extraescolars educatives alhora que l\u00fadiques i esportives.<br \/>\nLes activitats extraescolars s\u00f3n un complement de la jornada escolar dels infants i, una manera de conciliaci\u00f3 per a les fam\u00edlies&hellip;  <a href=\"https:\/\/agora.xtec.cat\/ceipvistaalegre\/activitats-extraescolars\/\" title=\"Read Activitats extraescolars\">Llegeix m\u00e9s\u00bb<\/a><\/p>\n","protected":false},"author":1,"featured_media":0,"parent":0,"menu_order":60,"comment_status":"closed","ping_status":"closed","template":"page-templates\/side-menu.php","meta":{"_bbp_topic_count":0,"_bbp_reply_count":0,"_bbp_total_topic_count":0,"_bbp_total_reply_count":0,"_bbp_voice_count":0,"_bbp_anonymous_reply_count":0,"_bbp_topic_count_hidden":0,"_bbp_reply_count_hidden":0,"_bbp_forum_subforum_count":0,"footnotes":""},"class_list":["post-84","page","type-page","status-publish","hentry"],"post_mailing_queue_ids":[],"_links":{"self":[{"href":"https:\/\/agora.xtec.cat\/ceipvistaalegre\/wp-json\/wp\/v2\/pages\/84","targetHints":{"allow":["GET"]}}],"collection":[{"href":"https:\/\/agora.xtec.cat\/ceipvistaalegre\/wp-json\/wp\/v2\/pages"}],"about":[{"href":"https:\/\/agora.xtec.cat\/ceipvistaalegre\/wp-json\/wp\/v2\/types\/page"}],"author":[{"embeddable":true,"href":"https:\/\/agora.xtec.cat\/ceipvistaalegre\/wp-json\/wp\/v2\/users\/1"}],"replies":[{"embeddable":true,"href":"https:\/\/agora.xtec.cat\/ceipvistaalegre\/wp-json\/wp\/v2\/comments?post=84"}],"version-history":[{"count":3,"href":"https:\/\/agora.xtec.cat\/ceipvistaalegre\/wp-json\/wp\/v2\/pages\/84\/revisions"}],"predecessor-version":[{"id":8273,"href":"https:\/\/agora.xtec.cat\/ceipvistaalegre\/wp-json\/wp\/v2\/pages\/84\/revisions\/8273"}],"wp:attachment":[{"href":"https:\/\/agora.xtec.cat\/ceipvistaalegre\/wp-json\/wp\/v2\/media?parent=84"}],"curies":[{"name":"wp","href":"https:\/\/api.w.org\/{rel}","templated":true}]}}