{"id":7849,"date":"2022-11-03T13:03:43","date_gmt":"2022-11-03T12:03:43","guid":{"rendered":"https:\/\/agora.xtec.cat\/ceipvistaalegre\/?page_id=7849"},"modified":"2026-01-15T13:22:34","modified_gmt":"2026-01-15T12:22:34","slug":"robotica","status":"publish","type":"page","link":"https:\/\/agora.xtec.cat\/ceipvistaalegre\/projecte-educatiu\/robotica\/","title":{"rendered":"Robotica"},"content":{"rendered":"<p>Fa un temps la <a href=\"https:\/\/www.santfelipneri.cat\/robotica-2\/\"><strong>rob\u00f2tica<\/strong><\/a> va entrar a la nostra escola, primer comen\u00e7ant pels cursos d&#8217;infantil i, poc a poc, arribant a tota la prim\u00e0ria.<\/p>\n<p>La rob\u00f2tica \u00e9s un ensenyament multidisciplinar\u00a0en el que entren en joc \u00e0rees com la matem\u00e0tica, la tecnologia i les ci\u00e8ncies, a la vegada, contribueix al desenvolupament del\u00a0pensament l\u00f2gic\u00a0i potencia l\u2019autonomia personal\u00a0i l\u2019autoorganitzaci\u00f3, la capacitat d\u2019an\u00e0lisi, la\u00a0imaginaci\u00f3, el\u00a0llenguatge, les\u00a0habilitats socials, el\u00a0treball en equip, la\u00a0creativitat\u00a0i la\u00a0resoluci\u00f3 de problemes.<\/p>\n<p>A m\u00e9s, l\u2019alumnat desenvolupa la\u00a0toler\u00e0ncia a la frustraci\u00f3, ja que, davant de les errades, es fomenta que no es rendeixi, que busqui noves solucions, aprenent a trobar nous camins. L\u2019assaig \u2013 error \u00e9s imprescindible per avan\u00e7ar.<\/p>\n<p style=\"text-align: center;\"><strong>Educaci\u00f3 Infantil: BEE-BOTS i BLUE-BOTS<\/strong><\/p>\n<p style=\"text-align: center;\"><strong>1r cicle: TALE BOTS<\/strong><\/p>\n<p style=\"text-align: center;\"><strong>2n cicle: TALE BOTS I CODEY ROCKY<\/strong><\/p>\n<p style=\"text-align: center;\"><strong>3r cicle: LEGO SPIKE<\/strong><\/p>\n<p><a href=\"https:\/\/agora.xtec.cat\/ceipvistaalegre\/projecte-educatiu\/robotica\/attachment\/img_6798\/\" rel=\"attachment wp-att-12047\"><img loading=\"lazy\" decoding=\"async\" class=\"aligncenter wp-image-12047 size-medium\" src=\"https:\/\/agora.xtec.cat\/ceipvistaalegre\/wp-content\/uploads\/usu1936\/2026\/01\/IMG_6798-300x225.jpg\" alt=\"\" width=\"300\" height=\"225\" srcset=\"https:\/\/agora.xtec.cat\/ceipvistaalegre\/wp-content\/uploads\/usu1936\/2026\/01\/IMG_6798-300x225.jpg 300w, https:\/\/agora.xtec.cat\/ceipvistaalegre\/wp-content\/uploads\/usu1936\/2026\/01\/IMG_6798-1024x768.jpg 1024w, https:\/\/agora.xtec.cat\/ceipvistaalegre\/wp-content\/uploads\/usu1936\/2026\/01\/IMG_6798-768x576.jpg 768w, https:\/\/agora.xtec.cat\/ceipvistaalegre\/wp-content\/uploads\/usu1936\/2026\/01\/IMG_6798-1536x1152.jpg 1536w, https:\/\/agora.xtec.cat\/ceipvistaalegre\/wp-content\/uploads\/usu1936\/2026\/01\/IMG_6798-2048x1536.jpg 2048w, https:\/\/agora.xtec.cat\/ceipvistaalegre\/wp-content\/uploads\/usu1936\/2026\/01\/IMG_6798-200x150.jpg 200w\" sizes=\"auto, (max-width: 300px) 100vw, 300px\" \/><\/a><a href=\"https:\/\/agora.xtec.cat\/ceipvistaalegre\/projecte-educatiu\/robotica\/attachment\/img_9614-1\/\" rel=\"attachment wp-att-12049\"><img loading=\"lazy\" decoding=\"async\" class=\"aligncenter wp-image-12049 size-medium\" src=\"https:\/\/agora.xtec.cat\/ceipvistaalegre\/wp-content\/uploads\/usu1936\/2026\/01\/IMG_9614-1-225x300.jpg\" alt=\"\" width=\"225\" height=\"300\" srcset=\"https:\/\/agora.xtec.cat\/ceipvistaalegre\/wp-content\/uploads\/usu1936\/2026\/01\/IMG_9614-1-225x300.jpg 225w, https:\/\/agora.xtec.cat\/ceipvistaalegre\/wp-content\/uploads\/usu1936\/2026\/01\/IMG_9614-1-768x1024.jpg 768w, https:\/\/agora.xtec.cat\/ceipvistaalegre\/wp-content\/uploads\/usu1936\/2026\/01\/IMG_9614-1-1152x1536.jpg 1152w, https:\/\/agora.xtec.cat\/ceipvistaalegre\/wp-content\/uploads\/usu1936\/2026\/01\/IMG_9614-1-1536x2048.jpg 1536w, https:\/\/agora.xtec.cat\/ceipvistaalegre\/wp-content\/uploads\/usu1936\/2026\/01\/IMG_9614-1-scaled.jpg 1920w\" sizes=\"auto, (max-width: 225px) 100vw, 225px\" \/><\/a><\/p>\n<p>&nbsp;<\/p>\n","protected":false},"excerpt":{"rendered":"<p>Fa un temps la <a href=\"https:\/\/www.santfelipneri.cat\/robotica-2\/\">rob\u00f2tica<\/a> va entrar a la nostra escola, primer comen\u00e7ant pels cursos d&#8217;infantil i, poc a poc, arribant a tota la prim\u00e0ria.<br \/>\nLa rob\u00f2tica \u00e9s un ensenyament multidisciplinar\u00a0en el que entren en joc \u00e0rees com la matem\u00e0tica, la tecnologia i les ci\u00e8ncies,&hellip;  <a href=\"https:\/\/agora.xtec.cat\/ceipvistaalegre\/projecte-educatiu\/robotica\/\" title=\"Read Robotica\">Llegeix m\u00e9s\u00bb<\/a><\/p>\n","protected":false},"author":1,"featured_media":0,"parent":64,"menu_order":0,"comment_status":"closed","ping_status":"closed","template":"page-templates\/side-menu.php","meta":{"_bbp_topic_count":0,"_bbp_reply_count":0,"_bbp_total_topic_count":0,"_bbp_total_reply_count":0,"_bbp_voice_count":0,"_bbp_anonymous_reply_count":0,"_bbp_topic_count_hidden":0,"_bbp_reply_count_hidden":0,"_bbp_forum_subforum_count":0,"footnotes":""},"class_list":["post-7849","page","type-page","status-publish","hentry"],"post_mailing_queue_ids":[],"_links":{"self":[{"href":"https:\/\/agora.xtec.cat\/ceipvistaalegre\/wp-json\/wp\/v2\/pages\/7849","targetHints":{"allow":["GET"]}}],"collection":[{"href":"https:\/\/agora.xtec.cat\/ceipvistaalegre\/wp-json\/wp\/v2\/pages"}],"about":[{"href":"https:\/\/agora.xtec.cat\/ceipvistaalegre\/wp-json\/wp\/v2\/types\/page"}],"author":[{"embeddable":true,"href":"https:\/\/agora.xtec.cat\/ceipvistaalegre\/wp-json\/wp\/v2\/users\/1"}],"replies":[{"embeddable":true,"href":"https:\/\/agora.xtec.cat\/ceipvistaalegre\/wp-json\/wp\/v2\/comments?post=7849"}],"version-history":[{"count":6,"href":"https:\/\/agora.xtec.cat\/ceipvistaalegre\/wp-json\/wp\/v2\/pages\/7849\/revisions"}],"predecessor-version":[{"id":12052,"href":"https:\/\/agora.xtec.cat\/ceipvistaalegre\/wp-json\/wp\/v2\/pages\/7849\/revisions\/12052"}],"up":[{"embeddable":true,"href":"https:\/\/agora.xtec.cat\/ceipvistaalegre\/wp-json\/wp\/v2\/pages\/64"}],"wp:attachment":[{"href":"https:\/\/agora.xtec.cat\/ceipvistaalegre\/wp-json\/wp\/v2\/media?parent=7849"}],"curies":[{"name":"wp","href":"https:\/\/api.w.org\/{rel}","templated":true}]}}

<p>Fa un temps la <a href="https://www.santfelipneri.cat/robotica-2/"><strong>robòtica</strong></a> va entrar a la nostra escola, primer començant pels cursos d&#8217;infantil i, poc a poc, arribant a tota la primària.</p>
<p>La robòtica és un ensenyament multidisciplinar en el que entren en joc àrees com la matemàtica, la tecnologia i les ciències, a la vegada, contribueix al desenvolupament del pensament lògic i potencia l’autonomia personal i l’autoorganització, la capacitat d’anàlisi, la imaginació, el llenguatge, les habilitats socials, el treball en equip, la creativitat i la resolució de problemes.</p>
<p>A més, l’alumnat desenvolupa la tolerància a la frustració, ja que, davant de les errades, es fomenta que no es rendeixi, que busqui noves solucions, aprenent a trobar nous camins. L’assaig – error és imprescindible per avançar.</p>
<p style="text-align: center;"><strong>Educació Infantil: BEE-BOTS i BLUE-BOTS</strong></p>
<p style="text-align: center;"><strong>1r cicle: TALE BOTS</strong></p>
<p style="text-align: center;"><strong>2n cicle: TALE BOTS I CODEY ROCKY</strong></p>
<p style="text-align: center;"><strong>3r cicle: LEGO SPIKE</strong></p>
<p><a href="https://agora.xtec.cat/ceipvistaalegre/projecte-educatiu/robotica/attachment/img_6798/" rel="attachment wp-att-12047"><img loading="lazy" decoding="async" class="aligncenter wp-image-12047 size-medium" src="https://agora.xtec.cat/ceipvistaalegre/wp-content/uploads/usu1936/2026/01/IMG_6798-300x225.jpg" alt="" width="300" height="225" srcset="https://agora.xtec.cat/ceipvistaalegre/wp-content/uploads/usu1936/2026/01/IMG_6798-300x225.jpg 300w, https://agora.xtec.cat/ceipvistaalegre/wp-content/uploads/usu1936/2026/01/IMG_6798-1024x768.jpg 1024w, https://agora.xtec.cat/ceipvistaalegre/wp-content/uploads/usu1936/2026/01/IMG_6798-768x576.jpg 768w, https://agora.xtec.cat/ceipvistaalegre/wp-content/uploads/usu1936/2026/01/IMG_6798-1536x1152.jpg 1536w, https://agora.xtec.cat/ceipvistaalegre/wp-content/uploads/usu1936/2026/01/IMG_6798-2048x1536.jpg 2048w, https://agora.xtec.cat/ceipvistaalegre/wp-content/uploads/usu1936/2026/01/IMG_6798-200x150.jpg 200w" sizes="auto, (max-width: 300px) 100vw, 300px" /></a><a href="https://agora.xtec.cat/ceipvistaalegre/projecte-educatiu/robotica/attachment/img_9614-1/" rel="attachment wp-att-12049"><img loading="lazy" decoding="async" class="aligncenter wp-image-12049 size-medium" src="https://agora.xtec.cat/ceipvistaalegre/wp-content/uploads/usu1936/2026/01/IMG_9614-1-225x300.jpg" alt="" width="225" height="300" srcset="https://agora.xtec.cat/ceipvistaalegre/wp-content/uploads/usu1936/2026/01/IMG_9614-1-225x300.jpg 225w, https://agora.xtec.cat/ceipvistaalegre/wp-content/uploads/usu1936/2026/01/IMG_9614-1-768x1024.jpg 768w, https://agora.xtec.cat/ceipvistaalegre/wp-content/uploads/usu1936/2026/01/IMG_9614-1-1152x1536.jpg 1152w, https://agora.xtec.cat/ceipvistaalegre/wp-content/uploads/usu1936/2026/01/IMG_9614-1-1536x2048.jpg 1536w, https://agora.xtec.cat/ceipvistaalegre/wp-content/uploads/usu1936/2026/01/IMG_9614-1-scaled.jpg 1920w" sizes="auto, (max-width: 225px) 100vw, 225px" /></a></p>
<p>&nbsp;</p>

<p>Fa un temps la <a href="https://www.santfelipneri.cat/robotica-2/">robòtica</a> va entrar a la nostra escola, primer començant pels cursos d&#8217;infantil i, poc a poc, arribant a tota la primària.<br />
La robòtica és un ensenyament multidisciplinar en el que entren en joc àrees com la matemàtica, la tecnologia i les ciències,&hellip;  <a href="https://agora.xtec.cat/ceipvistaalegre/projecte-educatiu/robotica/" title="Read Robotica">Llegeix més»</a></p>
